NOAA-Style Climate Reports


Report for 2015 August
                  MONTHLY CLIMATOLOGICAL SUMMARY FOR 8/2015
                                        HEAT  COOL        
     MEAN                               DEG   DEG       WIND SPEED       DOM MEAN  MEAN
DAY  TEMP  HIGH   TIME     LOW   TIME   DAYS  DAYS RAIN AVG  HI  TIME    DIR BAROM HUM
---------------------------------------------------------------------------------------
1    82.2  95.7   3:47pm  67.8   7:18am    0   17  0.00   0   8   3:40am ESE 29.71   23
2    78.8  94.2   1:52pm  69.6   6:11am    0   14  0.02   3  33   7:16pm ESE 29.60   31
3    63.5  74.2  12:16am  59.0  12:18pm    3    1  0.77   2  41   2:14am  SE 29.75   79
4    75.1  92.1   5:31pm  59.3   6:42am    1   11  0.00   1  18  10:02pm ESE 29.81   47
5    78.1  85.0   4:36pm  64.6  10:57pm    0   13  0.00   5  30   7:48am  SE 29.62   29
6    73.9  87.9   5:02pm  60.4   7:22am    1   10  0.00   0  10   1:38pm ESE 29.75   38
7    70.7  79.5   5:44pm  57.6   9:07pm    1    7  0.69   4  27   3:48am ESE 29.62   50
8    66.3  77.9   4:51pm  56.1   3:25am    2    4  0.02   1  13  12:13am ESE 29.77   63
9    73.3  88.2   4:58pm  59.4   5:52am    1   10  0.00   0  11   9:38pm ESE 29.87   42
10   79.7  93.5   4:55pm  67.4   6:29am    0   15  0.00   1  26   7:39pm ESE 29.72   30
11   77.6  95.2   3:53pm  64.9   7:04pm    0   13  0.33   1  22   5:40pm ESE 29.71   44
12   76.8  87.2   5:33pm  67.9   6:57am    0   12  0.00   2  18   9:50am ESE 29.86   50
13   81.3  93.7   4:19pm  68.9   7:14am    0   16  0.00   1  10  10:51pm  SE 29.84   44
14   85.6  94.5   4:34pm  75.1   7:33am    0   21  0.00   3  18  12:52pm ESE 29.70   32
15   81.9  91.6   5:12pm  71.8   6:58am    0   17  0.00   1  19   2:12am  SE 29.69   40
16   78.1  89.7   3:59pm  67.8   7:20am    0   13  0.00   0   7   3:53pm   W 29.72   34
17   77.2  90.2   3:26pm  65.9   7:19am    0   12  0.00   0   9   3:44pm WNW 29.66   24
18   72.3  82.2   4:28pm  63.0   5:29am    0    8  0.00   0  14  11:54pm WSW 29.70   24
19   74.0  84.8   5:29pm  61.8   7:39am    0    9  0.00   1  15   1:18am ESE 29.70   28
20   76.8  89.6   4:05pm  63.5   7:15am    0   12  0.00   0  11  11:20pm ESE 29.62   26
21   78.6  89.6   5:34pm  69.4   6:26am    0   14  0.00   1  13  10:33am ESE 29.51   21
22   74.0  84.6   5:09pm  63.9   5:54am    0    9  0.00   0   9  12:22pm  NW 29.70   27
23   75.9  91.9   4:30pm  61.9   6:51am    0   11  0.00   0   9   4:06am  NW 29.81   26
24   83.5  96.8   2:23pm  70.1   7:13am    0   18  0.00   1  18  11:01am ESE 29.74   27
25   83.9  98.1   2:47pm  71.4   7:34am    0   19  0.00   1  17  11:59pm ESE 29.68   25
26   73.2  85.7  12:08am  66.6   3:28pm    0    8  0.06   2  20   4:12am ESE 29.78   54
27   75.0  86.9   4:06pm  64.5   7:33am    0   10  0.00   0  10  11:32pm ESE 29.89   52
28   80.4  93.9   4:30pm  65.0   7:39am    0   15  0.00   1  15  10:20pm ESE 29.79   30
29   84.8  91.5   5:52pm  77.6   3:57am    0   20  0.00   5  22  10:34am  SE 29.61   21
30   79.8  87.9   4:31pm  70.1  11:46pm    0   15  0.00   2  24   1:24am  SE 29.54   34
31   75.2  87.5   4:14pm  61.3   6:58am    0   10  0.01   1  14   4:45am ESE 29.69   36
---------------------------------------------------------------------------------------
TOT  77.0  98.1  8/25/15  56.1   8/8/15   11  383  1.90   1  41   8/3/15 ESE 29.71   36

HEAT BASE: 65.0
COOL BASE: 65.0