NOAA-Style Climate Reports


Report for 2015 September
                  MONTHLY CLIMATOLOGICAL SUMMARY FOR 9/2015
                                        HEAT  COOL        
     MEAN                               DEG   DEG       WIND SPEED       DOM MEAN  MEAN
DAY  TEMP  HIGH   TIME     LOW   TIME   DAYS  DAYS RAIN AVG  HI  TIME    DIR BAROM HUM
---------------------------------------------------------------------------------------
1    80.4  87.7   3:04pm  72.5   1:25am    0   15  0.00   5  25   8:21am ESE 29.60   26
2    80.0  86.8   4:31pm  74.3   7:33am    0   15  0.00   6  29  12:12am  SE 29.57   27
3    78.2  84.3   4:42pm  73.4   7:52am    0   13  0.00   6  32  11:55am  SE 29.50   24
4    76.7  84.0   3:34pm  70.8   6:51am    0   12  0.00   5  34   6:00pm SSE 29.46   24
5    68.6  74.3  12:00am  55.9  10:29pm    1    5  0.00   3  30  10:40am SSE 29.61   33
6    59.2  71.7   2:38pm  46.9   6:18am    7    1  0.00   0   9   4:20am  SE 29.94   40
7    65.2  78.8   4:42pm  53.1   6:58am    4    4  0.00   0   8   4:09pm WNW 29.93   30
8    67.7  81.8   3:07pm  55.3   6:25am    3    5  0.00   0   8   4:08pm  SW 29.93   24
9    71.7  87.8   3:09pm  58.9   5:36am    1    8  0.00   0   6   4:36pm   S 29.87   20
10   75.0  89.0   2:46pm  61.0   7:41am    0   10  0.00   0   8   3:37pm WSW 29.83   21
11   76.4  90.2   3:12pm  62.3   7:01am    0   11  0.00   1   7   3:33pm  NW 29.85   21
12   76.2  92.2   4:40pm  63.8   7:36am    0   11  0.00   0   7   3:35pm WNW 29.78   20
13   77.3  91.2   4:19pm  66.7   6:46am    0   12  0.00   1  21  11:55pm  SW 29.60   21
14   70.5  77.7  12:07am  62.5   2:56pm    0    6  0.21   5  30   5:48pm  SE 29.48   44
15   62.9  69.1   1:57am  55.0   1:57pm    3    1  0.86   5  36   3:27am  SE 29.56   62
16   54.2  63.7   7:14am  43.8   1:29pm   11    0  1.33   3  33   2:24am  SE 29.75   76
17   55.0  66.1   3:18pm  47.7   3:13am   10    0  0.02   0  15   8:08am ESE 29.92   73
18   53.3  65.2   5:49pm  42.9   7:34am   12    0  0.00   0   5   1:48pm ESE 30.03   59
19   59.2  73.7   4:59pm  47.1   8:07am    8    2  0.00   0   5  12:17pm WNW 30.00   46
20   65.9  80.7   4:57pm  52.2   8:03am    4    5  0.00   0   6   3:22pm  NW 29.93   33
21   71.2  85.6   4:59pm  57.2   8:18am    1    7  0.00   0   6  12:14am  NE 29.74   31
22   73.0  86.9   3:36pm  60.5   6:46am    1    8  0.00   0   7   5:00am  SW 29.65   29
23   73.5  86.7   4:28pm  61.0   6:07am    0    9  0.00   0   8   6:52am   W 29.74   30
24   74.7  89.1   4:06pm  60.8   8:19am    0   10  0.00   1  15  11:58pm   W 29.86   31
25   78.8  92.4   4:05pm  64.6   8:16am    0   14  0.00   1  19  12:19am ESE 29.80   23
26   80.4  88.0   2:27pm  71.4   2:33am    0   15  0.00   5  27   4:17am ESE 29.66   23
27   78.9  86.7   2:39pm  75.0   8:19am    0   14  0.00   4  26   1:39am  SE 29.58   26
28   72.6  82.4   1:43pm  64.1   6:52am    0    8  0.00   0  14  12:13am ESE 29.66   41
29   72.6  82.8   2:59pm  63.4   6:56am    0    8  0.00   1  12   9:20pm ESE 29.74   39
30   74.9  84.5   3:35pm  68.1   8:57am    0   10  0.00   2  19  10:14am ESE 29.72   30
---------------------------------------------------------------------------------------
TOT  70.8  92.4  9/25/15  42.9  9/18/15   65  239  2.42   2  32  9/15/15  SE 29.74   34

HEAT BASE: 65.0
COOL BASE: 65.0