NOAA-Style Climate Reports


Report for 2015 October
                  MONTHLY CLIMATOLOGICAL SUMMARY FOR 10/2015
                                        HEAT  COOL        
     MEAN                               DEG   DEG       WIND SPEED       DOM MEAN  MEAN
DAY  TEMP  HIGH   TIME     LOW   TIME   DAYS  DAYS RAIN AVG  HI  TIME    DIR BAROM HUM
---------------------------------------------------------------------------------------
1    76.7  84.1   5:37pm  68.4   4:23am    0   12  0.00   4  23  11:00am ESE 29.61   29
2    57.8  69.9  12:00am  53.5   8:08pm    7    0  0.24   1  34   6:00am ESE 29.62   71
3    54.9  61.8   1:54pm  49.7   7:09am   10    0  0.42   0  12   7:34pm ESE 29.65   79
4    60.2  74.3   4:09pm  50.0   6:42am    6    1  0.00   1  13   9:13pm ESE 29.68   61
5    62.8  73.7   3:26pm  56.5   7:15am    4    1  0.00   1  16   9:29am ESE 29.75   55
6    60.3  68.9   3:06pm  55.7   8:03am    5    0  0.04   0   8  12:00am ESE 29.92   70
7    60.6  71.5   4:09pm  51.9   6:21am    6    1  0.00   0   8   3:08pm WNW 30.03   63
8    63.2  74.2   4:17pm  56.1   8:03am    4    2  0.00   0  11   3:43pm   W 30.07   59
9    63.4  71.8   5:21pm  56.4   7:08am    3    2  0.00   0   6  12:00am   W 30.06   52
10   68.9  81.0   4:38pm  55.3   8:40am    3    6  0.00   2  29  11:53pm  SE 29.93   39
11   68.6  74.1  12:00am  57.1  11:57pm    1    4  0.00   3  31  12:34am  SE 29.84   34
12   64.1  78.2   3:27pm  52.4   6:23am    4    3  0.00   0   5   2:15pm SSW 30.01   33
13   67.3  80.8   4:12pm  55.0   7:58am    3    5  0.00   0   5   8:15pm   S 30.00   28
14   68.8  81.9   4:32pm  58.5   7:29am    1    5  0.00   0   4  12:00am SSE 29.94   29
15   67.4  80.6   4:13pm  57.1   8:23am    2    4  0.00   0   8   9:09pm SSW 29.91   32
16   67.2  80.2   4:39pm  57.0   8:29am    2    4  0.00   0   5   2:23am  SE 29.87   31
17   63.7  74.2  12:52pm  55.6  10:08pm    3    1  0.23   1  24   9:39pm ESE 29.81   51
18   61.6  74.1   3:04pm  54.2  10:57pm    5    1  0.21   2  30  11:58pm  SE 29.80   65
19   57.1  64.1  12:56pm  49.2  10:48pm    8    0  0.01   3  25   1:34pm  SE 29.74   61
20   52.9  60.6   1:28pm  44.2   6:09am   12    0  0.06   0  13   1:33am ESE 29.91   70
21   55.1  64.7   2:35pm  49.0   3:04am   10    0  0.00   1  17   7:38am ESE 29.96   58
22   53.0  62.7   3:38pm  45.8   6:25am   12    0  0.25   0   9   3:08pm   W 29.89   69
23   51.5  61.7   4:07pm  44.5   6:02am   14    0  0.00   0   7   4:34pm   W 30.03   68
24   55.7  67.2   3:57pm  47.6   5:33am    9    0  0.00   0  10   1:37pm  SE 30.06   42
25   57.5  64.2   3:28pm  50.2   6:07am    8    0  0.00   2  18   2:08pm ESE 29.94   38
26   59.7  65.8   3:54pm  50.4   8:34am    5    0  0.00   2  19   8:31pm  SE 29.82   40
27   49.8  59.4  12:00am  42.4   7:43am   15    0  0.00   0  11   1:47pm  NW 29.94   47
28   48.1  56.3  12:52pm  42.3   7:24am   17    0  0.00   0   4   1:57am  SE 29.98   39
29   46.0  49.9  12:08pm  41.8   8:39pm   19    0  0.16   0   7  12:40pm  SE 29.85   72
30   43.5  51.8   1:12pm  35.7   4:11am   21    0  0.00   0  10   6:30pm   W 30.04   75
31   56.2  64.3   4:53pm  48.2  12:20am    9    0  0.00   3  23  11:35pm  SE 30.03   47
---------------------------------------------------------------------------------------
TOT  59.5  84.1  10/1/15  35.7 10/30/15  227   55  1.62   1  31 10/11/15  SE 29.89   52

HEAT BASE: 65.0
COOL BASE: 65.0