NOAA-Style Climate Reports


Report for 2015 November
                  MONTHLY CLIMATOLOGICAL SUMMARY FOR 11/2015
                                        HEAT  COOL        
     MEAN                               DEG   DEG       WIND SPEED       DOM MEAN  MEAN
DAY  TEMP  HIGH   TIME     LOW   TIME   DAYS  DAYS RAIN AVG  HI  TIME    DIR BAROM HUM
---------------------------------------------------------------------------------------
1    61.8  70.4  12:06pm  52.8  11:10pm    4    1  0.00   4  27   3:47am  SE 29.82   34
2    60.0  67.9   4:15pm  49.0   6:42am    5    0  0.00   3  32   5:05pm   S 29.51   38
3    49.0  62.2  12:00am  34.9  10:39pm   16    0  0.04   4  36  11:41am   S 29.47   50
4    36.8  39.6   4:18pm  30.9  11:33pm   28    0  0.01   0   7   4:55am  SW 29.86   79
5    35.3  40.6   2:50pm  28.8   3:29am   30    0  0.02   1   9   9:29am ESE 30.20   70
6    36.7  42.8   4:23pm  32.0  11:23pm   28    0  0.03   0  10   8:44am ESE 30.37   68
7    38.0  50.0   4:17pm  29.9   6:07am   27    0  0.00   0   4  12:45pm ESE 30.36   57
8    42.9  53.4   3:56pm  34.4   3:59am   22    0  0.00   1  17   1:47pm  SW 30.07   45
9    48.1  58.5   2:53pm  34.0   9:29pm   17    0  0.05   4  34   3:02pm  SE 29.77   47
10   33.6  36.2  12:00am  30.4   7:23pm   31    0  0.13   0  10   1:43am ESE 29.92   89
11   35.9  42.4   4:03pm  30.7   8:47am   29    0  0.14   1  15   7:58pm ESE 30.33   67
12   38.3  49.2   2:05pm  31.1   4:28am   27    0  0.00   0   8   6:04am ESE 30.36   51
13   39.7  51.4   3:28pm  31.7   7:22am   25    0  0.00   0   4  12:34pm   W 30.29   52
14   42.5  56.5   3:13pm  33.7   7:36am   22    0  0.00   0   5   1:46pm   W 30.08   49
15   48.2  55.9   3:02pm  38.8   6:50am   17    0  0.00   4  30   1:55pm SSE 29.69   34
16   35.2  44.3  12:00am  28.0  11:57pm   30    0  0.01   1  21   1:01am   W 29.69   72
17   30.6  35.1   7:16pm  21.5   7:26am   34    0  0.00   0   9   5:31pm SSW 30.27   60
18   38.5  43.6   9:16am  32.4   1:38am   27    0  0.00   1  16   8:40am SSW 30.13   58
19   42.1  49.7   4:51pm  33.3  12:05am   23    0  0.04   0  14  11:23pm ESE 30.13   60
20   39.5  49.7   1:02am  27.9  10:40pm   25    0  0.03   1  12  12:57am WNW 30.23   58
21   32.3  43.5   2:15pm  23.9   8:00am   33    0  0.00   0   4  12:03pm WSW 30.50   41
22   33.8  45.2   2:26pm  26.7   6:46am   31    0  0.00   0   6   2:13pm   W 30.36   44
23   37.2  49.0   2:12pm  30.1  12:12am   28    0  0.00   0   6   1:20pm  SW 30.08   43
24   45.8  53.1   7:44pm  34.7   2:04am   19    0  0.00   3  27   8:41pm SSE 29.76   35
25   43.5  51.5  12:17am  30.1  11:39pm   21    0  0.11   3  31   4:46pm  SE 29.53   52
26   27.1  33.2   1:45pm  21.4  11:59pm   38    0  0.00   2  30   9:47pm ESE 30.08   65
27   24.8  33.6   1:44pm  19.7  10:20pm   40    0  0.00   1  30   1:12am ESE 30.26   52
28   23.1  26.6   1:47pm  17.8   8:24pm   42    0  0.00   0   2   2:08am  SE 30.28   82
29   22.3  28.6   1:51pm  17.5   1:55am   43    0  0.01   0   4   1:51pm SSW 30.33   84
30   25.7  33.9   2:07pm  18.2   7:57am   39    0  0.02   0   8   4:17am WSW 30.34   66
---------------------------------------------------------------------------------------
TOT  38.3  70.4  11/1/15  17.5 11/29/15  803    1  0.64   1  36  11/3/15 ESE 30.07   57

HEAT BASE: 65.0
COOL BASE: 65.0