NOAA-Style Climate Reports


Report for 2015 December
                  MONTHLY CLIMATOLOGICAL SUMMARY FOR 12/2015
                                        HEAT  COOL        
     MEAN                               DEG   DEG       WIND SPEED       DOM MEAN  MEAN
DAY  TEMP  HIGH   TIME     LOW   TIME   DAYS  DAYS RAIN AVG  HI  TIME    DIR BAROM HUM
---------------------------------------------------------------------------------------
1    27.2  36.4   3:28pm  21.0   6:51am   38    0  0.00   0   5   1:25pm WSW 30.43   56
2    29.0  37.7   1:53pm  22.5   3:57am   36    0  0.00   0   4  10:10am   S 30.47   55
3    34.1  49.2   6:09pm  26.3   7:20am   31    0  0.00   0  16   6:00pm   S 30.30   55
4    39.0  50.7   3:40am  32.4   7:54am   26    0  0.00   0  18   3:30am ESE 30.10   54
5    37.0  45.6   2:56pm  29.0   7:11am   28    0  0.00   0   6   1:29pm ESE 30.46   57
6    40.1  49.5   1:27pm  32.9   3:43am   25    0  0.00   0   9  11:24am ENE 30.38   37
7    44.0  51.0  12:47pm  37.4   1:46am   21    0  0.12   1  18   7:16pm ESE 30.21   43
8    49.0  55.6  12:25pm  43.8   7:57am   16    0  0.00   1  19  11:03pm ESE 30.13   59
9    52.9  61.1   1:36pm  43.2  11:36pm   12    0  0.00   4  30   9:52am SSE 29.88   45
10   45.9  57.4   2:53pm  34.1   7:45pm   19    0  0.13   6  39   8:32am  SE 29.63   55
11   34.9  42.2   1:52pm  30.4  11:21pm   30    0  0.20   0  12   1:32am ESE 29.68   79
12   32.6  39.1   3:20pm  29.5  12:34am   32    0  0.02   0   8  11:58pm  SW 29.98   77
13   37.2  49.5   7:20pm  30.3   4:59am   28    0  0.00   3  39   7:45pm  SE 29.81   56
14   28.6  33.3   1:25am  25.1   5:43pm   35    0  0.00   0  10  12:39pm WNW 29.62   92
15   25.6  29.3   1:41pm  22.9  10:17pm   39    0  0.04   0   4   6:30am  NW 30.01   92
16   25.3  29.8  12:38pm  22.4   5:21pm   40    0  0.01   1  17  11:56pm   S 30.21   82
17   25.6  31.3   1:29pm  17.7   6:09am   39    0  0.14   0  16  12:00am  SE 30.34   69
18   35.9  44.4   3:36pm  29.6  12:00am   29    0  0.59   0  13   9:33pm NNE 30.20   64
19   46.9  50.5   1:56pm  37.3  12:23am   18    0  0.04   8  38  10:32am  SE 29.84   43
20   35.1  39.2   2:32am  31.5   6:47am   30    0  0.16   1  13  10:45pm SSE 29.88   82
21   37.3  41.0   9:40pm  33.1   6:26am   28    0  0.04   9  41   4:56pm  SE 29.85   70
22   33.6  40.9   1:44am  29.9  10:10pm   31    0  0.27   1  25  12:58am   S 29.52   89
23   28.1  31.4   5:17am  23.2  10:55pm   36    0  0.01   2  22   1:44pm WNW 29.72   82
24   29.4  34.0   2:02pm  22.9  12:24am   36    0  0.00   6  23   8:29am  SE 29.85   53
25   23.5  29.2  12:00am  15.2  11:55pm   42    0  0.00   0   8   3:21pm  NW 29.98   86
26   17.7  25.7   2:03pm  11.9   1:53am   47    0  0.00   1  10  10:41pm WSW 30.61   72
27   16.5  26.4   1:18pm  10.9   2:58am   48    0  0.01   0   7   7:51am ESE 30.52   72
28   17.0  21.3   1:45pm  13.6   5:04am   48    0  0.00   0   2   1:08pm SSW 30.12   77
29   18.7  22.2  12:46pm  15.0   7:51am   46    0  0.00   0   3   1:23pm SSW 30.21   87
30   20.3  28.0   1:07pm  13.6  11:58pm   45    0  0.00   0   4   8:43am   E 30.40   84
31   15.9  24.7  11:44am   9.2  10:57pm   49    0  0.00   0   5   1:22am ESE 30.63   78
---------------------------------------------------------------------------------------
TOT  31.8  61.1  12/9/15   9.2 12/31/15 1028    0  1.78   1  41 12/21/15 ESE 30.10   68

HEAT BASE: 65.0
COOL BASE: 65.0