NOAA-Style Climate Reports


Report for 2016 January
                  MONTHLY CLIMATOLOGICAL SUMMARY FOR 1/2016
                                        HEAT  COOL        
     MEAN                               DEG   DEG       WIND SPEED       DOM MEAN  MEAN
DAY  TEMP  HIGH   TIME     LOW   TIME   DAYS  DAYS RAIN AVG  HI  TIME    DIR BAROM HUM
---------------------------------------------------------------------------------------
1    16.0  26.0   2:23pm   7.4   5:15am   49    0  0.00   0   7  10:36pm   S 30.64   68
2    20.0  29.4   2:15pm  14.1  12:52am   45    0  0.00   0   7   2:26pm   S 30.54   67
3    24.0  29.9  11:49am  19.4   5:12am   41    0  0.00   0   5  11:28am SSW 30.40   78
4    31.4  41.9  12:15pm  22.2   4:24am   34    0  0.04   0   5   8:23am SSW 30.11   72
5    37.6  43.4   3:43pm  31.8   3:20am   27    0  0.18   1  17   8:24pm   S 29.88   77
6    36.4  39.4  11:13am  32.5   7:44pm   29    0  0.33   0  15  11:54pm   S 29.74   83
7    34.4  40.7  11:26am  31.5  11:54pm   31    0  0.21   0  15  12:00am   S 29.75   88
8    31.1  34.2  12:31pm  27.3   9:58pm   34    0  0.08   0   6  10:15am  SW 29.96   93
9    29.6  33.6  12:22pm  26.4   3:53am   35    0  0.02   0   5   5:53am   E 30.21   87
10   26.8  28.8   3:21pm  21.8  11:35pm   38    0  0.01   0   5  12:54pm WSW 30.34   89
11   23.3  32.7   2:48pm  17.5   7:11am   42    0  0.02   0   6   7:51pm   E 30.55   75
12   24.0  33.0   3:22pm  18.6   5:00am   41    0  0.00   0   6  10:37am WSW 30.55   75
13   24.3  33.3  11:26am  18.7   6:18am   41    0  0.00   0   6  11:30am WSW 30.24   77
14   31.0  38.5  12:36pm  23.4   1:35am   34    0  0.04   1  18   1:12am ESE 30.11   71
15   30.4  33.5  12:00am  28.5   3:52am   35    0  0.02   0   8   1:57am  NW 30.01   88
16   32.6  36.1   1:12pm  27.5   6:53am   32    0  0.11   1  16   9:26am   S 30.17   80
17   39.3  47.3   3:44pm  31.9   5:57am   26    0  0.30   1  21  10:24pm SSE 30.22   67
18   37.1  41.9   5:16am  33.8   7:11pm   28    0  0.38   1  23   8:09am ESE 30.09   78
19   34.7  40.8  11:49pm  27.4   7:23am   30    0  0.33   3  34   9:31pm ESE 30.18   80
20   34.8  41.5   2:16am  29.5  10:02pm   30    0  0.05   3  25   2:46am ESE 30.21   71
21   32.0  41.6   2:14pm  26.0   6:39am   33    0  0.02   0   6   2:49pm ESE 30.51   65
22   33.6  43.5   2:11pm  28.0  12:43am   31    0  0.00   0   7   2:52pm ESE 30.29   60
23   36.2  43.6   2:39pm  30.4  12:00am   29    0  0.29   2  36   4:23pm   N 30.01   68
24   31.5  34.8  12:35am  28.8   8:30am   33    0  0.02   0   0  12:00am   N 30.02   92
25   30.4  40.0  11:21am  22.4  10:08pm   35    0  0.48   0   5   1:03pm WSW 30.32   84
26   28.5  38.8   3:09pm  22.5   7:43am   37    0  0.31   0   5  11:27am WSW 30.58   73
27   27.9  37.1   2:42pm  21.9   6:20am   37    0  0.06   0   5   1:48pm   W 30.61   77
28   30.2  40.0   2:26pm  23.8   3:00am   35    0  0.02   0  13  10:57pm  SE 30.40   78
29   41.3  49.6  11:10pm  31.3   2:00am   24    0  0.08   6  41  10:01pm  SE 30.05   68
30   32.2  48.9  12:34am  25.5   8:56pm   33    0  0.07   0  27  12:20am   W 29.83   88
31   28.5  36.0  12:30pm  21.9   7:22am   36    0  0.26   1  28  11:05pm SSW 29.90   76
---------------------------------------------------------------------------------------
TOT  30.7  49.6  1/29/16   7.4   1/1/16 1064    0  3.73   1  38  1/29/16 ESE 30.21   77

HEAT BASE: 65.0
COOL BASE: 65.0