NOAA-Style Climate Reports


Report for 2016 February
                  MONTHLY CLIMATOLOGICAL SUMMARY FOR 2/2016
                                        HEAT  COOL        
     MEAN                               DEG   DEG       WIND SPEED       DOM MEAN  MEAN
DAY  TEMP  HIGH   TIME     LOW   TIME   DAYS  DAYS RAIN AVG  HI  TIME    DIR BAROM HUM
---------------------------------------------------------------------------------------
1    24.2  27.3   2:27pm  14.7  10:06pm   41    0  0.00   1  27  12:24am ESE 29.84   70
2    20.6  27.9   4:14pm  13.6   3:34am   44    0  0.00   0   5  12:51am   E 30.29   70
3    23.9  33.6   3:03pm  16.4   7:20am   41    0  0.13   0  11   6:28pm   W 30.51   68
4    25.1  29.7   8:38pm  17.5   2:03am   40    0  0.00   0   8   6:23pm ESE 30.58   77
5    31.6  40.6   4:03pm  25.6   2:50am   33    0  0.25   0   6  11:50pm  SE 30.65   79
6    32.9  42.0   1:40pm  26.6   4:32am   32    0  0.00   0   9   1:36am  SE 30.57   67
7    32.6  41.0   2:59pm  26.2   4:43am   32    0  0.51   0   5  12:26pm WSW 30.65   71
8    32.8  42.0  12:29pm  26.2   7:18am   32    0  0.00   0   6   2:47pm WSW 30.74   74
9    32.8  42.1   1:54pm  27.4   7:34am   32    0  0.01   0   5   1:17pm WSW 30.63   79
10   27.5  34.7   1:56pm  23.2   7:32am   37    0  0.00   0   7   1:59pm WSW 30.56   91
11   27.4  32.1   4:35pm  21.1   7:16am   37    0  0.00   0   6   9:43pm WSW 30.58   93
12   27.6  31.0   3:19pm  22.5   6:43am   37    0  0.00   0   5   5:45pm  SW 30.51   94
13   29.4  38.4   4:10pm  25.5  11:59pm   36    0  0.00   0   8  12:21pm WNW 30.42   91
14   35.6  41.9  11:54pm  24.8  12:06am   29    0  0.26   0  16   6:33am  SE 30.34   89
15   46.0  56.0   3:32pm  41.1   6:54am   19    0  0.02   0   9   2:15pm  SE 30.21   71
16   48.6  58.5   2:11pm  41.7   4:53am   16    0  0.00   1   7   6:23am   S 30.08   57
17   49.4  61.6  12:02pm  40.1   6:27am   16    0  0.00   2  33   7:04pm  SE 29.78   45
18   43.5  52.4   3:35am  32.9  12:44pm   22    0  0.17   8  58   3:06am  SE 29.68   66
19   46.6  53.1   3:49pm  39.4  12:01am   18    0  0.20   4  26   2:47pm  SE 30.03   47
20   42.6  51.4  12:05am  36.3  11:08pm   22    0  0.00   0  15  12:14am  NW 30.16   63
21   40.1  50.6   3:53pm  33.6   3:23am   25    0  0.00   0   7   4:09pm  NW 30.24   57
22   35.7  39.4  12:50pm  29.8  11:55pm   29    0  0.07   1  15   4:54pm  NW 30.13   76
23   35.1  44.4   3:11pm  28.8   2:45am   30    0  0.00   1   9  11:22am WNW 30.34   62
24   39.1  50.6   2:49pm  30.5   7:20am   26    0  0.00   1  10   8:10am WNW 30.34   53
25   43.2  56.0   3:57pm  33.1   7:10am   22    0  0.00   0   7  12:28pm WNW 30.31   47
26   48.4  62.1   2:24pm  36.9   6:17am   17    0  0.00   1  12   8:26pm WNW 30.20   45
27   50.1  62.8  11:48am  39.9  11:59pm   15    0  0.00   2  22   8:18am  NW 29.97   42
28   46.4  57.8   3:23pm  35.7   7:03am   19    0  0.00   1  11   8:42pm ESE 30.10   50
29   46.4  51.6   3:42pm  41.7  10:38pm   19    0  0.00   1  17   2:22am  SE 30.08   46
---------------------------------------------------------------------------------------
TOT  36.7  62.8  2/27/16  13.6   2/2/16  820    0  1.62   1  52  2/18/16  SE 30.29   67

HEAT BASE: 65.0
COOL BASE: 65.0