NOAA-Style Climate Reports


Report for 2016 March
                  MONTHLY CLIMATOLOGICAL SUMMARY FOR 3/2016
                                        HEAT  COOL        
     MEAN                               DEG   DEG       WIND SPEED       DOM MEAN  MEAN
DAY  TEMP  HIGH   TIME     LOW   TIME   DAYS  DAYS RAIN AVG  HI  TIME    DIR BAROM HUM
---------------------------------------------------------------------------------------
1    49.7  60.8   3:56pm  39.6   3:37am   15    0  0.00   3  27   9:36pm  SE 30.08   38
2    51.1  57.4   4:00pm  43.9   8:04am   14    0  0.00   2  16   1:04pm ESE 30.00   36
3    53.8  65.4   1:25pm  43.1   6:11am   11    0  0.00   1  16  10:34pm ESE 29.97   26
4    56.3  66.5   3:06pm  45.9   7:41am    9    0  0.00   2  18   9:45pm ESE 29.91   36
5    59.1  63.7   3:01pm  54.6   3:28am    6    0  0.00   5  24   7:57am  SE 29.70   25
6    47.6  57.2  12:37am  32.9  11:42pm   17    0  0.73   6  36  10:27am SSE 29.53   64
7    38.4  46.9  11:02am  32.5   7:55am   27    0  0.65   0   9   4:33pm  NW 29.76   75
8    41.8  50.5   3:16pm  33.3   5:39am   23    0  0.00   1  12   2:18pm  NW 29.89   53
9    43.4  50.9   3:47pm  36.8   5:28am   22    0  0.02   1  12   1:36pm   W 30.02   55
10   56.6  66.8   2:17pm  42.7  12:00am    9    0  0.00   4  26   9:45pm  SE 30.02   31
11   59.5  62.2   1:01pm  56.2  11:58pm    6    0  0.00   5  24   4:26am  SE 29.68   27
12   53.7  59.8  11:35am  47.6   8:37pm   11    0  0.00   2  19   2:41pm  NW 29.64   42
13   50.5  59.8   2:27pm  44.6  12:51am   14    0  0.00   1  23  11:45pm ESE 29.76   50
14   40.7  52.8  12:00am  30.9  10:53pm   24    0  0.16   4  28   1:30am  SE 29.80   71
15   33.1  36.6   2:44pm  29.1   4:50am   32    0  0.05   1  13   4:16pm  SW 30.22   75
16   39.8  49.4   5:47pm  29.4   5:57am   25    0  0.02   1  16   2:40pm   W 30.25   57
17   44.1  50.7   4:05pm  38.8   7:54am   21    0  0.00   1  15   5:00pm  NW 30.01   48
18   39.5  48.2   3:36pm  31.0   7:53am   26    0  0.00   1  10   2:51pm WNW 30.13   49
19   42.8  57.1   5:15pm  32.4   6:08am   22    0  0.00   0   8   5:02pm ESE 30.21   42
20   54.4  69.4   5:03pm  40.2   7:46am   11    1  0.00   2  27  11:34pm ESE 30.02   32
21   60.1  64.2   2:50pm  51.2   7:50am    5    0  0.00   4  29  12:33am  SE 29.67   25
22   39.5  59.1  12:00am  33.1   9:36am   25    0  0.54   1  24   8:40am  NW 29.67   78
23   37.8  46.2   4:36pm  31.9   4:42am   27    0  0.58   1  16   3:43am  NW 30.19   64
24   45.9  53.2   2:21pm  39.2   6:18am   19    0  0.00   2  17   8:39pm ESE 30.08   44
25   40.7  46.7   4:52pm  35.3   7:29am   24    0  0.00   1  17   2:12pm  NW 29.91   47
26   39.7  48.3   4:07pm  28.9   6:49am   25    0  0.00   1  14   2:26pm  NW 30.06   57
27   47.9  60.1   3:10pm  36.3   5:53am   17    0  0.00   3  35  11:40pm  SE 29.97   35
28   36.3  55.9  12:00am  32.9   5:59am   29    0  0.42   0  28  12:02am SSW 29.64   87
29   39.2  44.0   2:18pm  35.1   3:32am   26    0  0.23   2  18   4:25am  SE 29.58   76
30   38.5  44.4   7:01pm  33.7   4:57am   27    0  0.01   1  12  12:43am  NW 29.90   76
31   40.2  48.4   3:51pm  34.5  12:25am   25    0  0.03   0   8   2:43pm NNE 30.01   78
---------------------------------------------------------------------------------------
TOT  45.8  69.4  3/20/16  28.9  3/26/16  594    1  3.44   2  34   3/6/16 ESE 29.91   52

HEAT BASE: 65.0
COOL BASE: 65.0