NOAA-Style Climate Reports


Report for 2016 April
                  MONTHLY CLIMATOLOGICAL SUMMARY FOR 4/2016
                                        HEAT  COOL        
     MEAN                               DEG   DEG       WIND SPEED       DOM MEAN  MEAN
DAY  TEMP  HIGH   TIME     LOW   TIME   DAYS  DAYS RAIN AVG  HI  TIME    DIR BAROM HUM
---------------------------------------------------------------------------------------
1    46.2  56.0   2:54pm  37.1   8:13am   19    0  0.00   1  13   1:31pm WNW 30.18   50
2    51.5  62.3   4:30pm  41.0   6:11am   14    0  0.00   1  13   2:06pm WNW 30.16   45
3    59.0  69.3   2:28pm  48.7   6:30am    7    1  0.00   1  14   2:52am ESE 29.99   36
4    58.1  68.3  12:28pm  52.0   7:48am    7    0  0.00   2  15  12:18pm  SE 29.93   42
5    46.7  53.7  12:00am  38.6   7:22am   18    0  0.00   1  14  11:56am WNW 30.21   41
6    50.7  62.3   5:56pm  40.3   5:16am   14    0  0.00   1  11   4:11pm WNW 30.37   37
7    57.1  69.2   4:41pm  44.9   7:53am    9    1  0.00   1  12  11:38pm  NW 30.07   39
8    66.4  75.7   4:47pm  56.1   4:18am    2    3  0.00   4  30   7:38am ESE 29.74   23
9    59.4  66.5   1:18pm  53.9   6:42am    6    0  0.00   5  24   9:00am  SE 29.62   48
10   57.6  67.1   5:43pm  50.8   6:37am    7    0  0.00   3  27   5:59am  SE 29.64   50
11   58.4  66.7   5:02pm  49.0   6:34am    7    0  0.00   1  15   2:11am WNW 29.82   45
12   61.4  71.6   2:23pm  49.6   7:11am    5    1  0.00   2  13   2:10am ESE 29.86   41
13   52.4  60.4  12:00am  46.3   7:13pm   13    0  0.33   1  21   7:54am ESE 29.84   75
14   44.4  57.1   9:14am  33.9  11:59pm   21    0  0.84   2  30   7:35am  SE 29.74   80
15   40.4  50.8   6:08pm  31.7   8:14am   25    0  0.29   1  20   4:56pm  NW 29.93   71
16   45.6  55.8   4:39pm  34.6   4:20am   19    0  0.00   2  18   3:45pm  NW 30.11   52
17   47.8  54.3  12:41pm  41.2   6:48am   17    0  0.00   4  28   9:44pm ESE 30.15   39
18   49.8  59.9   3:42pm  43.1   5:34am   15    0  0.00   2  23  12:00am ESE 30.15   39
19   55.2  65.3   4:23pm  46.0  12:47am   10    0  0.00   1  11   3:00pm ESE 29.99   42
20   63.2  74.7   4:16pm  51.2   7:21am    5    3  0.00   1  12   2:13pm ESE 29.82   33
21   67.7  79.9   3:55pm  53.6   6:44am    3    5  0.00   2  20   4:59pm ESE 29.73   26
22   70.4  76.7   3:45pm  65.3   7:08am    0    5  0.00   4  31   1:32pm  SE 29.52   17
23   50.5  68.5  12:00am  40.1   8:02pm   15    0  0.55   3  27   6:02am   S 29.54   59
24   50.4  59.5   5:14pm  40.9   5:28am   15    0  0.30   1  13   1:34pm WNW 29.81   61
25   47.6  61.1   2:41pm  43.0   5:02am   17    0  0.07   1  28  11:29am ESE 29.50   68
26   46.0  52.5   4:41pm  42.5   7:46am   19    0  0.11   1  16   4:48pm   S 29.70   82
27   48.5  56.4   2:15pm  43.3   7:10am   16    0  0.09   1  15   3:31pm SSE 29.73   73
28   45.5  50.1   2:57pm  40.8   8:25am   19    0  0.00   4  26   7:31pm ENE 29.64   66
29   47.4  57.7   5:18pm  40.4   6:03am   18    0  0.02   2  17   6:42am ENE 29.79   61
30   48.9  59.8   2:20pm  40.4   7:02am   16    0  0.03   5  46   9:51pm ENE 29.82   57
---------------------------------------------------------------------------------------
TOT  53.1  79.9  4/21/16  31.7  4/15/16  375   20  2.64   2  46  4/30/16 ESE 29.87   50

HEAT BASE: 65.0
COOL BASE: 65.0