NOAA-Style Climate Reports


Report for 2016 May
                  MONTHLY CLIMATOLOGICAL SUMMARY FOR 5/2016
                                        HEAT  COOL        
     MEAN                               DEG   DEG       WIND SPEED       DOM MEAN  MEAN
DAY  TEMP  HIGH   TIME     LOW   TIME   DAYS  DAYS RAIN AVG  HI  TIME    DIR BAROM HUM
---------------------------------------------------------------------------------------
1    48.5  56.1   5:35pm  40.3   6:48am   16    0  0.00   6  41  12:53am ENE 29.95   44
2    55.9  66.7   5:26pm  42.8   6:23am    9    0  0.00   1  17  12:40am WNW 30.05   40
3    60.0  72.4   5:15pm  47.2   7:01am    7    2  0.00   1  12   3:40pm  NW 30.02   41
4    66.9  78.5   3:31pm  54.4   6:18am    3    5  0.00   2  25  12:05pm SSW 29.85   30
5    73.4  82.3   2:33pm  63.8   8:42am    0    8  0.00   3  31  10:41pm ESE 29.58   24
6    61.3  69.5  12:05am  51.0   5:17pm    5    1  0.19   6  29  11:48am ESE 29.51   50
7    51.4  58.1  11:53am  47.4   3:52am   14    0  0.07   1  21   5:28pm ESE 29.70   67
8    48.7  52.1   9:34pm  46.7  12:32pm   16    0  0.38   1  14  11:38pm  SE 29.67   84
9    55.6  67.6   2:38pm  46.8  11:59pm    9    0  0.22   1  17   9:08pm  NW 29.65   66
10   47.9  57.7   4:17pm  35.5   4:35am   17    0  0.00   1  11   3:44pm WNW 29.98   46
11   49.8  60.5   4:58pm  36.3   6:43am   15    0  0.00   1  11   3:46pm   W 30.20   49
12   61.5  76.2   5:21pm  45.3   7:06am    6    3  0.00   1  16  10:09pm ESE 30.11   36
13   71.0  84.3   4:21pm  57.1   5:25am    2    8  0.00   0  11  12:10am  NW 29.87   23
14   73.5  82.8   2:48pm  60.9   6:12am    0    9  0.00   3  23   2:53pm ESE 29.57   21
15   60.9  73.0  12:40am  52.6  11:57pm    5    1  0.02   2  30   4:09am ESE 29.51   55
16   54.7  65.2   4:04pm  48.5   8:06am   10    0  0.00   1  13   4:45pm SSW 29.75   66
17   56.3  64.6   6:09pm  50.2   6:45am    9    0  0.00   3  31   5:53am ENE 29.90   53
18   62.0  73.9   5:11pm  49.6   7:02am    5    2  0.00   0  10  12:09am SSW 29.87   48
19   64.9  75.7   4:28pm  52.3  11:56pm    3    3  0.27   4  28   5:28pm ESE 29.55   43
20   62.7  73.5   4:13pm  50.6   1:14am    5    2  0.04   3  31   5:34pm   S 29.41   48
21   55.6  66.7  12:00am  44.3   9:30am    9    0  0.37   2  30  12:39am  SE 29.58   53
22   50.7  59.5   4:20pm  43.4   6:43am   14    0  0.14   1  20   2:24pm ESE 29.83   55
23   56.2  69.4   6:30pm  43.6   5:36am    9    0  0.00   0  14   4:22pm ESE 29.76   45
24   57.9  68.5  12:20pm  51.3   4:21am    7    0  0.02   2  18  12:05pm ESE 29.65   44
25   57.0  67.8   3:59pm  50.6   8:10am    8    0  0.02   1  15   1:43pm ESE 29.83   53
26   58.3  69.8   6:39pm  47.3   5:51am    7    1  0.00   1  12   1:51pm WNW 29.80   55
27   60.4  71.0   3:55pm  51.9   6:31am    6    1  0.00   1  14   3:57pm ESE 29.75   49
28   62.6  74.0   5:41pm  50.7   6:44am    5    2  0.00   1  13   4:36pm WNW 29.81   49
29   66.2  79.1   5:56pm  56.0   5:42am    3    4  0.00   2  29   6:47pm ESE 29.82   41
30   65.6  76.8   3:38pm  53.3   6:56am    3    4  0.05   1  33   3:40am ESE 29.83   45
31   64.9  76.4   5:10pm  51.4   5:02am    4    3  0.00   1  10   4:09pm WNW 29.82   39
---------------------------------------------------------------------------------------
TOT  59.4  84.3  5/13/16  35.5  5/10/16  232   60  1.79   2  41   5/1/16 ESE 29.78   47

HEAT BASE: 65.0
COOL BASE: 65.0