NOAA-Style Climate Reports


Report for 2016 June
                  MONTHLY CLIMATOLOGICAL SUMMARY FOR 6/2016
                                        HEAT  COOL        
     MEAN                               DEG   DEG       WIND SPEED       DOM MEAN  MEAN
DAY  TEMP  HIGH   TIME     LOW   TIME   DAYS  DAYS RAIN AVG  HI  TIME    DIR BAROM HUM
---------------------------------------------------------------------------------------
1    68.7  81.4   6:24pm  55.3   6:22am    2    6  0.00   0  10   2:31pm WNW 29.82   34
2    74.0  85.7   3:29pm  60.3   5:14am    0    9  0.00   1  18   7:21am ESE 29.79   25
3    72.5  83.9   4:41pm  60.6   5:16am    1    8  0.00   0   8  12:51pm  NW 29.92   37
4    76.6  89.2   5:40pm  63.1   6:07am    0   12  0.00   0  11   3:37pm   W 29.87   37
5    80.0  95.5   5:42pm  64.5   4:53am    0   15  0.00   1  18  11:35pm ESE 29.66   31
6    80.6  88.4   2:54pm  70.4   4:49am    0   16  0.00   5  37   8:06pm ESE 29.45   27
7    77.1  88.4   3:31pm  67.7   6:59am    0   12  0.00   1  29  12:07am   W 29.55   35
8    80.4  92.0   6:34pm  70.1   2:55am    0   15  0.00   1  17  10:10pm ENE 29.58   33
9    83.4  92.9   5:10pm  76.3   6:46am    0   18  0.00   3  26   6:39am ESE 29.45   25
10   80.2  86.5   2:13pm  76.7   7:58am    0   15  0.00   5  26   1:30am ESE 29.51   21
11   67.0  81.0  12:14am  53.1  11:55pm    3    5  0.32   3  25  11:38am  SE 29.65   59
12   63.4  77.9   4:16pm  50.6   2:07am    5    3  0.01   0   8   4:35am ESE 29.92   72
13   62.0  73.0  12:07pm  56.2   7:18pm    4    1  0.06   3  21   2:40pm ESE 29.81   62
14   70.7  80.0   2:34pm  62.7  12:21am    0    6  0.00   4  23   9:02am ESE 29.61   34
15   75.8  85.7   5:33pm  65.8   5:13am    0   11  0.00   5  35   5:12pm   S 29.44   21
16   66.5  75.9   4:43pm  51.3   6:47am    3    4  0.00   1  26  12:39am WNW 29.66   44
17   73.1  88.3   6:46pm  54.9   4:56am    2   10  0.00   2  23  11:34am ESE 29.80   34
18   80.4  89.4   4:39pm  72.9   6:30am    0   15  0.00   6  25   1:33am  SE 29.75   15
19   74.2  88.1   6:03pm  58.0   6:54am    1   10  0.00   0  18  12:00am   W 29.87   37
20   81.8  99.3   5:38pm  64.1   6:14am    0   17  0.00   0   5  12:00am WNW 29.82   29
21   84.2  94.6   3:58pm  71.8   4:57am    0   19  0.00   0  11   5:36am  SW 29.67   23
22   81.2  97.3   4:49pm  64.8   6:49am    0   16  0.00   0   6   3:26am NNW 29.63   30
23   84.0  95.8   3:55pm  72.0   6:20am    0   19  0.00   0  15   1:32am NNW 29.57   24
24   78.9  88.1   4:47pm  66.5  11:59pm    0   14  0.00   0  10   5:58pm  NW 29.61   24
25   68.4  82.3   4:28pm  54.8   6:48am    2    5  0.00   0   8   2:26pm SSW 29.88   34
26   75.2  91.8   4:32pm  57.9   6:47am    1   12  0.00   0   8   1:51pm WNW 29.92   23
27   84.2 100.3   5:40pm  67.1   6:51am    0   19  0.00   1  14  11:35pm  SE 29.80   22
28   88.3 100.4   2:54pm  76.1   6:50am    0   23  0.00   3  29   8:29pm  SE 29.67   20
29   82.0  97.6   4:44pm  73.4   7:24am    0   17  0.00   3  42   6:38pm ESE 29.67   29
30   76.1  91.3   4:45pm  66.8   1:03pm    0   11  0.10   1  23  12:21am ESE 29.69   44
---------------------------------------------------------------------------------------
TOT  76.4 100.4  6/28/16  50.6  6/12/16   24  365  0.49   2  36  6/29/16 ESE 29.70   33

HEAT BASE: 65.0
COOL BASE: 65.0