NOAA-Style Climate Reports


Report for 2016 July
                  MONTHLY CLIMATOLOGICAL SUMMARY FOR 7/2016
                                        HEAT  COOL        
     MEAN                               DEG   DEG       WIND SPEED       DOM MEAN  MEAN
DAY  TEMP  HIGH   TIME     LOW   TIME   DAYS  DAYS RAIN AVG  HI  TIME    DIR BAROM HUM
---------------------------------------------------------------------------------------
1    76.7  89.0   3:51pm  65.0   6:41am    0   12  0.00   1  17  10:48pm  SE 29.69   44
2    78.5  90.9   4:40pm  64.5   6:57am    0   13  0.00   1  17  11:32pm ESE 29.69   38
3    79.9  92.3   3:16pm  69.1   7:11am    0   15  0.00   5  35   7:55pm  SE 29.68   32
4    83.2  94.5   6:12pm  75.8   2:53am    0   18  0.00   4  26   7:32am  SE 29.59   26
5    80.2  92.0   6:30pm  67.1   3:56am    0   15  0.00   0  13  12:12am ESE 29.54   31
6    76.6  87.1   5:21pm  64.0   5:45am    0   11  0.00   0  12   2:50am WNW 29.55   31
7    76.3  90.2   4:10pm  61.5   6:54am    0   12  0.00   1  12   2:13pm ESE 29.66   33
8    83.1  92.0   3:12pm  73.6  12:55am    0   18  0.00   6  27   4:31am ESE 29.59   17
9    84.4  91.9   3:14pm  77.0   6:39am    0   19  0.00   6  28  11:02pm  SE 29.57   15
10   75.1  82.6  12:00am  56.7  11:57pm    1   11  0.00   2  30  12:03am  SE 29.47   30
11   62.2  74.3   6:19pm  48.7   6:23am    5    2  0.00   0  11   1:45pm   W 29.83   39
12   71.4  86.7   4:57pm  54.8   6:55am    2    9  0.00   0   7  12:45pm  NW 29.75   28
13   75.0  87.5   4:22pm  61.8   7:06am    0   10  0.00   1  11  11:37am WSW 29.81   25
14   78.3  92.6   3:58pm  63.4   7:02am    0   13  0.00   0  10   4:15pm NNW 29.80   24
15   82.2  95.4   3:00pm  67.9   5:25am    0   17  0.00   0   9   1:21pm WSW 29.61   20
16   81.1  91.8   3:51pm  70.7   7:31am    0   16  0.00   0   9   9:27am WSW 29.52   23
17   80.2  94.9   4:03pm  64.8   4:21am    0   15  0.00   2  23  11:51pm ESE 29.57   24
18   83.9  90.6   3:35pm  78.4   7:01am    0   19  0.00   7  34   3:47pm  SE 29.63   24
19   84.6  93.0   3:43pm  78.2   6:47am    0   19  0.00   6  26   4:13am  SE 29.67   27
20   86.5  97.0   5:00pm  78.9   6:34am    0   21  0.00   5  28   7:22am  SE 29.67   24
21   89.0  99.3   5:14pm  79.8   3:42am    0   24  0.00   3  23   7:15am  SE 29.67   21
22   86.4  97.5   5:43pm  76.1   1:57pm    0   21  0.12   2  23   7:51am ESE 29.65   25
23   79.7  92.0   4:29pm  65.2   7:03am    0   15  0.00   0  10   3:29pm NNW 29.70   24
24   80.0  96.0   4:14pm  64.6   5:28am    0   15  0.00   0   5   3:35pm  NW 29.72   21
25   84.9  98.3   5:35pm  71.8   7:58am    0   20  0.00   0  11  12:51pm WNW 29.66   20
26   86.5  98.8   4:27pm  75.6   6:44am    0   21  0.00   1  23  10:42am ESE 29.62   21
27   86.1  98.9   5:54pm  70.6   5:20am    0   21  0.00   0  10  12:36am  SE 29.67   18
28   86.6  99.4   4:25pm  72.2   6:18am    0   21  0.00   0  11  11:04pm NNW 29.64   20
29   86.0 100.0   2:58pm  72.3   6:16am    0   20  0.00   0   9   3:20pm WNW 29.59   23
30   84.5  96.3   2:18pm  74.5   6:16am    0   19  0.00   2  24  11:31pm  SE 29.52   26
31   83.3  97.1   4:54pm  71.2   6:05am    0   18  0.00   1  19   1:45am ESE 29.55   33
---------------------------------------------------------------------------------------
TOT  81.1 100.0  7/29/16  48.7  7/11/16    9  501  0.12   2  35   7/3/16  SE 29.64   26

HEAT BASE: 65.0
COOL BASE: 65.0