NOAA-Style Climate Reports


Report for 2016 August
                  MONTHLY CLIMATOLOGICAL SUMMARY FOR 8/2016
                                        HEAT  COOL        
     MEAN                               DEG   DEG       WIND SPEED       DOM MEAN  MEAN
DAY  TEMP  HIGH   TIME     LOW   TIME   DAYS  DAYS RAIN AVG  HI  TIME    DIR BAROM HUM
---------------------------------------------------------------------------------------
1    85.2  97.8   5:21pm  73.1   6:25am    0   20  0.00   1  14   3:30am ESE 29.61   28
2    85.3 100.2   4:25pm  71.5   6:49am    0   20  0.00   1  19   8:35pm ESE 29.64   24
3    84.3  92.4   4:35pm  73.3  11:58pm    0   19  0.00   2  25   5:03am  SE 29.62   25
4    76.4  91.3   4:49pm  62.2   4:45am    0   11  0.00   0   8   4:12pm ENE 29.69   23
5    77.4  89.1  12:22pm  68.2   6:33am    0   12  0.00   1  14  11:51pm ESE 29.62   30
6    77.3  89.2   5:21pm  65.2   7:21am    0   12  0.08   3  26  11:06am ESE 29.61   41
7    81.1  88.6   2:28pm  76.2   6:44am    0   16  0.01   4  25   6:28pm ESE 29.52   33
8    81.2  92.7   5:07pm  67.5   6:46am    0   16  0.00   1  31  11:54pm  SE 29.50   27
9    82.1  90.6   4:25pm  70.2  11:58pm    0   17  0.00   5  31  12:00am  SE 29.45   19
10   72.9  86.3   3:01pm  61.4   6:06am    1    8  0.12   1  22  11:39pm ESE 29.64   38
11   73.1  84.4   5:41pm  58.9  12:22am    1    9  0.01   1  19  12:38am ESE 29.80   39
12   76.3  88.3   2:31pm  63.1   6:48am    0   11  0.00   0  12  10:46pm ESE 29.86   24
13   78.3  90.7   1:33pm  64.8   7:14am    0   13  0.00   0   9   2:58pm WNW 29.80   22
14   81.9  95.9   3:36pm  67.5   4:50am    0   17  0.00   1  13   9:39pm ESE 29.72   18
15   81.1  87.3   1:46pm  74.0   6:48am    0   16  0.00   2  24   9:33pm ESE 29.65   20
16   80.7  95.0   5:54pm  66.3   7:05am    0   16  0.00   1  16   9:02pm ESE 29.72   27
17   81.7  91.8   5:18pm  71.8   5:10am    0   17  0.00   2  19   2:04pm  SE 29.66   22
18   78.1  92.9   4:22pm  66.7   7:13am    0   13  0.00   0  13  11:48pm  NE 29.67   29
19   78.0  87.8   3:44pm  66.7   6:56am    0   13  0.00   1  13   4:14pm   W 29.65   30
20   75.1  87.3   3:45pm  62.0   7:01am    0   10  0.00   0  10   4:17pm   E 29.69   32
21   79.3  92.9   3:42pm  65.0   6:36am    0   14  0.00   0  13   3:19pm NNW 29.63   23
22   79.9  92.0   4:13pm  68.3   7:12am    0   15  0.00   2  30   4:14am  SE 29.57   21
23   76.2  86.7   5:55pm  65.3   7:17am    0   11  0.00   2  20  12:24am ESE 29.69   28
24   70.6  79.6   3:20pm  60.9   5:21am    0    6  0.00   1  14   3:00pm  SE 29.81   23
25   69.0  83.9   3:50pm  58.2   7:17am    1    5  0.00   0   9  10:46am   E 29.80   26
26   71.9  81.9   3:57pm  60.8   5:21am    0    7  0.00   2  19  10:30am ESE 29.72   28
27   73.8  86.5   4:50pm  60.7   4:49am    0    9  0.00   2  16  10:21am ESE 29.74   27
28   76.4  89.5   4:08pm  61.2   7:33am    0   11  0.00   1  16   1:47am ESE 29.80   27
29   77.7  92.0   4:49pm  64.8   7:14am    0   13  0.00   0   9   5:22pm WNW 29.84   26
30   81.8  97.5   3:17pm  67.6   7:44am    0   17  0.00   1  14  11:29pm ESE 29.74   22
31   84.5  94.3   3:02pm  78.2   3:59am    0   19  0.00   4  20  11:58am ESE 29.63   18
---------------------------------------------------------------------------------------
TOT  78.3 100.2   8/2/16  58.2  8/25/16    4  414  0.22   1  31   8/8/16 ESE 29.68   26

HEAT BASE: 65.0
COOL BASE: 65.0