NOAA-Style Climate Reports


Report for 2016 September
                  MONTHLY CLIMATOLOGICAL SUMMARY FOR 9/2016
                                        HEAT  COOL        
     MEAN                               DEG   DEG       WIND SPEED       DOM MEAN  MEAN
DAY  TEMP  HIGH   TIME     LOW   TIME   DAYS  DAYS RAIN AVG  HI  TIME    DIR BAROM HUM
---------------------------------------------------------------------------------------
1    80.1  86.2   4:12pm  66.4   7:31pm    0   15  0.09   5  30   4:50am  SE 29.61   27
2    78.2  86.3   5:04pm  72.3   7:44am    0   13  0.00   6  32   7:29am  SE 29.56   32
3    71.3  84.9   5:09pm  59.7   6:44am    1    7  0.00   0   9  12:20am  SW 29.50   40
4    66.1  76.7   1:16pm  57.7  11:59pm    2    3  0.00   1  14  10:02am ESE 29.46   41
5    61.0  71.3   3:30pm  50.6   7:30am    5    1  0.00   0  10   3:42pm WNW 29.73   46
6    64.8  78.3   4:26pm  52.6   7:31am    4    4  0.00   0   7   2:07pm WNW 29.78   36
7    69.2  81.5   3:16pm  56.8   6:48am    1    6  0.00   1  11   9:48pm ESE 29.83   29
8    69.4  80.0   4:13pm  56.9   7:48am    1    6  0.00   0  10  12:40pm WNW 29.85   29
9    65.6  75.4   4:54pm  57.1  11:58pm    2    3  0.00   0  11   3:12pm WNW 29.98   27
10   66.9  82.7   5:14pm  52.6   8:06am    4    5  0.00   0   7   1:04pm WNW 30.02   24
11   73.9  89.5   3:58pm  57.7   7:26am    1   10  0.00   2  26  11:11pm  SE 29.75   20
12   73.2  81.4   3:13pm  60.0  11:27pm    1    9  0.00   2  24  12:41am  SE 29.49   28
13   62.1  81.0   3:51pm  50.7   6:39am    6    3  0.23   2  28   8:48pm ESE 29.66   58
14   58.1  67.3  11:34am  49.2   5:41am    7    0  0.32   2  23  10:41am ESE 29.81   60
15   57.3  67.6   2:44pm  50.7   2:19am    8    0  0.00   0   9   2:43am   W 30.02   58
16   60.0  72.8   3:35pm  49.6   7:28am    7    2  0.00   0  11   4:36pm WNW 29.99   54
17   64.8  77.5   3:40pm  51.8   7:26am    4    4  0.00   1  15  11:18pm ESE 29.96   40
18   74.8  86.8   4:45pm  62.0   2:30am    0   10  0.00   2  19   6:40am  SE 29.84   22
19   78.1  89.1   4:15pm  63.9   8:21am    0   13  0.00   2  21  11:57pm ESE 29.76   18
20   77.7  89.1   3:48pm  67.0   8:14am    0   13  0.00   3  24  11:10pm  SE 29.69   19
21   71.5  79.8   3:08pm  63.1   6:28am    0    7  0.00   4  30   1:46am  SE 29.60   41
22   57.8  74.8   3:40pm  46.3  11:57pm    8    1  1.00   2  27   2:58pm  SE 29.54   78
23   44.9  47.2   6:22am  42.1   9:21am   20    0  1.04   1  17   5:35am  SE 29.82   91
24   51.1  59.6   1:55pm  44.3  12:00am   14    0  0.25   1  13  12:22am   S 30.15   74
25   55.9  68.5   3:45pm  45.3   7:48am    9    0  0.00   0   8   2:31pm WNW 30.31   61
26   60.2  73.8   5:15pm  49.6   8:08am    7    2  0.00   0   7   3:04pm   W 30.18   62
27   64.0  77.9   3:08pm  53.7   7:34am    4    3  0.00   0   6   3:38pm   W 29.97   61
28   67.2  82.6   4:36pm  56.1   8:13am    3    5  0.05   0  22   7:45pm ESE 29.91   53
29   68.4  75.3   2:23pm  63.9  12:38am    0    3  0.00   3  20   9:47am ESE 29.92   47
30   69.7  77.9   3:14pm  65.4  10:21am    0    5  0.00   5  24   4:21am ESE 29.86   44
---------------------------------------------------------------------------------------
TOT  66.1  89.5  9/11/16  42.1  9/23/16  120  153  2.98   2  29  9/21/16 ESE 29.81   44

HEAT BASE: 65.0
COOL BASE: 65.0