NOAA-Style Climate Reports


Report for 2016 October
                  MONTHLY CLIMATOLOGICAL SUMMARY FOR 10/2016
                                        HEAT  COOL        
     MEAN                               DEG   DEG       WIND SPEED       DOM MEAN  MEAN
DAY  TEMP  HIGH   TIME     LOW   TIME   DAYS  DAYS RAIN AVG  HI  TIME    DIR BAROM HUM
---------------------------------------------------------------------------------------
1    69.4  76.0   2:42pm  60.3  11:43pm    0    5  0.00   5  23  11:35am  SE 29.73   42
2    68.4  76.3   4:54pm  59.7  12:22am    0    4  0.08   5  37   1:27pm  SE 29.57   40
3    50.8  64.3  12:34am  43.5  10:40am   14    0  0.04   3  29   4:52am WSW 29.56   53
4    49.2  57.4   4:47pm  42.5   7:06am   16    0  0.00   0  13  11:08am SSW 29.84   45
5    46.9  56.0   4:22pm  41.4  11:57pm   18    0  0.11   0  16   1:34pm ESE 29.89   57
6    47.3  58.2   3:35pm  37.9   4:19am   18    0  0.00   0   9   3:51pm   W 30.13   54
7    53.4  66.9   4:13pm  41.5   7:45am   12    0  0.00   0   9   2:32pm   S 30.16   40
8    56.3  71.3   3:48pm  46.0   6:57am   10    1  0.00   0   5   1:39pm WNW 30.07   39
9    62.4  76.7   4:27pm  49.6   8:41am    6    3  0.00   1  19  11:11pm ESE 29.96   35
10   68.3  75.0   3:09pm  64.1   8:24am    0    3  0.00   5  33   5:38am  SE 29.76   28
11   63.4  69.4   4:22pm  52.4  11:58pm    3    1  0.00   2  22   1:52am  SE 29.77   32
12   54.6  66.5   4:41pm  44.0   7:52am   10    0  0.00   0   5  12:22pm NNW 29.99   51
13   60.3  73.3   4:03pm  48.2   6:07am    7    2  0.00   1  21  11:51pm ESE 29.91   42
14   67.7  70.4   7:32pm  58.4  11:57pm    1    3  0.00   8  36  11:01am  SE 29.63   23
15   63.4  74.8   2:46pm  52.6   7:31am    5    3  0.00   2  27  10:57pm  SE 29.60   48
16   56.6  69.1  12:02am  45.6  11:53pm    9    0  0.02   2  28   2:38am  SE 29.51   59
17   48.1  56.9   3:39pm  42.8   8:22am   17    0  0.27   1  13   1:14pm  SW 29.78   65
18   47.1  59.2   2:50pm  41.2   7:45am   18    0  0.00   0  16   3:06pm WSW 29.99   54
19   44.7  53.2   5:07pm  39.6   8:14am   20    0  0.04   0   9   2:46am ESE 30.33   69
20   46.4  60.6   3:58pm  36.9   7:05am   19    0  0.00   0   6   2:10pm   E 30.35   52
21   52.4  68.7   4:37pm  41.4   8:19am   13    0  0.00   0  10  11:33pm WNW 30.06   42
22   60.0  71.3   3:20pm  50.6   4:44am    6    1  0.00   1  21   2:47am SSE 29.82   39
23   66.1  73.6   3:39pm  54.1  12:38am    1    3  0.00   4  26   9:23pm  SE 29.86   26
24   60.4  67.0  12:00am  54.1   8:38am    5    0  0.40   6  34   7:53am  SE 29.87   53
25   60.1  67.2   3:50pm  54.8  11:59pm    5    0  0.00   3  26   2:19am ESE 29.96   54
26   62.0  72.4   4:06pm  52.1   3:20am    4    1  0.00   1  13   4:56am  SE 30.02   42
27   67.9  73.9   3:59pm  57.6  12:00am    1    4  0.00   4  30   1:59pm  SE 29.84   36
28   64.3  73.2   1:26pm  53.6   7:58pm    2    2  0.20   4  33  10:24am  SE 29.68   51
29   61.9  69.2   4:58pm  54.7   8:52am    4    1  0.00   4  23  12:17am  SE 29.86   57
30   66.4  69.2   5:51pm  63.5   1:09am    0    2  0.00   6  37  11:16pm SSE 29.70   45
31   49.8  65.6  12:00am  42.5   3:11am   15    0  0.74   0  24  12:12am WNW 29.82   59
---------------------------------------------------------------------------------------
TOT  57.9  76.7  10/9/16  36.9 10/20/16  258   39  1.90   2  37  10/2/16  SE 29.87   46

HEAT BASE: 65.0
COOL BASE: 65.0