NOAA-Style Climate Reports


Report for 2016 November
                  MONTHLY CLIMATOLOGICAL SUMMARY FOR 11/2016
                                        HEAT  COOL        
     MEAN                               DEG   DEG       WIND SPEED       DOM MEAN  MEAN
DAY  TEMP  HIGH   TIME     LOW   TIME   DAYS  DAYS RAIN AVG  HI  TIME    DIR BAROM HUM
---------------------------------------------------------------------------------------
1    46.1  50.5   2:22pm  41.6  11:57pm   19    0  0.00   0  10  10:38am WSW 29.90   68
2    45.2  54.9   3:47pm  38.7   7:38am   20    0  0.00   0   6   1:17pm   W 30.30   65
3    46.8  59.1   3:55pm  38.5   7:13am   18    0  0.00   0   6   2:14pm   W 30.38   68
4    49.5  62.2   3:44pm  41.2   7:35am   16    0  0.00   0   6   2:15pm   W 30.26   63
5    51.4  61.4   4:07pm  44.0   6:22am   14    0  0.00   0   6   2:02pm   W 30.08   59
6    54.4  66.0   2:59pm  46.6   3:54am   11    0  0.00   0   6  11:40am   W 29.99   53
7    53.1  63.8   3:08pm  46.0   4:42am   12    0  0.00   0   6   2:16pm   W 30.19   58
8    53.8  65.9   2:52pm  46.3   8:18am   11    0  0.00   0   5  12:39pm WSW 30.28   56
9    54.7  67.3   1:38pm  46.2   7:11am   10    0  0.00   0   6  12:32pm WSW 30.20   53
10   52.0  60.2   2:48pm  46.9   9:18am   13    0  0.00   0   3  12:52pm NNE 30.16   55
11   53.7  64.8   2:02pm  46.3   7:25am   11    0  0.00   0   5   1:39pm WSW 30.14   56
12   53.9  64.0   2:19pm  46.9   6:44am   11    0  0.00   0  11   9:06am WSW 30.07   47
13   52.9  62.2   3:34pm  45.4   4:35am   12    0  0.00   0   7   2:02pm  SW 30.15   46
14   56.9  67.4   2:15pm  48.4   5:33am    8    0  0.00   1  15  12:20am ESE 30.11   35
15   62.0  72.3   2:55pm  51.1   7:52am    5    2  0.00   3  27   9:42pm   S 29.84   23
16   49.3  64.9  12:00am  32.1  11:58pm   16    0  0.00   2  26   3:30am WNW 29.53   49
17   30.5  37.7   1:15pm  25.8   9:25am   35    0  0.10   1  14   2:14pm  NE 30.02   79
18   32.8  44.0   3:14pm  25.3   8:01am   32    0  0.16   1   6  10:09pm  NE 30.42   54
19   48.8  60.8   3:04pm  33.7   2:39am   16    0  0.04   3  26   3:16pm SSE 30.15   32
20   57.3  63.0   2:43pm  48.3  10:36pm    8    0  0.09   5  28  12:52am  SE 29.84   32
21   45.1  54.2   1:07am  38.5  11:56pm   20    0  0.95   1  23   1:17am  SE 29.71   83
22   39.2  47.0   1:30pm  33.3   3:58am   26    0  0.01   0   7   2:35pm WNW 30.14   75
23   39.2  49.9  11:51am  30.1  11:58pm   26    0  0.02   2  22   1:19pm   S 30.09   68
24   34.1  42.8  12:31pm  28.8   2:08am   31    0  0.45   0   8   2:07pm SSE 30.44   75
25   39.7  51.3   3:40pm  30.8   2:09am   25    0  0.03   0  16  11:26pm SSE 30.28   49
26   48.0  54.9   3:33pm  38.9   3:49am   17    0  0.15   2  22  11:06am ESE 29.89   30
27   36.7  47.2  12:17am  30.8  10:58pm   28    0  0.10   3  33   1:29am  SE 29.60   74
28   30.1  33.2   2:52am  27.5   5:27am   35    0  0.00   0  23   1:33pm  NW 29.72   87
29   28.4  36.0   2:07pm  24.0   6:01am   37    0  0.08   0   9   8:20pm   E 30.13   82
30   29.9  34.3   1:21pm  26.2   6:30am   35    0  0.02   1  14   4:02am ESE 30.17   65
---------------------------------------------------------------------------------------
TOT  45.8  72.3 11/15/16  24.0 11/29/16  577    2  2.20   1  29 11/27/16  SE 30.07   58

HEAT BASE: 65.0
COOL BASE: 65.0