NOAA-Style Climate Reports


Report for 2016 December
                  MONTHLY CLIMATOLOGICAL SUMMARY FOR 12/2016
                                        HEAT  COOL        
     MEAN                               DEG   DEG       WIND SPEED       DOM MEAN  MEAN
DAY  TEMP  HIGH   TIME     LOW   TIME   DAYS  DAYS RAIN AVG  HI  TIME    DIR BAROM HUM
---------------------------------------------------------------------------------------
1    30.4  33.9   4:03pm  26.3   6:29pm   35    0  0.05   0   5  12:11am ESE 30.15   77
2    28.6  36.5   2:37pm  23.4   5:13am   36    0  0.09   0   9   7:23am   S 30.32   68
3    30.9  36.3   2:02pm  22.5   2:01am   34    0  0.00   1  12   8:34am  SW 30.38   64
4    38.0  48.0   7:13pm  27.8   5:57am   27    0  0.01   2  24   7:32pm ESE 30.10   50
5    29.6  46.1  12:00am  19.8  11:34pm   35    0  0.00   1  14   3:38am  NW 29.99   41
6    23.8  28.9  12:58pm  18.8   2:55am   40    0  0.00   0   9  11:27pm ESE 30.01   48
7    21.8  28.2   1:01pm  15.5   6:27pm   43    0  0.01   1   9   3:18am ESE 30.39   65
8    24.4  39.1  11:46pm  15.3  12:57am   41    0  0.00   1  20  11:22pm  NW 30.40   66
9    40.4  49.4  10:40pm  29.8   1:11am   25    0  0.04   2  28   4:10am  SE 30.22   69
10   40.8  50.6   2:13am  32.4  11:13pm   24    0  1.00   2  27   2:10am SSE 29.89   76
11   34.3  38.6   3:55pm  30.4   7:47am   31    0  0.14   0  13   4:53am SSW 30.06   78
12   34.1  42.2  12:29pm  28.0   9:01am   31    0  0.00   0   6   1:19pm WSW 30.10   64
13   32.5  36.6  12:58pm  26.5   4:01am   32    0  0.00   0   5   2:58am SSW 30.19   58
14   33.7  40.2   8:55pm  31.4   7:43am   31    0  0.09   0  20   8:50pm SSW 30.12   86
15   50.3  56.8   4:58pm  36.8   1:08am   15    0  0.06   8  37   5:45pm  SE 29.76   54
16   37.8  48.8  12:00am  23.2  11:12pm   27    0  0.90   6  45   9:49am  SE 29.38   83
17   18.0  25.4  12:00am  11.8  10:59pm   47    0  0.00   2  18   4:15am WNW 30.16   77
18   16.9  27.2  12:58pm  10.4   6:34am   48    0  0.12   0   7  12:11am SSE 30.72   68
19   20.9  31.4   1:09pm  11.9  12:35am   44    0  0.08   0   8   7:30pm SSE 30.74   64
20   29.3  38.1   1:16pm  19.8  12:00am   36    0  0.11   0   7   3:22am   E 30.53   70
21   31.5  36.6   3:32am  26.1  11:47pm   34    0  0.35   0  12  12:26am NNE 30.43   85
22   27.3  31.9   3:15pm  23.5   7:11pm   38    0  0.01   0   2  12:12pm   E 30.22   86
23   33.3  41.5  11:57pm  25.9   1:06am   32    0  0.21   1  23  10:07pm SSE 30.01   82
24   38.0  43.8   2:31pm  30.7  11:53pm   27    0  0.21   1  14  12:00am SSE 29.54   80
25   22.6  30.7  12:00am  17.6  11:50pm   42    0  0.00   1  11  10:36am  NW 29.89   92
26   20.9  31.2  12:39pm  15.2   8:58am   44    0  0.17   0   4  12:20pm  NW 30.56   85
27   20.5  27.0  12:45pm  11.0   5:18am   44    0  0.00   0  13  12:25pm NNW 30.50   84
28   27.6  38.0  12:01pm  22.4   3:06am   37    0  0.02   0   6   2:58pm ESE 30.55   80
29   26.6  38.4   2:30pm  13.9   6:36am   38    0  0.07   0   5   1:33am ESE 30.62   75
30   24.4  37.7   1:23pm  17.3   8:44pm   41    0  0.01   0   9   7:57pm WSW 30.21   80
31   19.0  26.7   1:55am  14.1   4:29am   46    0  0.00   0   5   1:38am  SW 30.15   90
---------------------------------------------------------------------------------------
TOT  29.3  56.8 12/15/16  10.4 12/18/16 1105    0  3.75   1  38 12/16/16 ESE 30.20   73

HEAT BASE: 65.0
COOL BASE: 65.0