NOAA-Style Climate Reports


Report for 2017 January
                  MONTHLY CLIMATOLOGICAL SUMMARY FOR 1/2017
                                        HEAT  COOL        
     MEAN                               DEG   DEG       WIND SPEED       DOM MEAN  MEAN
DAY  TEMP  HIGH   TIME     LOW   TIME   DAYS  DAYS RAIN AVG  HI  TIME    DIR BAROM HUM
---------------------------------------------------------------------------------------
1    20.9  27.2   1:55pm  17.0   4:53am   44    0  0.00   0  10   2:49pm  NW 29.88   91
2    25.6  34.6  11:44am  20.9   6:23am   39    0  0.17   0   9  12:50am   S 29.98   85
3    26.7  35.5  11:58pm  21.3   8:03am   38    0  0.05   0  20  11:50pm SSE 30.17   85
4    35.3  41.1   5:09pm  24.4  11:58pm   30    0  0.60   4  36   5:40am SSE 29.83   81
5    14.5  24.3  12:00am   8.7  10:48pm   50    0  0.00   0   6   9:16am WNW 30.06   85
6    10.1  19.6  11:40am   3.6  12:47am   55    0  0.33   0   7   1:55pm NNW 30.55   79
7    14.6  24.0  10:11pm   6.2   5:52am   50    0  0.00   0   6   3:30pm SSW 30.59   84
8    36.1  52.0  11:11pm  18.6   2:25am   29    0  0.02   5  39   8:44pm  SE 30.33   81
9    43.2  52.3   1:09am  32.6   4:21pm   22    0  0.29   7  43   2:21am  SE 29.77   70
10   41.1  44.0  11:23pm  35.5  12:00am   24    0  0.11   7  40   9:02pm  SE 29.74   59
11   38.4  43.8   4:14pm  33.2  12:10pm   27    0  0.32   4  39  12:24am  SE 29.64   76
12   31.5  36.3   2:43pm  28.0  10:01pm   33    0  0.03   0   5   8:44am WSW 30.01   91
13   30.5  34.4   3:18pm  26.3   4:31am   34    0  0.04   0   4   5:20pm WNW 30.32   91
14   28.6  31.2   1:22pm  23.3  11:48pm   36    0  0.00   0   4  12:40pm WNW 30.42   90
15   25.7  29.5  10:45am  21.4   7:48am   39    0  0.01   0   5  10:13am WSW 30.28   90
16   22.5  28.3   4:45pm  16.8   9:33pm   42    0  0.00   0   6   3:51am  NE 30.41   87
17   21.8  32.3   2:19pm  15.2   3:37am   43    0  0.01   0   6   2:28pm NNE 30.45   84
18   24.1  31.6   3:09pm  18.9   4:55am   41    0  0.00   0   8   1:45pm   N 30.23   84
19   31.8  37.0   4:06am  24.2   2:14am   33    0  0.13   1  14   3:57am   S 29.86   87
20   32.8  39.8   2:10pm  26.0   6:15am   32    0  0.10   2  20   2:51pm SSE 29.55   83
21   32.2  37.6   1:48pm  30.7  10:30am   33    0  0.03   0   8   9:28pm SSE 29.60   88
22   35.6  42.3  12:37pm  32.0   1:09am   29    0  0.07   8  31   7:23pm  SE 29.90   65
23   35.0  40.6   9:30am  28.6   9:36pm   30    0  0.04   6  35   7:40am  SE 29.55   81
24   27.6  31.7  10:33am  22.6   6:41am   37    0  0.01   0   5   7:38am ESE 29.88   80
25   24.0  30.4   2:56pm  19.9  10:11pm   41    0  0.00   0   7   5:13am SSW 30.27   88
26   24.0  29.8   2:51pm  18.7  11:58pm   41    0  0.00   0   8  12:49pm  SW 30.50   85
27   20.2  30.3  11:16am  13.4  11:21pm   45    0  0.01   0   4   1:45pm  SW 30.83   78
28   19.9  30.6  12:50pm  14.1   7:03am   45    0  0.00   0   6   1:32pm  SW 30.98   78
29   19.7  31.5   1:32pm  14.0   6:23am   45    0  0.01   0   4  12:39pm WSW 30.89   82
30   19.3  29.2   2:40pm  11.9   4:43am   46    0  0.00   0   5   9:27am WSW 30.63   86
31   23.7  38.3   8:42pm  16.8   8:39am   41    0  0.00   0   9  11:38pm WSW 30.37   87
---------------------------------------------------------------------------------------
TOT  27.0  52.3   1/9/17   3.6   1/6/17 1178    0  2.38   2  41   1/9/17  SE 30.18   83

HEAT BASE: 65.0
COOL BASE: 65.0