NOAA-Style Climate Reports


Report for 2017 February
                  MONTHLY CLIMATOLOGICAL SUMMARY FOR 2/2017
                                        HEAT  COOL        
     MEAN                               DEG   DEG       WIND SPEED       DOM MEAN  MEAN
DAY  TEMP  HIGH   TIME     LOW   TIME   DAYS  DAYS RAIN AVG  HI  TIME    DIR BAROM HUM
---------------------------------------------------------------------------------------
1    32.5  42.9  12:02pm  25.0   4:06am   32    0  0.02   0   6  12:41am  SW 30.17   76
2    35.7  43.5   5:36pm  28.9  12:19am   29    0  0.06   0  16   3:32pm  SW 30.13   79
3    42.6  49.2   3:14pm  34.4  12:30am   22    0  0.00   5  32   6:28pm  SE 29.98   62
4    47.4  54.2   2:28pm  44.0   7:20am   18    0  0.01   3  25   1:17am  SE 29.92   56
5    48.3  53.1   2:17pm  43.1  12:53am   17    0  0.00   5  30  11:38pm  SE 29.84   52
6    46.5  50.1   1:34am  41.4  11:39pm   19    0  0.03   7  32   5:42am  SE 29.62   54
7    46.7  53.7   4:00pm  41.6  12:00am   18    0  0.27   6  41   9:42am  SE 29.67   69
8    50.0  57.5   3:03pm  42.2   3:12am   15    0  0.00   2  21  10:02pm SSE 30.00   50
9    59.2  64.3   4:11pm  51.3   2:31am    6    0  0.01   7  36  11:40am  SE 29.83   46
10   49.9  60.2  12:22am  35.2  11:55pm   15    0  0.82   2  28  12:36am SSE 29.72   69
11   36.4  43.3   3:20pm  31.9  10:32pm   28    0  0.41   0  12   3:33pm  NW 30.17   82
12   32.1  42.7   2:51pm  24.1   5:22am   32    0  0.01   0   9   4:38pm   N 30.45   68
13   32.0  42.5   2:27pm  24.5   5:49am   33    0  0.00   0   7   1:03pm NNW 30.38   70
14   35.0  45.5   3:21pm  27.5   7:53am   30    0  0.00   0   7   2:34pm NNW 30.37   70
15   40.0  52.2   2:52pm  31.6   2:13am   25    0  0.00   0   9   2:24pm NNW 30.27   61
16   46.3  55.9   1:41pm  36.1   3:45am   19    0  0.00   3  24   8:02pm SSE 29.88   43
17   45.3  53.2   1:00pm  36.3   6:16am   20    0  0.06   3  35   8:27pm  SE 29.64   59
18   49.1  53.2   2:16pm  46.3   5:57am   16    0  0.00   3  21  12:21am  SE 29.53   54
19   46.5  52.3   5:23pm  39.0   8:53am   18    0  0.43   3  24   9:20am ESE 29.61   69
20   48.6  52.5   5:04pm  42.8   1:40am   15    0  0.00  11  42  11:39pm  SE 29.90   58
21   48.6  60.3   3:01pm  33.9   9:37pm   16    0  0.30  10  46   6:54am  SE 29.90   65
22   34.5  42.8   1:44pm  28.0  10:51pm   31    0  0.15   1  18   6:15pm NNE 29.89   87
23   26.6  28.3  12:03am  21.7  11:34pm   38    0  0.00   1  15   9:20am WSW 29.87   89
24   24.6  30.6   4:47pm  21.5  12:39am   40    0  0.01   1  11  10:29pm ESE 30.19   77
25   26.2  35.4   1:17pm  22.1   4:47am   38    0  0.19   1  13  12:40am ESE 30.19   66
26   31.1  38.6  11:07pm  19.7   7:11am   34    0  0.01   4  25  10:37am ESE 29.96   53
27   31.0  38.7  12:09am  25.5   8:13am   34    0  0.09   2  36   1:44am  SE 29.75   79
28   27.6  38.2   2:35pm  21.1   1:35am   37    0  0.38   1  19   4:07pm  NW 30.09   72
---------------------------------------------------------------------------------------
TOT  40.0  64.3   2/9/17  19.7  2/26/17  696    0  3.26   3  45  2/21/17  SE 29.96   66

HEAT BASE: 65.0
COOL BASE: 65.0