NOAA-Style Climate Reports


Report for 2017 March
                  MONTHLY CLIMATOLOGICAL SUMMARY FOR 3/2017
                                        HEAT  COOL        
     MEAN                               DEG   DEG       WIND SPEED       DOM MEAN  MEAN
DAY  TEMP  HIGH   TIME     LOW   TIME   DAYS  DAYS RAIN AVG  HI  TIME    DIR BAROM HUM
---------------------------------------------------------------------------------------
1    33.7  41.9   2:11pm  25.7   1:01am   31    0  0.06   1  15  10:14pm ESE 30.51   55
2    38.5  49.8   4:15pm  28.4   5:38am   26    0  0.00   0  10   4:24pm ESE 30.49   46
3    44.4  56.4   2:30pm  31.1   2:19am   21    0  0.00   1  25  11:45pm SSE 30.16   38
4    53.5  58.0   4:02pm  50.2   7:52am   11    0  0.00   8  35  10:19pm  SE 29.72   28
5    46.7  57.7   2:32pm  25.8  11:58pm   18    0  0.00   9  46   3:12pm  SE 29.43   43
6    27.5  33.5   5:20pm  21.7   3:53am   37    0  0.49   2  19   4:15pm WSW 30.00   69
7    37.3  45.5   3:11pm  27.2   6:55am   27    0  0.11   2  13   8:58am   S 30.32   47
8    50.1  58.9   3:56pm  42.3   4:15am   15    0  0.00   1  16   9:19pm  SE 30.18   45
9    53.5  63.0   2:07pm  45.5   6:56am   11    0  0.00   1   9  12:08pm WNW 30.11   42
10   54.0  63.4  12:50pm  48.0   6:38am   11    0  0.00   0   9   1:42pm WNW 30.04   48
11   50.5  60.0   1:58pm  42.0   7:17am   14    0  0.00   1  11  12:49pm   W 30.09   60
12   51.3  57.3   4:31pm  45.9  10:41pm   13    0  0.00   1  11   2:21pm WNW 30.10   49
13   53.6  65.1   5:14pm  42.6   6:39am   11    0  0.00   1  18   8:51pm   W 30.14   35
14   60.6  72.8   4:22pm  49.4   6:35am    6    2  0.00   1  10   4:25pm  SE 30.03   35
15   63.3  74.6   4:26pm  51.4   6:07am    4    2  0.00   3  23  10:10pm  SE 29.90   26
16   61.4  67.5   4:29pm  53.5   8:07am    4    0  0.00   2  27  12:21am WNW 29.88   30
17   59.2  70.7   5:07pm  49.0   6:00am    7    1  0.00   0   8   9:00pm ESE 29.99   35
18   67.3  77.3   3:48pm  58.2   1:41am    1    3  0.00   4  33  11:46pm  SE 29.84   23
19   60.9  69.4   2:42pm  50.0   6:28am    5    1  0.00   1  27   1:58am WNW 29.87   43
20   61.5  70.5   1:34pm  51.9   6:12am    4    1  0.00   3  25  12:44pm ESE 29.83   38
21   65.4  70.6   4:14pm  57.4  11:59pm    1    1  0.00   6  28   1:50am  SE 29.68   27
22   54.0  61.7  12:37pm  48.7  11:12pm   11    0  0.08   1  21   6:00am ESE 29.63   64
23   38.6  49.5  12:10am  34.2   2:33pm   26    0  1.63   0  18  12:14am ESE 29.77   91
24   47.3  58.7   4:08pm  36.6   7:44am   18    0  0.00   1  17   8:22pm SSE 30.13   56
25   43.9  57.0   1:13am  36.9  11:31pm   21    0  0.72   1  23   1:04am  SE 29.90   77
26   44.2  53.4   3:35pm  35.9   4:04am   21    0  0.00   0  13   9:46pm  NE 29.99   64
27   43.0  49.5   2:34am  37.0   1:04pm   22    0  0.66   1  19   6:18am ESE 29.83   78
28   42.9  52.7   4:14pm  35.3   5:57am   22    0  0.00   1  17   3:23pm WNW 30.09   70
29   46.6  57.8   5:22pm  34.0   7:41am   18    0  0.00   1  16  10:40pm WNW 30.14   54
30   47.7  54.0   8:48am  40.6   9:18pm   17    0  0.39   2  24   8:57am  SE 29.59   69
31   44.3  51.8   5:14pm  37.1   7:16am   21    0  0.03   4  41   8:09pm ENE 29.64   76
---------------------------------------------------------------------------------------
TOT  49.9  77.3  3/18/17  21.7   3/6/17  477   11  4.17   2  43   3/5/17  SE 29.97   50

HEAT BASE: 65.0
COOL BASE: 65.0