NOAA-Style Climate Reports


Report for 2017 April
                  MONTHLY CLIMATOLOGICAL SUMMARY FOR 4/2017
                                        HEAT  COOL        
     MEAN                               DEG   DEG       WIND SPEED       DOM MEAN  MEAN
DAY  TEMP  HIGH   TIME     LOW   TIME   DAYS  DAYS RAIN AVG  HI  TIME    DIR BAROM HUM
---------------------------------------------------------------------------------------
1    50.5  61.1   2:18pm  43.3   6:25am   14    0  0.00   5  37   1:55am ENE 29.94   51
2    46.3  51.9   6:08pm  41.1  12:15pm   19    0  0.31   1  12   8:48am WNW 29.88   69
3    42.6  50.5   2:08pm  35.1  10:07pm   22    0  0.00   1  14   1:12pm WNW 29.87   46
4    39.3  49.6   4:10pm  30.8   4:24am   26    0  0.00   3  22  11:38am WNW 30.12   51
5    46.8  60.7   3:10pm  32.6   6:41am   18    0  0.00   2  14  12:45pm   E 30.22   35
6    59.3  72.5   4:41pm  46.2   5:26am    7    1  0.00   3  27   9:53pm SSE 29.88   29
7    62.3  66.3   6:10pm  52.2  11:59pm    3    0  0.00   7  36   7:15am SSE 29.57   30
8    43.0  56.0   2:10pm  32.9  11:44pm   22    0  0.88   3  35   3:10pm  SE 29.63   80
9    35.8  45.0   5:58pm  30.6   7:27am   28    0  0.60   1  10   2:04pm  SE 30.11   71
10   45.2  57.4   3:36pm  32.2   6:54am   20    0  0.19   1  14  12:46pm ESE 30.15   38
11   50.4  61.1   1:44pm  40.0   5:07am   15    0  0.00   1  16  11:45pm  NE 29.95   43
12   61.5  72.3   4:31pm  50.0   4:27am    5    1  0.00   3  21   6:15pm ESE 29.83   28
13   63.2  76.3   4:34pm  42.7  11:48pm    4    3  0.00   7  37   6:02pm   S 29.53   28
14   45.1  54.5   1:09pm  36.6   6:02am   20    0  0.00   1   9   7:15pm WNW 29.87   58
15   43.1  54.8   5:10pm  30.8   7:48am   22    0  0.00   1  11   3:11pm WNW 30.13   52
16   55.1  69.1   4:50pm  41.4   1:57am   11    1  0.00   1  14  10:18pm  NW 29.97   43
17   61.7  67.6   3:15pm  54.7  11:06pm    3    0  0.00   3  29   4:03am  NW 29.74   32
18   52.1  60.6  12:22pm  40.5   8:48pm   13    0  0.72   1  22   6:23pm  NW 29.77   66
19   49.0  60.3   5:01pm  40.6  12:00am   16    0  0.05   1   9   3:34pm WNW 30.08   63
20   46.1  53.4   9:04am  37.2   8:37pm   19    0  0.95   1  15   4:58pm NNE 30.00   63
21   43.7  52.1   4:50pm  34.7   6:32am   21    0  0.02   1  10   4:31am WNW 30.20   64
22   50.5  63.9   4:51pm  39.3   5:58am   14    0  0.00   1  13   4:53pm WNW 30.10   43
23   56.0  67.0   1:06pm  47.0   1:18am    9    0  0.00   2  19   5:19pm  NW 29.70   42
24   49.3  54.2  12:35am  37.7  11:59pm   16    0  0.70   3  23   1:42am ESE 29.56   65
25   41.6  49.3   7:41pm  32.8   9:05am   23    0  1.93   1  12   6:43am NNW 29.78   81
26   46.8  56.3   3:05pm  39.5   9:40pm   18    0  0.14   2  16   2:01am   S 29.77   63
27   42.5  49.4   4:21pm  37.3  11:15am   22    0  0.73   2  26   5:00am WNW 29.75   64
28   36.9  40.4   6:39pm  33.3   6:54am   28    0  0.35   2  21   9:57am  NE 29.91   77
29   43.8  53.2   5:29pm  36.3   4:02am   21    0  0.03   2  26   7:28am  NE 30.16   48
30   50.5  61.2   1:44pm  38.9   6:01am   15    0  0.00   0   9   2:04pm WSW 30.07   44
---------------------------------------------------------------------------------------
TOT  48.7  76.3  4/13/17  30.6   4/9/17  495    6  7.60   2  36   4/1/17 ESE 29.91   52

HEAT BASE: 65.0
COOL BASE: 65.0