NOAA-Style Climate Reports


Report for 2017 May
                  MONTHLY CLIMATOLOGICAL SUMMARY FOR 5/2017
                                        HEAT  COOL        
     MEAN                               DEG   DEG       WIND SPEED       DOM MEAN  MEAN
DAY  TEMP  HIGH   TIME     LOW   TIME   DAYS  DAYS RAIN AVG  HI  TIME    DIR BAROM HUM
---------------------------------------------------------------------------------------
1    54.3  61.9   4:23pm  47.3   6:43am   11    0  0.00   1  12   2:16pm WNW 29.95   48
2    54.6  63.6   3:57pm  46.8   7:14am   10    0  0.02   1  13   2:47pm ENE 29.95   51
3    56.4  67.7   5:26pm  44.8   6:53am    9    0  0.00   0  11   1:46pm WNW 30.09   46
4    62.6  76.5   5:19pm  49.1   6:58am    5    3  0.00   0   8  12:39pm WNW 30.01   38
5    71.4  87.1   3:55pm  55.4   7:08am    2    9  0.00   1  18  10:39pm ESE 29.68   31
6    72.8  82.3   2:05pm  61.3   5:52pm    0    8  0.02   5  38   5:07pm ESE 29.38   26
7    68.1  77.4   3:38pm  56.4   7:15am    1    4  0.00   2  19   2:48am WNW 29.47   39
8    60.1  69.5   5:38pm  52.8   6:05am    5    0  0.00   1  12  10:57am  SW 29.68   63
9    62.4  72.9   2:23pm  51.1   6:54am    5    2  0.00   0  12   5:01pm WNW 29.69   56
10   64.4  74.8   5:22pm  52.1   6:50am    3    3  0.00   1  13   3:17pm WNW 29.69   45
11   69.8  82.4   4:20pm  56.3   6:02am    2    7  0.00   1  11  12:29pm WSW 29.80   34
12   73.2  81.6   3:26pm  52.0  11:59pm    0    8  0.00   6  35   1:58pm  SE 29.51   25
13   48.7  57.8   5:26pm  41.8   7:01am   16    0  0.00   0  10  11:59am  NW 29.65   53
14   53.5  69.0   3:26pm  39.3   2:50am   12    0  0.00   0  10   4:36pm WNW 29.75   42
15   57.4  68.5   1:14pm  47.2   7:03am    8    0  0.00   1  16   6:17pm  SW 29.58   46
16   54.3  61.1   6:30pm  48.8   7:18am   10    0  0.00   2  24   2:05pm ESE 29.57   55
17   39.5  53.0  12:00am  30.6   8:06am   25    0  1.12   1  23   2:43am  NW 29.73   72
18   39.9  47.6   6:01pm  28.9   2:54am   25    0  0.02   0  13  11:07pm ESE 30.02   73
19   48.0  60.0   5:50pm  40.0   4:44am   17    0  0.00   0  13   5:59pm ENE 30.08   55
20   56.8  69.5   3:31pm  39.6   6:01am    9    1  0.00   0   9   2:30pm   W 30.00   46
21   57.1  67.1   2:50pm  50.2   7:44am    8    0  0.05   1  12   3:50am SSW 29.98   62
22   62.4  74.2   2:32pm  48.8   6:50am    5    3  0.00   0  12   2:01pm   W 30.04   52
23   68.7  81.0   3:58pm  54.7   6:33am    2    6  0.00   0   8   1:01pm   W 29.88   38
24   72.0  85.0   3:29pm  62.8   5:53am    0    7  0.02   3  34   9:43pm  SE 29.45   30
25   60.1  69.0   5:13pm  52.9   5:39am    5    0  0.00   1  12   5:03am WSW 29.44   41
26   57.2  66.3   4:10pm  49.1  11:59pm    8    0  0.00   1  11   3:12pm   W 29.65   46
27   56.8  68.4   6:16pm  43.4   6:54am    9    1  0.00   1  13   4:31am   W 30.02   53
28   64.3  76.7   5:27pm  51.2   5:47am    4    4  0.00   1   9   2:23pm   W 30.01   41
29   69.7  81.8   4:06pm  56.4   6:39am    2    6  0.00   0   9  12:40pm   W 29.85   37
30   73.5  87.9   4:49pm  59.1   6:40am    1    9  0.00   1  13  11:53pm SSE 29.73   31
31   78.1  90.3   2:12pm  65.0   6:08am    0   13  0.00   3  21   9:53am ESE 29.55   21
---------------------------------------------------------------------------------------
TOT  60.9  90.3  5/31/17  28.9  5/18/17  221   95  1.25   1  30   5/6/17 WNW 29.77   45

HEAT BASE: 65.0
COOL BASE: 65.0