NOAA-Style Climate Reports


Report for 2017 June
                  MONTHLY CLIMATOLOGICAL SUMMARY FOR 6/2017
                                        HEAT  COOL        
     MEAN                               DEG   DEG       WIND SPEED       DOM MEAN  MEAN
DAY  TEMP  HIGH   TIME     LOW   TIME   DAYS  DAYS RAIN AVG  HI  TIME    DIR BAROM HUM
---------------------------------------------------------------------------------------
1    72.0  81.8   1:51pm  61.2   7:23pm    0    7  0.13   4  33   7:00pm ESE 29.55   34
2    68.7  80.8   4:39pm  56.3   6:55am    2    5  0.00   0   9   2:07am ESE 29.79   41
3    75.3  90.2   5:29pm  60.0   3:26am    1   11  0.00   1  15   3:52am  SE 29.76   29
4    81.2  92.3   4:34pm  68.0   6:01am    0   16  0.00   2  20  10:40pm  SE 29.53   23
5    74.8  85.8   6:02pm  62.1   6:02am    0   10  0.00   1  20  12:14am WSW 29.62   40
6    78.1  91.8   4:18pm  62.0   6:26am    0   13  0.00   1  15  10:58pm  NE 29.68   34
7    82.9  91.3   5:02pm  71.7   7:26am    0   18  0.00   3  23   3:08pm ESE 29.56   19
8    80.9  88.5   3:54pm  75.1   6:52am    0   16  0.00   6  29   4:56pm  SE 29.48   12
9    71.4  86.1   4:17pm  56.8  11:53pm    2    8  0.00   1  25  12:15am   W 29.42   38
10   64.8  78.5   3:24pm  52.7   6:19am    4    4  0.00   0   9   6:04pm NNW 29.47   50
11   71.2  83.4   6:09pm  54.7   5:46am    2    8  0.00   4  25   1:57pm SSE 29.39   34
12   61.8  73.8  12:00am  50.1  12:28pm    4    1  0.00   3  33  11:29am  SE 29.44   29
13   54.0  69.4   6:54pm  45.0   7:57am   11    0  0.33   0  12   9:16am SSW 29.83   66
14   65.3  77.4   3:19pm  51.7   6:34am    4    4  0.00   0   9   4:59pm WNW 29.88   44
15   72.3  86.3   5:05pm  58.8   4:51am    1    9  0.00   0   6  12:29pm WNW 29.78   35
16   76.5  88.9   3:46pm  64.0   5:39am    0   12  0.00   0  13  12:17pm WSW 29.71   33
17   70.6  78.7   5:55pm  60.4   6:26am    1    6  0.00   0  11   3:10pm   W 29.73   47
18   72.1  83.8   4:41pm  58.1   6:44am    1    8  0.00   0   9  11:44am   W 29.86   42
19   77.9  93.0   5:56pm  63.5   6:36am    0   13  0.00   0   8  11:40pm   W 29.82   40
20   83.8  99.5   4:27pm  71.9   5:10am    0   19  0.00   1  25   6:24pm SSW 29.69   28
21   83.9  98.4   5:27pm  70.2   6:47am    0   19  0.00   0   9   3:50am  SW 29.56   32
22   76.0  86.5   5:33pm  63.6   6:10am    0   11  0.00   0  10  12:34pm   S 29.63   29
23   73.5  85.2   5:15pm  59.7   4:18am    0    9  0.00   0  10   2:56pm   S 29.81   26
24   75.2  87.6   3:43pm  60.5   6:11am    0   11  0.00   0   9   4:27pm  SW 29.86   29
25   79.4  91.9   5:28pm  64.9   6:45am    0   14  0.00   0  11   3:12am  SE 29.81   30
26   83.8  97.6   2:44pm  67.4   6:48am    0   19  0.00   1  17   8:45pm ESE 29.63   24
27   81.0  88.7   4:16pm  68.9   6:22am    0   16  0.00   2  31   1:45am  SE 29.49   25
28   76.8  89.2   2:57pm  64.0   5:37am    0   12  0.00   0   9   4:35pm WNW 29.51   30
29   73.1  83.6   4:49pm  60.5   6:49am    0    8  0.00   1  16  10:43pm WNW 29.69   28
30   71.8  83.7   6:13pm  56.6   7:16am    1    8  0.00   1  19   1:14am ESE 29.81   32
---------------------------------------------------------------------------------------
TOT  74.4  99.5  6/20/17  45.0  6/13/17   35  314  0.46   1  33   6/1/17  SE 29.66   33

HEAT BASE: 65.0
COOL BASE: 65.0