NOAA-Style Climate Reports


Report for 2017 July
                  MONTHLY CLIMATOLOGICAL SUMMARY FOR 7/2017
                                        HEAT  COOL        
     MEAN                               DEG   DEG       WIND SPEED       DOM MEAN  MEAN
DAY  TEMP  HIGH   TIME     LOW   TIME   DAYS  DAYS RAIN AVG  HI  TIME    DIR BAROM HUM
---------------------------------------------------------------------------------------
1    77.2  93.0   4:49pm  61.6   6:43am    0   13  0.00   0   7   2:51am SSW 29.71   31
2    83.1  97.6   3:43pm  68.8   6:13am    0   18  0.00   0   9   2:05pm SSE 29.63   24
3    86.0  96.4   4:56pm  77.2   1:21am    0   20  0.00   1  22   7:12am WSW 29.63   18
4    87.3 100.8   4:02pm  71.1   6:55am    0   22  0.00   1  12  11:43pm SSW 29.65   22
5    88.3 102.0   2:37pm  75.6   7:02am    0   22  0.00   2  20   6:11pm ESE 29.65   21
6    88.2 102.1   4:09pm  73.4   7:02am    0   45  0.00   0  11  12:21am ESE 29.73   22
7    87.8 103.0   4:30pm  74.0   5:04am    0   23  0.00   0  11   6:14am ESE 29.73   25
8    87.7 103.4   4:24pm  76.1   7:07am    0   23  0.00   1  27  10:11pm SSE 29.69   26
9    85.3  98.6   2:38pm  74.2   4:49am    0   20  0.00   0  16   8:19pm ENE 29.66   29
10   82.8  94.5   3:10pm  73.2   4:29am    0   18  0.00   2  25  11:38pm ESE 29.60   36
11   83.2  93.2   2:20pm  74.4   7:03am    0   18  0.00   2  24   1:15am ESE 29.56   33
12   82.1  94.8   3:26pm  68.4   6:38am    0   17  0.00   0  15  11:31pm  SW 29.64   33
13   83.7  99.1   3:17pm  68.9   6:04am    0   19  0.00   0  11  12:00am   S 29.71   32
14   84.2  98.2   4:55pm  71.1   6:10am    0   19  0.00   2  24   7:33pm ESE 29.74   31
15   85.9  98.7   4:34pm  71.0   6:10am    0   21  0.00   1  21  12:27am WNW 29.72   28
16   86.4  97.8   3:14pm  74.1   7:22am    0   21  0.00   1  15  10:40pm ESE 29.61   28
17   83.7  98.1   4:40pm  73.7   6:21am    0   18  0.00   1  26   6:17pm ESE 29.56   32
18   85.3  99.6   4:10pm  70.6   5:41am    0   20  0.00   1  14  12:54pm  SE 29.61   34
19   82.7  93.2   4:15pm  70.8   1:21am    0   16  0.10   4  29   8:32pm  SE 29.60   38
20   80.6  89.5   6:08pm  71.7   4:09am    0   15  0.00   3  23  12:13pm  SE 29.65   41
21   84.5  94.4   4:52pm  72.5   7:57am    0   19  0.00   1  22   5:18am  SE 29.63   35
22   84.4  98.2   4:35pm  69.7   7:14am    0   19  0.00   0  10  10:50pm   S 29.68   32
23   83.5  97.8   3:05pm  70.2   7:13am    0   18  0.00   1  15   7:43pm ESE 29.64   29
24   83.0  97.8   4:14pm  71.5  11:51pm    0   17  0.14   1  24  10:49pm ESE 29.58   33
25   73.2  81.9   4:58pm  63.2   8:52am    0    8  0.10   1  16   5:12am ESE 29.71   59
26   74.6  88.9   6:08pm  62.5   5:44am    0   10  0.56   1  25   9:51pm SSE 29.83   63
27   77.0  90.5   4:43pm  63.9   7:15am    0   12  0.00   0  11  12:01am  SW 29.80   47
28   77.9  89.4   5:52pm  68.9   4:39am    0   13  0.01   0  20  11:01am  SE 29.75   42
29   79.8  95.2   4:05pm  66.3   6:20am    0   15  0.00   0   7   5:44pm  NW 29.77   41
30   82.3  94.3   5:31pm  68.4   7:17am    0   17  0.00   0  14  10:16pm ESE 29.80   33
31   84.4  97.1   5:31pm  71.7   4:56am    0   19  0.00   0  10   3:26am SSW 29.79   29
---------------------------------------------------------------------------------------
TOT  83.1 103.4   7/8/17  61.6   7/1/17    1  576  0.91   1  27   7/8/17 ESE 29.68   33

HEAT BASE: 65.0
COOL BASE: 65.0