NOAA-Style Climate Reports


Report for 2017 August
                  MONTHLY CLIMATOLOGICAL SUMMARY FOR 8/2017
                                        HEAT  COOL        
     MEAN                               DEG   DEG       WIND SPEED       DOM MEAN  MEAN
DAY  TEMP  HIGH   TIME     LOW   TIME   DAYS  DAYS RAIN AVG  HI  TIME    DIR BAROM HUM
---------------------------------------------------------------------------------------
1    85.9 100.3   3:43pm  72.0   7:01am    0   21  0.00   0  19  12:51am  SW 29.74   25
2    84.8  98.2   1:55pm  71.9   7:24am    0   20  0.00   0   6   9:01am  SW 29.70   25
3    86.2  98.2   3:10pm  76.6   4:27am    0   21  0.00   0  14   4:36am SSW 29.67   22
4    83.9  95.2   5:42pm  72.1   6:58am    0   18  0.00   2  32  11:31pm ESE 29.58   28
5    82.4  94.5   4:30pm  74.0   6:22am    0   17  0.00   2  29  12:00am WSW 29.55   29
6    77.6  89.4   5:34pm  68.0   7:28am    0   13  0.00   1  19   8:38pm  SE 29.61   32
7    75.8  89.0   4:52pm  65.7   6:18am    0   11  0.00   1  19  10:57pm  SW 29.73   40
8    74.6  86.3   4:49pm  65.3   4:44am    0   10  0.00   1  23  12:42am ESE 29.77   45
9    75.2  88.3   3:31pm  63.4   5:38am    0   10  0.00   2  24   9:46pm   E 29.78   45
10   75.5  89.0   4:54pm  63.0   4:44am    0   11  0.00   0  12  12:53am NNE 29.81   42
11   81.5  94.9   4:20pm  69.6   7:21am    0   16  0.00   2  22  11:49pm ESE 29.70   32
12   80.7  93.6   5:20pm  67.9   7:23am    0   16  0.00   2  28   9:29pm  SE 29.61   32
13   78.8  90.5   2:27pm  67.2   2:08am    0   13  0.02   2  25   3:28am ESE 29.57   34
14   72.7  84.7   2:04pm  62.4  11:08pm    0    8  0.07   0  15   1:56am   S 29.52   47
15   69.2  81.8   4:22pm  59.2   6:49am    1    6  0.00   0  11  12:58am SSW 29.66   47
16   73.5  88.9   5:10pm  60.1   5:09am    1    9  0.00   0  10   5:13pm SSW 29.75   30
17   78.4  90.1   4:22pm  67.8   6:14am    0   13  0.00   0  10   2:10pm WSW 29.76   28
18   77.8  91.5   4:25pm  64.6   7:10am    0   13  0.00   0   7   2:17pm WSW 29.77   27
19   80.4  94.2   3:44pm  66.7   6:29am    0   15  0.00   1  12  10:32pm  SW 29.68   23
20   82.2  94.4   4:42pm  69.8   6:32am    0   17  0.00   1  14   1:14am  SE 29.62   26
21   79.0  91.6   4:56pm  67.3   6:56am    0   14  0.00   0  10  12:07am  SE 29.73   32
22   76.8  91.8   2:53pm  68.2   6:24am    0   12  0.02   2  24  10:44pm SSE 29.81   37
23   76.1  87.6   1:50pm  66.2   5:49am    0   11  0.00   1  19  12:53am ESE 29.77   40
24   77.6  89.9   3:36pm  65.3   7:08am    0   13  0.00   1  24   3:51am  SE 29.67   34
25   79.8  94.0   3:44pm  68.6   6:12am    0   15  0.00   1  13   4:49pm  SE 29.67   29
26   82.7  96.0   4:22pm  69.1   7:40am    0   18  0.00   0  10   1:24pm  SW 29.76   27
27   82.7  97.3   4:41pm  69.5   6:05am    0   18  0.00   0   9  12:12am   S 29.81   26
28   82.4  96.6   3:45pm  69.4   7:42am    0   17  0.00   0   6   3:43pm   S 29.75   24
29   83.2  97.7   4:47pm  70.3   6:52am    0   18  0.00   0  16   9:46pm   S 29.71   26
30   80.8  92.4   2:30pm  72.2   7:46am    0   15  0.00   1  32   8:46pm ESE 29.68   34
31   75.0  86.7   3:51pm  67.1   6:43am    0   25  0.00   1  11   4:17pm  SE 29.75   45
---------------------------------------------------------------------------------------
TOT  79.1 100.3   8/1/17  59.2  8/15/17    2  453  0.11   1  29   8/4/17  SE 29.70   33

HEAT BASE: 65.0
COOL BASE: 65.0