NOAA-Style Climate Reports


Report for 2017 October
                  MONTHLY CLIMATOLOGICAL SUMMARY FOR 10/2017
                                        HEAT  COOL        
     MEAN                               DEG   DEG       WIND SPEED       DOM MEAN  MEAN
DAY  TEMP  HIGH   TIME     LOW   TIME   DAYS  DAYS RAIN AVG  HI  TIME    DIR BAROM HUM
---------------------------------------------------------------------------------------
1    48.4  54.0   5:37pm  40.7  11:32pm   17    0  0.05   0  10   1:44pm   W 29.78   63
2    41.9  51.2   5:28pm  34.4   9:16am   23    0  0.04   0   9  12:21pm WSW 29.89   64
3    47.7  61.9   4:48pm  32.8   7:37am   17    0  0.00   2  26   8:20pm WSW 30.05   50
4    56.8  63.9   3:31pm  46.8  11:51pm    8    0  0.00   2  25   4:11am ESE 29.93   42
5    50.3  62.1   4:33pm  41.6   7:17am   15    0  0.00   0   8   1:36pm   W 30.01   54
6    51.5  60.2   3:21pm  44.4   7:23am   14    0  0.00   1  15  11:36pm WSW 30.08   51
7    60.2  72.0   3:16pm  46.3   6:31am    7    2  0.00   3  24   8:34pm SSE 29.82   35
8    47.9  65.8  12:00am  37.5  11:56pm   17    0  0.00   0   8   4:38pm   N 29.71   52
9    44.4  54.6   3:12pm  36.6  12:44am   20    0  0.00   0  11   1:10am  NE 30.22   52
10   49.7  64.4   4:42pm  37.0   5:44am   15    0  0.00   0  15  11:38pm ENE 30.11   38
11   61.3  70.5   4:33pm  55.5  11:20pm    4    1  0.00   4  25   1:54pm  SE 29.74   24
12   48.3  57.4   3:34pm  40.8   8:45am   17    0  0.00   0   9   2:20pm   W 29.94   41
13   49.0  62.8   4:14pm  38.4   5:54am   16    0  0.00   0   7   2:42pm  SW 30.00   40
14   40.0  48.6   4:35pm  31.6   6:06am   25    0  0.02   0  11   5:15am  SW 30.35   59
15   42.5  58.7   4:06pm  31.8   7:40am   22    0  0.00   0   6   3:19pm WSW 30.51   42
16   49.0  65.6   4:52pm  38.8   9:23am   16    0  0.00   0   7   3:12pm WSW 30.33   40
17   54.4  71.1   4:49pm  43.9   8:35am   11    1  0.00   0   7   9:33pm WSW 30.12   34
18   56.9  71.8   4:47pm  46.9   5:06am    9    1  0.00   0   5   2:30pm WSW 30.00   33
19   61.1  74.6   5:25pm  49.0   7:34am    6    2  0.00   2  26  11:54pm  SE 29.76   30
20   53.7  66.8  12:07am  37.7  11:07pm   11    0  0.02   4  30   9:41am  SE 29.55   45
21   42.7  51.7   4:09pm  34.3   6:55am   22    0  0.04   0  13   8:08pm WSW 30.14   51
22   55.7  65.8   3:05pm  44.9  12:00am    9    0  0.00   1  14   9:41am ESE 30.27   33
23   53.8  62.2   3:53pm  47.0  11:24pm   11    0  0.00   0   9   2:42pm   W 30.40   49
24   50.0  61.5   4:13pm  42.1   6:56am   15    0  0.00   0   7   2:23pm   W 30.49   52
25   52.9  66.9   3:32pm  43.1   9:01am   12    0  0.00   0   6   1:30pm   W 30.14   46
26   52.8  61.0   4:18pm  47.1   6:00am   12    0  0.00   0   9   5:31pm   W 30.00   46
27   49.2  58.9   2:47pm  41.0   5:22am   16    0  0.00   0   8   3:02pm   W 30.14   51
28   51.3  61.7   4:36pm  43.9   6:17am   14    0  0.00   0   6   2:19pm   W 30.10   52
29   56.0  69.0   3:55pm  45.8   5:54am    9    0  0.00   0   7   1:42am   W 29.89   45
30   50.0  55.6   3:26pm  43.4  11:59pm   15    0  0.00   0   8   4:19pm   W 29.75   58
31   45.7  54.0   4:46pm  37.6   8:02am   19    0  0.00   1   8   1:18pm   W 29.90   54
---------------------------------------------------------------------------------------
TOT  50.8  74.6 10/19/17  31.6 10/14/17  445    7  0.17   1  30 10/20/17   W 30.04   46

HEAT BASE: 65.0
COOL BASE: 65.0