NOAA-Style Climate Reports


Report for 2017 November
                  MONTHLY CLIMATOLOGICAL SUMMARY FOR 11/2017
                                        HEAT  COOL        
     MEAN                               DEG   DEG       WIND SPEED       DOM MEAN  MEAN
DAY  TEMP  HIGH   TIME     LOW   TIME   DAYS  DAYS RAIN AVG  HI  TIME    DIR BAROM HUM
---------------------------------------------------------------------------------------
1    57.0  65.6   3:33pm  49.0  12:22am    8    0  0.00   3  20   9:22am  SE 29.68   34
2    58.5  67.2   3:29pm  48.7   7:39am    6    0  0.00   6  33  11:45pm  SE 29.66   43
3    55.0  59.3  12:00am  51.6   8:24pm   10    0  0.01   7  32  12:10am SSE 29.70   51
4    48.7  53.3  12:14am  38.8  10:16pm   16    0  0.04   2  24   2:02am  SE 29.72   62
5    43.6  48.6   1:19pm  40.2  11:55pm   21    0  0.01   0   5   9:50am   N 29.85   78
6    40.1  45.8   4:01pm  30.1  11:34pm   25    0  0.03   0  10   9:40am ENE 30.02   62
7    33.2  43.1   2:09pm  27.6  11:01pm   32    0  0.00   0   8   1:00pm  NE 30.33   65
8    35.9  47.5   3:01pm  27.4   5:51am   29    0  0.00   0   6   1:13pm  NE 30.28   48
9    47.2  59.7   2:33pm  35.4  12:00am   17    0  0.00   1  20  10:58pm SSE 29.99   42
10   45.4  50.9   2:14pm  40.7  11:57pm   20    0  0.00   0   4   1:40pm   S 29.88   59
11   44.4  53.6   3:41pm  37.2   4:35am   21    0  0.00   0   8   6:00am  SE 30.09   57
12   44.8  55.9  12:50pm  35.9   7:18am   20    0  0.00   0   4  12:49pm  SE 30.13   47
13   49.7  59.9   2:06pm  40.6  12:57am   15    0  0.00   0   8  11:26pm  SE 30.04   43
14   48.4  55.5   1:34pm  40.1  11:31pm   17    0  0.00   1  13   1:00am SSW 30.03   48
15   49.0  60.5   8:12pm  39.2  12:51am   15    0  0.00   2  30  10:53pm  SE 29.96   44
16   57.5  60.3   5:13pm  48.7  11:57pm    7    0  0.02  10  42   4:56am  SE 29.62   38
17   37.8  53.7   3:25am  30.1  10:58pm   27    0  2.35   2  26  12:57am  SE 29.84   82
18   30.8  37.4   3:34pm  25.5   8:13am   34    0  0.00   1   8   4:58am  NW 30.48   67
19   35.6  46.7   2:01pm  28.9   7:36am   29    0  0.01   0   4   1:26pm  NE 30.28   62
20   42.6  50.6   6:03pm  35.1  12:53am   22    0  0.00   0  14   2:11pm SSW 30.10   55
21   52.0  60.3   2:36pm  46.4   2:09am   13    0  0.01   0   8   2:13am ESE 30.23   60
22   54.5  64.9   2:38pm  47.9   7:44am   10    0  0.00   0   6  11:35am ESE 30.26   61
23   56.4  64.2  11:59pm  49.7   7:52am    9    0  0.00   1  18   8:27pm ESE 30.04   55
24   53.8  64.7  12:07am  46.5   9:44pm   11    0  0.00   1  18   1:36am  NW 29.88   53
25   50.3  58.6   3:02pm  43.3   6:07am   15    0  0.00   0   5   1:23pm  NW 30.13   55
26   56.4  67.4   7:58pm  47.9   4:42am    8    0  0.00   4  35  10:01pm  NW 29.96   38
27   50.5  65.9   1:07am  34.7  11:59pm   14    0  0.19   5  32   2:18am  SE 29.65   56
28   36.5  45.5   2:38pm  28.9   3:44am   28    0  0.00   0   5   9:47am NNE 30.19   69
29   38.7  47.5   2:49pm  33.1  11:58pm   26    0  0.00   0  15   2:42am  NE 30.31   68
30   35.3  44.5   3:26pm  31.0   7:45am   30    0  0.00   0   3   5:13am   E 30.26   75
---------------------------------------------------------------------------------------
TOT  46.3  67.4 11/26/17  25.5 11/18/17  556    0  2.67   2  42 11/16/17  SE 30.02   56

HEAT BASE: 65.0
COOL BASE: 65.0