NOAA-Style Climate Reports


Report for 2017 December
                  MONTHLY CLIMATOLOGICAL SUMMARY FOR 12/2017
                                        HEAT  COOL        
     MEAN                               DEG   DEG       WIND SPEED       DOM MEAN  MEAN
DAY  TEMP  HIGH   TIME     LOW   TIME   DAYS  DAYS RAIN AVG  HI  TIME    DIR BAROM HUM
---------------------------------------------------------------------------------------
1    39.8  48.5   3:07pm  33.1   2:15am   25    0  0.00   0   6   2:16am  NE 30.17   75
2    42.7  56.2  10:02pm  35.0   5:49am   22    0  0.00   1  28  11:54pm  SE 30.04   65
3    44.6  58.0   1:00pm  26.9  11:56pm   19    0  0.00   7  36  10:39am  SE 29.72   52
4    27.0  31.4  10:21am  22.3  10:34pm   38    0  0.11   1  16   2:32am   E 30.30   79
5    24.8  31.0   4:27pm  20.2   7:22am   40    0  0.01   0   4   4:16am  NW 30.65   69
6    24.5  32.9   1:46pm  19.0   7:57am   41    0  0.00   0   5  11:22pm   E 30.76   75
7    27.0  36.1   1:22pm  20.9   7:28am   38    0  0.00   0   5   1:23am  NW 30.78   66
8    28.1  36.7  12:45pm  22.4   8:55am   37    0  0.00   0   3  12:44pm  NW 30.77   66
9    29.1  38.5   2:32pm  24.0   8:18am   36    0  0.00   0   4   1:41pm  NW 30.75   68
10   28.0  38.1   2:13pm  22.3   7:19am   36    0  0.00   0   4   1:48pm  NW 30.74   74
11   25.8  33.0   2:47pm  21.1  11:07pm   39    0  0.00   0   1  11:13am  NW 30.73   81
12   24.0  37.1   4:12pm  17.9   7:53am   41    0  0.00   0   3  11:55pm WNW 30.69   77
13   23.8  35.3   6:05pm  18.1   4:32am   41    0  0.00   0  10   6:06pm WNW 30.47   87
14   28.4  37.7   2:45pm  22.3   8:08am   37    0  0.00   0   6   8:35am WNW 30.55   86
15   33.2  44.2   1:31pm  26.9   5:53am   32    0  0.00   0   5   1:42pm WNW 30.30   66
16   30.6  37.8   2:38am  27.6  11:18pm   34    0  0.00   0  10   2:43am WNW 29.99   83
17   28.0  34.7  10:55am  23.1   9:55pm   37    0  0.12   0   6   1:36pm WNW 30.30   84
18   31.8  41.1   2:12pm  24.5  12:16am   33    0  0.03   0   4  12:02pm WNW 30.37   69
19   38.9  52.5   8:07pm  29.4   7:47am   26    0  0.00   2  35   8:00pm WNW 30.16   61
20   39.6  52.3   1:21am  22.7  11:52pm   25    0  0.00   7  43   3:40am  SE 29.75   56
21   23.6  33.3   1:01pm  18.9   4:55am   41    0  1.53   0   9   9:45pm ENE 30.17   74
22   28.4  36.6   9:12pm  20.5   7:13am   37    0  0.00   0  10  11:11pm ENE 30.36   57
23   32.2  36.6   7:30am  22.4  11:55pm   33    0  0.09   0  17   2:14am  SE 30.25   83
24   25.5  32.3  12:57pm  18.8   1:09am   39    0  0.09   0   4   2:57am WSW 30.42   75
25   36.3  41.8   5:11pm  28.6  12:00am   28    0  0.34   0   8   3:21am  SW 30.20   82
26   36.1  42.3  10:52am  30.4   8:36am   29    0  0.12   0   5   2:51am  SW 30.23   69
27   38.9  46.2   4:02pm  32.1   2:33am   26    0  0.01   0   7  11:52am  SW 30.29   53
28   41.0  49.9   3:47pm  33.2   4:01am   24    0  0.00   0  11   6:52pm  SW 30.28   43
29   46.5  57.0  11:41pm  38.3   5:53am   19    0  0.00   1  18  11:38pm  SW 30.15   32
30   49.7  57.7   1:37am  36.4   9:18pm   15    0  0.00   3  28   6:27am  SE 29.95   30
31   33.3  41.0   2:39pm  27.9   7:56am   32    0  0.00   0   6   3:02pm   E 30.24   59
---------------------------------------------------------------------------------------
TOT  32.6  58.0  12/3/17  17.9 12/12/17 1000    0  2.45   1  38 12/20/17  SW 30.34   68

HEAT BASE: 65.0
COOL BASE: 65.0