NOAA-Style Climate Reports


Report for 2018 January
                  MONTHLY CLIMATOLOGICAL SUMMARY FOR 1/2018
                                        HEAT  COOL        
     MEAN                               DEG   DEG       WIND SPEED       DOM MEAN  MEAN
DAY  TEMP  HIGH   TIME     LOW   TIME   DAYS  DAYS RAIN AVG  HI  TIME    DIR BAROM HUM
---------------------------------------------------------------------------------------
1    33.6  43.3   2:47pm  27.7   6:18am   31    0  0.00   0   7   3:22pm   E 30.40   60
2    31.7  41.6   2:30pm  26.3   6:02am   33    0  0.00   0   6   3:14pm   E 30.53   64
3    30.1  40.7   3:11pm  25.1   7:49am   35    0  0.00   0   6   1:53pm   E 30.43   60
4    32.3  42.5   3:02pm  26.1   5:32am   33    0  0.00   0   7   2:28pm   E 30.35   56
5    35.9  45.6   1:50pm  30.1   1:33am   29    0  0.00   0   5   9:01am   E 30.33   55
6    36.8  44.1  10:16am  32.0   9:34pm   28    0  0.29   0  11   8:28pm   E 30.17   75
7    36.3  46.7   2:52pm  28.8   9:02pm   29    0  0.10   0   7   3:45pm   E 30.27   87
8    38.8  43.8   6:11pm  32.9  12:00am   26    0  0.02   1  18   6:15pm  SE 30.10   67
9    47.1  49.3   9:19am  42.6  12:03am   18    0  0.30   9  31   2:09pm  SE 29.75   75
10   39.1  48.3  12:00am  29.0  11:48pm   25    0  0.19   0  11   1:25pm  NW 29.76   79
11   39.2  46.4  11:49pm  29.2  12:00am   26    0  0.00   5  31   8:33pm  SE 30.20   59
12   43.3  49.7   1:52pm  37.2  11:11pm   22    0  0.00   1  20   1:26am SSW 30.27   55
13   41.2  49.0   2:58pm  36.5  10:27pm   24    0  0.00   0  10   3:02am ENE 30.44   58
14   38.3  49.1   2:58pm  32.4   9:10am   26    0  0.00   0   5   1:18pm ENE 30.43   66
15   37.2  46.1   2:05pm  31.8   9:05am   27    0  0.00   0   5   2:06pm ENE 30.33   72
16   38.4  48.2   3:01pm  32.0   7:17am   27    0  0.00   0   7   1:11pm ENE 30.33   57
17   39.7  50.4   3:02pm  31.8   7:20am   25    0  0.00   0   9  12:52am ENE 30.38   62
18   47.0  55.8   5:58pm  36.4   3:58am   18    0  0.00   3  33  10:57pm ENE 30.08   47
19   45.6  55.5  12:08am  29.7  11:54pm   19    0  0.01   6  40   2:31am  SE 29.72   58
20   28.8  33.3   1:14pm  25.0  11:59pm   36    0  0.00   0   4   6:21pm WNW 29.93   93
21   26.9  37.3   3:31pm  21.0   3:49am   38    0  0.34   0   6   5:06pm WNW 30.29   81
22   27.8  33.5   4:03pm  20.9   5:55am   37    0  0.03   1  12   2:23am  SE 30.42   73
23   32.3  41.9   4:04pm  26.0   3:45am   33    0  0.39   0   3   2:15pm  SE 30.43   74
24   38.3  49.8  10:59pm  27.7   7:49am   27    0  0.03   2  31   9:41pm  SE 30.22   50
25   40.6  49.4   1:28am  29.0  11:37pm   24    0  0.00   5  31   3:27am  SE 29.82   48
26   31.7  36.5   3:14pm  27.1   2:39am   33    0  0.02   1  18  11:16pm  SE 30.25   67
27   36.8  42.5   2:17pm  31.2   8:30am   28    0  0.00   1  18   2:16am  SE 30.41   45
28   43.0  50.0   3:27pm  38.5   1:57am   22    0  0.00   0   7  11:37pm SSW 30.53   53
29   42.0  49.9   2:52pm  36.0   7:50am   23    0  0.00   0   5   9:35pm   E 30.42   59
30   49.4  57.4   6:40pm  41.0   6:17am   16    0  0.00   2  20   5:55pm  SE 30.05   40
31   44.3  51.6  12:14am  37.5   8:29am   21    0  0.00   0   7   2:56pm  SW 29.95   51
---------------------------------------------------------------------------------------
TOT  37.9  57.4  1/30/18  20.9  1/22/18  840    0  1.72   1  37  1/19/18  SE 30.23   63

HEAT BASE: 65.0
COOL BASE: 65.0