NOAA-Style Climate Reports


Report for 2018 February
                  MONTHLY CLIMATOLOGICAL SUMMARY FOR 2/2018
                                        HEAT  COOL        
     MEAN                               DEG   DEG       WIND SPEED       DOM MEAN  MEAN
DAY  TEMP  HIGH   TIME     LOW   TIME   DAYS  DAYS RAIN AVG  HI  TIME    DIR BAROM HUM
---------------------------------------------------------------------------------------
1    43.0  49.4   4:27pm  37.7   8:13am   22    0  0.00   0   5  12:58pm WSW 30.20   57
2    47.4  52.6   2:28pm  43.4   4:12am   18    0  0.00   0   9  10:50pm WSW 30.21   56
3    49.0  53.8  12:17pm  43.1   5:49am   16    0  0.00   1  12  12:40am WSW 30.09   55
4    47.9  52.8  10:44pm  42.1   4:20am   17    0  0.00   2  15   9:40pm SSE 30.08   55
5    47.8  51.8  12:30am  41.3  11:59pm   17    0  0.00   1  21  11:54pm  SW 29.93   49
6    38.3  42.7   4:53pm  34.0   5:54am   27    0  0.00   0  21  12:00am WSW 30.13   64
7    43.8  51.6   1:58pm  35.0   7:50am   21    0  0.00   1   8  12:26pm SSW 30.42   47
8    49.2  57.8   3:42pm  41.5   6:18am   16    0  0.00   1  15   7:52pm SSE 30.22   43
9    51.4  55.9   1:04pm  43.8  11:54pm   14    0  0.00   1  12  12:15pm SSE 29.86   36
10   35.5  43.8  12:00am  26.4  10:33pm   29    0  0.00   3  21   3:38pm  NW 29.90   47
11   36.1  44.5   8:58pm  24.8   4:10am   29    0  0.00   3  21   7:38pm  SE 29.99   37
12   37.3  43.8   1:47am  30.9   7:35pm   28    0  0.01   1  21   4:03am  SE 29.76   53
13   33.4  42.4   3:38pm  27.4   6:01am   32    0  0.00   0   5   3:46pm WSW 30.27   76
14   39.9  48.4  11:39am  31.7  11:58pm   25    0  0.00   1  15  11:03pm WSW 30.05   60
15   30.5  36.2   3:17pm  24.6   9:43pm   34    0  0.02   1  15  10:11am WNW 30.22   71
16   32.5  41.9   2:35pm  23.1   3:02am   33    0  0.02   1  12   1:11pm SSW 30.35   47
17   43.3  52.7   4:00pm  35.6   7:38am   18    0  0.00   3  28   7:20pm SSE 30.13   35
---------------------------------------------------------------------------------------
TOT  41.5  57.8   2/8/18  23.1  2/16/18  395    0  0.05   1  28  2/17/18 SSE 30.11   52

HEAT BASE: 65.0
COOL BASE: 65.0