NOAA-Style Climate Reports


Report for 2018 February
                  MONTHLY CLIMATOLOGICAL SUMMARY FOR 2/2018
                                        HEAT  COOL        
     MEAN                               DEG   DEG       WIND SPEED       DOM MEAN  MEAN
DAY  TEMP  HIGH   TIME     LOW   TIME   DAYS  DAYS RAIN AVG  HI  TIME    DIR BAROM HUM
---------------------------------------------------------------------------------------
1    43.0  49.4   4:27pm  37.7   8:13am   22    0  0.00   0   5  12:58pm WSW 30.20   57
2    47.4  52.6   2:28pm  43.4   4:12am   18    0  0.00   0   9  10:50pm WSW 30.21   56
3    49.0  53.8  12:17pm  43.1   5:49am   16    0  0.00   1  12  12:40am WSW 30.09   55
4    47.9  52.8  10:44pm  42.1   4:20am   17    0  0.00   2  15   9:40pm SSE 30.08   55
5    47.8  51.8  12:30am  41.3  11:59pm   17    0  0.00   1  21  11:54pm  SW 29.93   49
6    38.3  42.7   4:53pm  34.0   5:54am   27    0  0.00   0  21  12:00am WSW 30.13   64
7    43.8  51.6   1:58pm  35.0   7:50am   21    0  0.00   1   8  12:26pm SSW 30.42   47
8    49.2  57.8   3:42pm  41.5   6:18am   16    0  0.00   1  15   7:52pm SSE 30.22   43
9    51.4  55.9   1:04pm  43.8  11:54pm   14    0  0.00   1  12  12:15pm SSE 29.86   36
10   35.5  43.8  12:00am  26.4  10:33pm   29    0  0.00   3  21   3:38pm  NW 29.90   47
11   36.1  44.5   8:58pm  24.8   4:10am   29    0  0.00   3  21   7:38pm  SE 29.99   37
12   37.3  43.8   1:47am  30.9   7:35pm   28    0  0.01   1  21   4:03am  SE 29.76   53
13   33.4  42.4   3:38pm  27.4   6:01am   32    0  0.00   0   5   3:46pm WSW 30.27   76
14   39.9  48.4  11:39am  31.7  11:58pm   25    0  0.00   1  15  11:03pm WSW 30.05   60
15   30.5  36.2   3:17pm  24.6   9:43pm   34    0  0.02   1  15  10:11am WNW 30.22   71
16   32.5  41.9   2:35pm  23.1   3:02am   33    0  0.02   1  12   1:11pm SSW 30.35   47
17   44.9  53.7   9:39pm  35.6   7:38am   20    0  0.00   5  33   9:46pm SSE 30.07   33
18   39.8  52.5  12:00am  28.5  11:43pm   25    0  0.00   5  35   3:03am  SE 29.48   58
19   23.5  28.5  12:00am  14.5   8:34pm   41    0  0.00   0   0  12:00am   N 29.63   90
20   19.1  28.7   2:55pm  12.6   6:10am   46    0  0.13   1  12  11:40pm SSW 30.23   78
21   22.1  32.6   2:43pm  12.8   4:20am   42    0  0.40   0  12  12:17am SSE 30.32   58
22   25.4  34.1   2:00pm  17.6   2:46am   40    0  0.01   1  18   2:46pm   S 30.13   62
23   22.4  26.3  10:30am  14.8  10:36pm   43    0  0.00   0   7   1:51pm   S 30.16   87
24   22.4  28.7  12:09pm  15.0   6:21am   43    0  0.03   1  17   2:14pm SSE 30.26   72
25   27.4  35.1   1:20pm  21.3   6:46am   38    0  0.19   4  29   8:31pm  SE 30.28   56
26   36.3  41.2   2:40pm  30.4   1:00am   29    0  0.00   5  34   5:39am  SE 29.93   41
27   32.0  35.9  12:07am  26.3  10:49pm   33    0  0.00   0   6   3:11pm  SW 29.96   80
28   31.7  39.9   2:44pm  24.3   6:17am   67    0  0.01   0  10  10:36pm  SE 30.13   67
---------------------------------------------------------------------------------------
TOT  35.9  57.8   2/8/18  12.6  2/20/18  842    0  0.01   1  33  2/26/18  SE 30.08   59

HEAT BASE: 65.0
COOL BASE: 65.0