NOAA-Style Climate Reports


Report for 2018 March
                  MONTHLY CLIMATOLOGICAL SUMMARY FOR 3/2018
                                        HEAT  COOL        
     MEAN                               DEG   DEG       WIND SPEED       DOM MEAN  MEAN
DAY  TEMP  HIGH   TIME     LOW   TIME   DAYS  DAYS RAIN AVG  HI  TIME    DIR BAROM HUM
---------------------------------------------------------------------------------------
1    35.0  44.5  10:40pm  24.3   6:17am   60    0  0.01   3  29   4:47pm  SE 30.07   61
2    41.1  49.2   2:03pm  30.7  11:32pm   24    0  0.00   5  44  10:30am SSE 29.76   56
3    36.9  45.4  12:21pm  29.9   4:35am   28    0  0.00   1  15   7:20am SSW 29.80   75
4    28.8  35.5   1:05pm  25.8   7:02am   36    0  0.22   1  17   6:23pm WSW 30.06   86
5    30.7  40.1  12:09pm  25.5   2:46am   34    0  0.27   1  10   3:07pm  NW 30.42   65
6    32.3  40.8   5:32pm  24.8   2:07am   33    0  0.13   0   7   1:00am   N 30.44   50
7    35.7  48.0   4:02pm  25.7   3:51am   29    0  0.00   0   7   2:40pm   N 30.30   51
8    42.7  54.9   2:54pm  31.3   7:06am   22    0  0.00   0   6   3:09am   N 30.07   48
9    48.7  56.1  12:01pm  41.5   5:49am   16    0  0.00   1  14   3:41am ESE 29.88   40
10   45.1  55.2   2:46pm  35.8   7:24am   20    0  0.00   0  10   2:55pm ESE 29.96   52
11   47.9  60.8   3:36pm  37.0   8:16am   16    0  0.00   0   9   2:49pm SSW 30.07   45
12   49.5  61.3   3:54pm  39.6   7:26am   15    0  0.00   1   8   4:54pm SSW 30.09   49
13   53.2  66.1   3:54pm  40.1   7:34am   12    0  0.00   1  11  10:04pm  SW 29.94   43
14   51.4  58.9   1:35am  31.8  10:47pm   14    0  0.78   5  32  11:29am  SE 29.61   57
15   35.1  40.8   3:23pm  31.5   9:03am   30    0  0.57   0   7   9:31pm   S 29.72   90
16   40.3  48.9   4:19pm  30.8   1:10am   25    0  0.18   3  22  11:40am SSE 29.85   57
17   36.8  46.0  12:38am  30.5  11:53pm   28    0  0.18   2  27   5:35am SSE 29.77   72
18   32.3  41.8  12:57pm  27.0   8:21am   33    0  0.27   1  18   6:51pm WNW 30.05   78
19   36.5  45.7   5:20pm  25.2   7:36am   28    0  0.11   0  10   4:54pm NNW 30.23   66
20   43.6  55.6   4:21pm  33.3  12:17am   21    0  0.00   1  11   2:10pm ESE 30.06   42
21   50.5  60.9   4:56pm  42.1   1:59am   14    0  0.00   3  28   9:22am SSE 29.87   46
22   56.0  58.4  11:38am  53.5  11:46pm    9    0  0.01  10  41   7:06pm  SE 29.73   54
23   45.7  56.7   5:23pm  35.1   5:05am   19    0  1.89   2  43  12:19am  SE 29.85   71
24   46.0  53.0  12:26pm  38.0  11:58pm   19    0  0.00   3  30  10:48am  SE 29.73   53
25   32.1  38.0  12:00am  28.1  10:21pm   33    0  0.02   0   7   6:50pm   E 29.85   89
26   33.5  41.5   2:23pm  27.7   7:14am   31    0  0.35   0  12   4:41pm NNW 30.18   76
27   37.7  47.4   3:32pm  28.8   7:24am   27    0  0.00   1  11   2:28pm  NW 30.27   52
28   45.7  53.5   3:42pm  38.6  12:36am   19    0  0.00   1  14  11:21am WNW 30.08   52
29   46.3  53.7   4:15pm  38.1   6:49am   19    0  0.00   1  11   2:02pm WNW 30.10   45
30   51.7  62.5   3:31pm  40.7   5:34am   13    0  0.00   1  16   9:51pm   W 30.08   38
31   57.6  67.6   3:01pm  49.3   6:15am    8    0  0.00   1  14   1:35pm WSW 29.87   32
---------------------------------------------------------------------------------------
TOT  39.3  67.6  3/31/18  12.6  2/20/18  738    0  4.99   1  43  3/23/18 SSE 30.03   58

HEAT BASE: 65.0
COOL BASE: 65.0