NOAA-Style Climate Reports


Report for 2018 April
                  MONTHLY CLIMATOLOGICAL SUMMARY FOR 4/2018
                                        HEAT  COOL        
     MEAN                               DEG   DEG       WIND SPEED       DOM MEAN  MEAN
DAY  TEMP  HIGH   TIME     LOW   TIME   DAYS  DAYS RAIN AVG  HI  TIME    DIR BAROM HUM
---------------------------------------------------------------------------------------
1    54.8  63.8   4:47pm  42.8   7:40am   10    0  0.00   1  11   2:29pm   W 29.72   42
2    47.1  57.5  11:03am  28.9  11:52pm   18    0  0.07   2  24   1:20pm  NW 29.60   48
3    36.5  49.6   4:41pm  24.3   8:32am   29    0  0.00   0   9  10:49pm   N 30.19   29
4    47.3  55.0   5:36pm  39.2  12:48am   18    0  0.00   1  11   9:53pm ENE 30.08   28
5    52.6  60.4   3:57pm  44.9   4:58am   12    0  0.00   1  10   3:01am ESE 29.94   42
6    50.2  55.8  12:00am  46.1   7:27am   15    0  0.15   1  15  11:56pm NNE 29.76   70
7    52.0  57.3   6:22pm  46.5   4:24am   13    0  0.33   3  32   4:04pm  SE 29.68   77
8    45.7  51.7   6:36pm  40.1   6:42am   19    0  0.00   1  16  11:40am WNW 29.89   60
9    48.4  58.5   4:08pm  38.3   1:25am   17    0  0.00   1  12   3:27pm   W 30.22   49
10   56.5  66.5   1:50pm  44.7   7:25am    9    0  0.00   2  22   7:05pm   S 30.03   33
11   60.0  66.3  12:45am  51.0   7:46am    5    0  0.00   2  27   1:58am  NW 29.65   35
12   41.4  60.6   1:44am  33.7   9:20am   24    0  0.97   3  25   4:15pm WNW 29.60   65
13   35.2  42.4   7:46pm  27.9   3:03am   30    0  0.01   1  15  12:30am  NW 30.27   63
14   46.6  58.0   3:55pm  34.4   2:45am   18    0  0.02   1  10   3:24pm  NW 30.31   44
15   55.7  66.2   4:22pm  45.2  12:20am    9    0  0.00   3  31  11:47pm  SE 29.86   31
16   56.8  70.4   3:39pm  33.1  11:56pm    9    1  0.00   8  43  11:21am  NW 29.48   30
17   36.5  44.9   6:38pm  30.8   5:35am   28    0  0.77   1  19   4:07pm WNW 29.98   66
18   45.4  55.8   4:45pm  33.6   4:36am   20    0  0.00   1  11   9:58pm   S 30.15   36
19   56.0  66.7   3:46pm  47.2   6:42am    9    0  0.00   1  16   8:18am  SE 29.70   22
20   54.1  61.1   6:34pm  49.3   8:44am   11    0  0.00   1  30   4:09am ENE 29.74   44
21   56.6  66.6   6:41pm  45.1   6:48am    8    0  0.00   1  11   1:58pm WNW 30.01   38
22   62.7  74.0   3:52pm  50.0   7:25am    5    2  0.00   1  17  11:54pm WSW 29.87   32
23   57.4  67.3  12:52am  47.8   5:44am    8    0  0.03   2  22   1:00am WNW 29.89   42
24   53.5  64.8   4:08pm  41.7   6:34am   11    0  0.00   1  23  11:50pm WSW 30.12   42
25   59.3  72.8   3:47pm  44.9   6:45am    7    1  0.00   1  20  12:11am WSW 30.04   30
26   63.3  75.3   4:10pm  50.5   7:14am    4    3  0.00   1  10   1:47pm WSW 29.92   31
27   69.4  84.8   5:09pm  54.0   7:20am    3    7  0.00   1  18   8:58pm  SE 29.71   25
28   71.3  81.6   4:32pm  58.4  11:58pm    1    7  0.00   4  28   4:36pm  SE 29.44   23
29   55.1  65.1   3:32pm  46.6   6:56am   10    0  0.00   1  11  10:59am  SW 29.54   45
30   42.3  52.6   6:42pm  32.7   9:40am   23    0  1.89   0  12   3:27pm   S 29.77   75
---------------------------------------------------------------------------------------
TOT  52.3  84.8  4/27/18  24.3   4/3/18  402   22  4.24   2  40  4/16/18 WNW 29.87   43

HEAT BASE: 65.0
COOL BASE: 65.0