NOAA-Style Climate Reports


Report for 2018 May
                  MONTHLY CLIMATOLOGICAL SUMMARY FOR 5/2018
                                        HEAT  COOL        
     MEAN                               DEG   DEG       WIND SPEED       DOM MEAN  MEAN
DAY  TEMP  HIGH   TIME     LOW   TIME   DAYS  DAYS RAIN AVG  HI  TIME    DIR BAROM HUM
---------------------------------------------------------------------------------------
1    49.7  59.9   4:30pm  39.1   5:57am   15    0  0.00   1  11  12:14pm SSW 29.76   50
2    47.7  58.5   2:10pm  42.6   6:24am   17    0  0.25   0  11   5:22pm  SW 29.77   67
3    54.6  65.8   5:36pm  44.2   5:17am   10    0  0.00   0   9   1:01pm  SE 30.04   55
4    63.5  75.0   4:46pm  50.1   4:14am   14    3  0.00   1  10   5:29am  SE 30.10   33
5    67.6  79.3   1:00pm  56.1   5:18am    2    5  0.00   1  16  11:39am SSW 29.95   31
6    72.8  80.5   2:24pm  60.8   4:57am    0    8  0.00   4  26   2:55pm SSE 29.78   21
7    72.4  80.9   3:58pm  62.4   6:55am    0    8  0.00   2  27   1:06am   W 29.77   23
8    68.0  81.0   2:57pm  53.0   6:26am    3    6  0.00   0   7   2:31pm   W 29.86   31
9    72.2  84.2   6:02pm  60.8   6:02am    1    8  0.00   0   8  10:30am   W 29.67   30
10   66.9  73.3   4:28pm  59.1   4:23am    1    3  0.00   2  19   7:41am ENE 29.53   41
11   50.4  59.3  12:00am  43.3  11:58pm   15    0  0.05   0  15  12:47am  SE 29.56   82
12   46.1  53.2   7:02pm  41.9  10:32pm   19    0  0.28   1  17   6:19pm   S 29.76   83
13   53.8  69.0   3:04pm  41.9   4:37am   12    0  0.00   0  22  10:48pm  SW 29.88   53
14   55.7  71.2   3:15pm  47.0   6:19am   10    1  0.37   1  24   4:34pm ESE 29.86   64
15   59.4  72.4   4:45pm  46.4   4:56am    7    2  0.00   0   8   2:43pm   S 29.87   59
16   66.5  79.5   5:41pm  52.1   6:49am    4    5  0.00   1  16   2:47pm  SW 29.73   44
17   66.0  81.1   3:28pm  52.3   6:24am    3    4  0.00   1  18   8:01pm  SW 29.57   41
18   59.1  69.0   1:49pm  53.5   2:50am    6    0  0.05   1  13   5:32pm   S 29.67   56
19   64.2  75.3   5:20pm  51.7   6:41am    4    3  0.00   0  13  12:33pm   S 29.76   48
20   64.4  78.9   1:03pm  56.4   7:04am    3    3  0.03   1  24   4:39pm   S 29.68   47
21   65.0  79.2   1:40pm  54.0   6:57am    4    4  0.03   1  32   7:42pm   E 29.64   46
22   60.4  69.7   1:24pm  52.0   8:58pm    5    0  0.16   1  17  10:22pm SSW 29.67   61
23   61.6  74.8   5:25pm  50.8   6:04am    5    1  0.00   1  15   2:04pm   S 29.76   53
24   72.2  84.8   3:27pm  58.4   6:16am    1    8  0.00   1  12  12:00pm   S 29.80   36
25   74.3  86.4   5:43pm  60.3   6:58am    1   10  0.00   2  17   3:18pm SSW 29.61   29
26   71.9  82.0   2:07pm  62.5   4:40am    0    7  0.00   2  20   5:43am  SE 29.49   21
27   58.1  65.5   1:26pm  52.6  10:47am    7    0  0.27   1  18   5:21am  SE 29.67   69
28   57.1  64.7   1:23pm  51.2   1:43am    8    0  0.04   0   8   5:20pm  SE 29.86   72
29   64.5  78.4   6:01pm  53.5   3:34am    4    4  0.01   0  10   3:10pm  SE 29.79   55
30   70.0  83.4   1:30pm  58.9   5:59am    1    6  0.04   2  31   9:39pm  SE 29.55   41
31   68.7  82.8   5:26pm  55.2   5:30am    2    6  0.01   3  26   5:55pm   S 29.48   43
---------------------------------------------------------------------------------------
TOT  62.7  86.4  5/25/18  39.1   5/1/18  184  104  1.59   1  31  5/21/18  SE 29.74   48

HEAT BASE: 65.0
COOL BASE: 65.0