NOAA-Style Climate Reports


Report for 2018 June
                  MONTHLY CLIMATOLOGICAL SUMMARY FOR 6/2018
                                        HEAT  COOL        
     MEAN                               DEG   DEG       WIND SPEED       DOM MEAN  MEAN
DAY  TEMP  HIGH   TIME     LOW   TIME   DAYS  DAYS RAIN AVG  HI  TIME    DIR BAROM HUM
---------------------------------------------------------------------------------------
1    59.2  68.3   5:57pm  49.3   5:25am    6    0  0.04   1  16   4:17am   W 29.86   53
2    65.2  77.9   5:07pm  52.4   4:49am    4    4  0.00   0  12   4:43pm   W 30.07   36
3    71.6  86.1   5:38pm  56.2   6:14am    2    9  0.00   0   8   8:42pm   W 29.82   36
4    79.5  95.0   3:36pm  62.6   6:07am    0   15  0.00   1  18  11:49am   S 29.61   24
5    82.0  92.7   4:30pm  71.9  11:59pm    0   17  0.00   3  26   2:34am  SE 29.48   16
6    79.1  92.8   4:52pm  64.3   6:17am    0   14  0.00   1  21  11:48pm   S 29.48   23
7    79.4  87.0   4:12pm  73.9   7:31am    0   14  0.00   6  23   1:31am  SE 29.51   16
8    77.9  90.4   5:40pm  62.8   6:38am    0   13  0.00   1  18  12:43am  SE 29.65   26
9    81.4  89.5   5:44pm  74.9   6:44am    0   16  0.00   7  27   1:21pm  SE 29.45   13
10   61.3  80.2  12:00am  50.6   6:29am    5    1  0.00   0  33  12:27am   W 29.65   39
11   66.5  81.2   5:43pm  50.9   5:22am    4    5  0.00   0  11  12:15pm WSW 29.83   27
12   68.3  83.8   4:53pm  52.4   5:43am    3    6  0.00   0   9   1:25pm WSW 29.83   36
13   79.2  96.4   4:17pm  61.1   4:48am    1   15  0.00   1  20  11:48pm WSW 29.61   27
14   84.1  93.6   5:30pm  68.6  11:52pm    0   19  0.00   3  29   2:26am  SE 29.38   16
15   74.2  88.4   4:56pm  61.1   5:54am    1   10  0.00   0  17  11:32pm WSW 29.37   36
16   72.3  84.1   5:44pm  58.2   6:52am    1    8  0.00   1  17  11:54pm SSW 29.38   40
17   75.7  87.0   4:21pm  60.9  11:55pm    0   11  0.03   5  30   5:36am  SE 29.37   38
18   65.3  76.7   5:35pm  57.1   4:53am    3    3  0.04   0  14   2:39am WSW 29.69   52
19   66.1  76.9   4:11pm  56.3   4:50am    2    4  0.00   1  10   2:55pm SSW 29.85   44
20   71.0  82.4   5:52pm  58.4   3:43am    2    8  0.00   1  10   1:19pm  SW 29.87   40
21   78.0  90.9   5:03pm  64.4   7:01am    0   13  0.00   0  10   5:27pm  SW 29.70   29
22   72.6  83.9   5:22pm  59.7   6:41am    1    8  0.00   0  10   3:17pm   W 29.72   35
23   75.3  84.0   1:01pm  62.2  11:54pm    0   10  0.00   2  16   4:51am WSW 29.59   26
24   69.8  80.9   5:15pm  56.4   6:16am    1    6  0.00   1  15   3:22am   N 29.76   37
25   76.7  91.3   6:18pm  61.4   5:03am    1   12  0.00   1  17  11:50pm   N 29.72   28
26   85.1  95.8   5:44pm  69.8   5:45am    0   20  0.00   1  19  12:16am  SE 29.59   18
27   82.9  98.7   3:50pm  64.9   6:19am    0   18  0.00   1  22  11:51pm  SE 29.55   26
28   83.6  91.0   4:58pm  71.2  11:44pm    0   19  0.00   6  34   1:37pm  SE 29.37   14
29   70.3  78.9   3:22pm  60.1   6:21am    1    6  0.00   0   9   2:56pm   N 29.64   32
30   67.9  77.5   4:23pm  58.6   6:11am    2    5  0.00   0  10  12:03pm  NW 29.83   33
---------------------------------------------------------------------------------------
TOT  74.1  98.7  6/27/18  49.3   6/1/18   38  309  0.11   1  32  6/10/18  SE 29.64   31

HEAT BASE: 65.0
COOL BASE: 65.0