NOAA-Style Climate Reports


Report for 2018 July
                  MONTHLY CLIMATOLOGICAL SUMMARY FOR 7/2018
                                        HEAT  COOL        
     MEAN                               DEG   DEG       WIND SPEED       DOM MEAN  MEAN
DAY  TEMP  HIGH   TIME     LOW   TIME   DAYS  DAYS RAIN AVG  HI  TIME    DIR BAROM HUM
---------------------------------------------------------------------------------------
1    74.0  87.7   5:46pm  59.0   6:50am    1   10  0.00   1  16  11:57pm ENE 29.84   30
2    80.4  92.8   2:32pm  65.4   5:06am    0   15  0.00   1  22   8:17pm   E 29.62   23
3    77.2  85.8  12:45pm  67.3   3:49am    0   12  0.00   1  22  12:58pm ESE 29.55   31
4    78.7  94.6   6:39pm  61.9   6:03am    0   14  0.00   1  18   1:54pm   S 29.74   28
5    86.6  95.1   5:56pm  75.0   7:00am    0   22  0.00   3  17   1:29pm  SE 29.81   17
6    89.6 101.6   5:06pm  75.6   6:15am    0   25  0.00   3  23  10:36am ESE 29.77   20
7    89.6  99.5   2:41pm  79.0   3:36am    0   25  0.00   2  24   5:42am  SE 29.65   22
8    85.8 100.0   1:13pm  74.7   7:00am    0   21  0.03   4  44  10:12pm  SE 29.64   30
9    85.6  99.4   5:23pm  73.8   3:02am    0   21  0.00   2  25   9:12pm  SE 29.70   35
10   86.0  98.0   3:16pm  75.7   7:00am    0   21  0.00   1  17   9:06pm   S 29.65   34
11   82.4  93.3   2:31pm  71.9   6:52am    0   17  0.00   0   9  11:02am   S 29.61   40
12   83.9  95.7   4:20pm  73.1   5:46am    0   19  0.00   1  27   9:36pm   S 29.65   37
13   84.3  97.4   4:10pm  70.5   7:00am    0   19  0.00   0   9   6:26pm   W 29.71   35
14   79.6  85.8   5:56pm  75.8   7:43am    0   15  0.00   2  16   9:38pm ESE 29.72   40
15   83.0  97.7   3:58pm  68.1   7:07am    0   17  0.00   0  10   4:36pm   S 29.73   36
16   84.3  98.7   5:15pm  73.5   7:55am    0   19  0.09   1  21  11:17pm ENE 29.66   31
17   82.1  96.6   4:06pm  68.1  12:24am    0   17  0.03   1  25  12:55am   W 29.72   37
18   84.9  97.7   3:13pm  70.8   6:22am    0   20  0.00   0   8   4:08pm   W 29.71   26
19   86.3  98.6   5:34pm  72.5   5:56am    0   21  0.00   1  30  10:50pm  SW 29.65   21
20   83.4  93.4   6:27pm  75.5   3:49am    0   18  0.00   2  22  12:11am ESE 29.62   31
21   85.5  98.6   4:50pm  74.3   9:36pm    0   21  0.00   3  35   9:31pm SSE 29.64   32
22   77.2  85.2   4:23pm  72.5   6:57am    0   12  0.00   1  16   8:44pm ENE 29.79   47
23   80.6  93.8   3:18pm  66.7   6:50am    0   16  0.00   0  11  10:24pm WNW 29.84   39
24   84.6  98.8   5:48pm  70.4   6:49am    0   20  0.00   0  22  11:52pm   W 29.78   29
25   85.9  98.5   3:40pm  76.8   6:47am    0   21  0.00   1  18   1:23am ESE 29.75   30
26   85.1  97.4   3:24pm  73.6   7:18am    0   20  0.00   0   8   9:58pm NNE 29.73   28
27   85.5  98.1   4:14pm  73.1   7:03am    0   21  0.00   0  27  11:58pm  NE 29.65   25
28   86.3  98.4   5:24pm  74.0   6:14am    0   21  0.00   1  23  12:10am ESE 29.60   23
29   82.8  94.3   1:59pm  70.5   7:16am    0   18  0.00   0  11   2:52am SSE 29.71   24
30   83.1  96.9   3:05pm  70.0   4:15am    0   18  0.00   0   8   4:21pm SSE 29.76   21
31   84.5  99.5   4:23pm  71.9   6:30am    0   20  0.00   0   9   9:32pm   S 29.71   23
---------------------------------------------------------------------------------------
TOT  83.5 101.6   7/6/18  59.0   7/1/18    1  574  0.15   1  43   7/8/18 ESE 29.70   30

HEAT BASE: 65.0
COOL BASE: 65.0