NOAA-Style Climate Reports


Report for 2018 August
                  MONTHLY CLIMATOLOGICAL SUMMARY FOR 8/2018
                                        HEAT  COOL        
     MEAN                               DEG   DEG       WIND SPEED       DOM MEAN  MEAN
DAY  TEMP  HIGH   TIME     LOW   TIME   DAYS  DAYS RAIN AVG  HI  TIME    DIR BAROM HUM
---------------------------------------------------------------------------------------
1    86.4  98.3   4:32pm  76.1   6:55am    0   21  0.00   0   9   1:54pm SSW 29.64   29
2    79.1  87.3   5:21pm  67.4  10:56pm    0   14  0.24   3  27  11:16pm  SE 29.64   40
3    80.5  91.9   6:00pm  70.0   6:15am    0   15  0.00   2  24   4:12am  SE 29.64   37
4    77.7  90.3   3:38pm  64.7   5:07am    0   13  0.00   0  20  10:56pm  SE 29.61   33
5    77.6  88.6   4:18pm  67.4   4:31am    0   13  0.00   1  19  12:21am  SE 29.64   27
6    78.1  92.3   4:16pm  66.3   7:35am    0   13  0.00   0  16  12:47am  SE 29.79   22
7    78.9  92.8   2:44pm  65.2   5:57am    0   14  0.00   0   7   3:19pm  SE 29.75   23
8    82.3  96.0   3:41pm  68.7   5:58am    0   17  0.00   0   9  12:06am  SE 29.73   22
9    84.4  98.4   3:35pm  70.7   6:34am    0   19  0.00   0   9   4:10pm   S 29.72   22
10   87.1 101.4   5:15pm  75.5   5:37am    0   22  0.00   0  11   6:09am   S 29.65   20
11   85.9  99.9   3:26pm  74.7   7:06am    0   21  0.00   1  26  11:25pm SSW 29.60   22
12   84.6  97.2   4:48pm  72.4   7:26am    0   20  0.00   1  33  12:10am ESE 29.60   27
13   83.5  96.7   3:43pm  73.8   4:50am    0   18  0.00   1  16   8:48am NNE 29.60   29
14   83.7  95.2   4:34pm  74.0   8:14am    0   19  0.00   1  10  12:00am ESE 29.58   27
15   81.1  91.9   6:10pm  70.2   7:13am    0   16  0.00   1  14  11:09am ESE 29.64   29
16   80.9  92.7   3:41pm  69.6   7:27am    0   16  0.00   1  12   3:57pm  SE 29.75   34
17   80.3  95.2   4:26pm  63.8  10:33pm    0   15  0.05   0  15   8:21pm  SE 29.79   38
18   74.4  86.2   4:13pm  63.8   5:43am    0    9  0.00   0  14   2:01am  SE 29.84   43
19   75.9  89.3   4:34pm  63.0   6:35am    0   11  0.00   0  10   3:15pm  NE 29.82   28
20   77.7  89.5   4:21pm  66.7   6:26am    0   13  0.00   3  30  12:08pm  SE 29.62   27
21   75.6  88.4   4:26pm  66.4   7:59am    0   11  0.08   2  31   9:34pm  SE 29.68   42
22   70.0  79.9   2:09pm  60.8   3:46pm    0    5  0.77   4  27   6:38pm  SE 29.74   55
23   73.7  87.5   5:07pm  60.7   3:52am    1    9  0.00   1  24   6:08am  SW 29.77   41
24   78.5  88.0   5:35pm  74.3   6:23am    0   13  0.03   4  28   9:08am  SE 29.59   31
25   77.9  89.6   3:50pm  63.3   7:35am    0   13  0.00   2  23  11:01pm  SE 29.61   33
26   76.6  85.4   5:53pm  65.3   7:39am    0   12  0.00   1  21   3:23am SSE 29.56   23
27   68.9  77.9   2:52pm  59.1  11:46pm    1    5  0.00   0   9   2:59pm SSW 29.59   39
28   63.7  77.8   5:02pm  50.5   7:27am    4    3  0.00   0   7   3:16am SSW 29.87   46
29   71.4  87.2   5:26pm  56.2   5:18am    3    9  0.00   1  16   1:52pm  SE 29.81   36
30   79.9  87.3   4:46pm  74.8   7:12am    0   14  0.00   7  25   3:34am  SE 29.62   18
31   76.6  87.1   3:34pm  67.3   6:41am    0   12  0.00   1  18  12:03am  SE 29.61   25
---------------------------------------------------------------------------------------
TOT  78.5 101.4  8/10/18  50.5  8/28/18    9  426  1.17   1  30  8/20/18  SE 29.68   31

HEAT BASE: 65.0
COOL BASE: 65.0