NOAA-Style Climate Reports


Report for 2018 September
                  MONTHLY CLIMATOLOGICAL SUMMARY FOR 9/2018
                                        HEAT  COOL        
     MEAN                               DEG   DEG       WIND SPEED       DOM MEAN  MEAN
DAY  TEMP  HIGH   TIME     LOW   TIME   DAYS  DAYS RAIN AVG  HI  TIME    DIR BAROM HUM
---------------------------------------------------------------------------------------
1    71.7  85.2   4:59pm  60.6   6:59am    1    7  0.00   0   7  11:41am WSW 29.67   30
2    73.8  88.6   4:10pm  60.2   7:54am    1   10  0.00   0   6   1:36pm WSW 29.72   27
3    75.5  90.5   4:06pm  62.3   7:53am    0   11  0.00   0   8  11:37pm WSW 29.68   25
4    75.1  88.8   3:12pm  63.5   7:35am    0   10  0.00   0   7   1:09am SSW 29.70   24
5    76.2  90.7   4:13pm  63.8   6:38am    0   11  0.00   2  23  10:32pm  SE 29.79   24
6    77.2  90.4   4:07pm  64.8   7:32am    0   12  0.00   1  14  12:08am ENE 29.85   29
7    78.6  90.7   2:13pm  66.1   8:20am    0   14  0.00   1  14  10:57pm   E 29.81   28
8    79.8  90.4   5:10pm  70.6   4:51am    0   14  0.00   2  25   9:13am ESE 29.64   24
9    74.9  88.7   3:33pm  61.9   7:14am    0   10  0.00   0  10   4:59am   S 29.67   26
10   76.3  91.1   4:26pm  64.1   6:53am    0   11  0.00   0  13   1:16pm   S 29.61   23
11   75.4  89.3   3:44pm  62.6   6:32am    0   11  0.00   0  24  11:53pm  SW 29.53   24
12   75.5  83.5   3:06pm  68.6   9:16pm    0   10  0.00   3  25  12:09am SSE 29.46   20
13   70.0  80.6   3:29pm  58.0   6:16am    1    6  0.00   1  18   1:41am   W 29.61   27
14   72.6  86.7   4:21pm  56.2   5:37am    2    9  0.00   2  21   1:37am  SE 29.69   24
15   80.7  87.9   5:34pm  71.1  11:59pm    0   16  0.00   6  32   4:28pm  SE 29.56   16
16   74.5  87.9   4:11pm  60.5   6:39am    1   10  0.00   1  20  11:35am   S 29.62   29
17   73.1  86.8   3:29pm  58.6   7:33am    1    9  0.00   1  24  11:36pm  SW 29.66   31
18   77.8  86.5   4:04pm  68.6  11:59pm    0   13  0.00   4  23   6:53am  SE 29.56   19
19   69.7  83.1   2:47pm  56.7   6:33am    1    6  0.00   0   7   2:47pm NNE 29.53   23
20   62.8  73.5   4:37pm  53.8   7:29am    4    2  0.00   0  10   1:30pm   N 29.82   27
21   67.1  82.8   4:43pm  52.8   6:54am    4    6  0.00   1  10   8:45pm NNE 29.95   20
22   75.2  83.6   3:52pm  64.5   3:28am    0   10  0.00   4  24   6:25am  SE 29.76   18
23   73.3  80.6   1:55pm  62.2  11:53pm    0    8  0.00   4  26  12:46am  SE 29.60   24
24   60.6  71.3   2:03pm  50.1   8:07am    6    1  0.00   0   8   3:16pm  SW 29.78   33
25   58.1  70.9   3:38pm  47.9   6:51am    8    1  0.00   0   7   2:14pm   W 30.01   29
26   60.2  73.3   4:06pm  48.9   7:42am    7    2  0.00   0   8   3:38pm   W 30.08   29
27   65.6  79.1   3:40pm  52.5   7:37am    4    5  0.00   1  12   9:55pm   W 29.92   22
28   72.8  85.1   2:50pm  60.1   1:58am    1    8  0.00   2  17  11:26pm   S 29.71   19
29   76.6  82.0   2:58pm  72.0   8:00am    0   12  0.00   8  30   5:17am  SE 29.52   19
30   70.4  75.8  12:00am  60.7  11:59pm    0    6  0.03   4  30   1:32am  SE 29.55   32
---------------------------------------------------------------------------------------
TOT  72.4  91.1  9/10/18  47.9  9/25/18   40  261  0.03   2  30  9/29/18  SE 29.70   25

HEAT BASE: 65.0
COOL BASE: 65.0