NOAA-Style Climate Reports


Report for 2018 October
                  MONTHLY CLIMATOLOGICAL SUMMARY FOR 10/2018
                                        HEAT  COOL        
     MEAN                               DEG   DEG       WIND SPEED       DOM MEAN  MEAN
DAY  TEMP  HIGH   TIME     LOW   TIME   DAYS  DAYS RAIN AVG  HI  TIME    DIR BAROM HUM
---------------------------------------------------------------------------------------
1    65.6  78.4   4:15pm  52.7   7:03am    4    5  0.00   1  15   3:02pm ESE 29.74   40
2    68.0  74.7  12:09pm  55.9  10:25pm    1    4  0.76   5  26   5:50pm  SE 29.61   58
3    63.5  75.8   3:22pm  56.7   6:24am    3    2  0.10   0  19  10:58pm SSE 29.72   66
4    56.2  61.4   3:42pm  50.5  11:53pm    9    0  0.92   4  27   1:19am  SE 29.70   75
5    50.4  57.7   3:12pm  44.2   8:10am   15    0  0.32   0   9   3:15am   W 29.92   69
6    50.4  57.0   3:34pm  45.3   3:57am   15    0  0.00   1  16  10:40am  SE 29.77   57
7    49.5  56.0   4:05pm  45.5   7:46am   16    0  0.00   1  19  11:40am  NE 29.70   61
8    49.0  57.1   3:16pm  45.7  11:25pm   16    0  0.00   1  17   1:34pm ENE 29.77   56
9    47.8  55.0   3:58pm  40.9  11:53pm   17    0  0.49   1  18   3:24pm  SE 29.71   58
10   41.0  46.4   5:21pm  33.2   5:00am   24    0  1.36   0  14   3:32am WSW 29.84   85
11   44.6  52.5   5:52pm  37.8   7:40am   20    0  0.00   0   4   1:02pm  SW 29.96   71
12   47.8  58.3   3:25pm  39.8   7:32am   17    0  0.00   0   8   3:34pm   S 30.06   67
13   48.8  61.3   2:49pm  38.6  11:58pm   16    0  0.00   1  15   2:34pm   W 29.85   56
14   37.4  44.7   1:05pm  30.3   8:12am   27    0  0.00   0  11  10:43pm   W 30.16   62
15   38.1  49.7   3:46pm  27.9   7:55am   27    0  0.00   0   8   2:59pm SSW 30.43   52
16   45.4  58.0   4:15pm  33.5   7:22am   19    0  0.00   0   6   1:43pm SSW 30.32   54
17   54.0  62.8   1:20pm  44.3   7:08am   11    0  0.00   2  21   8:03pm ESE 30.15   42
18   52.1  61.6   3:21pm  43.6   7:41am   13    0  0.00   0  13  12:27am  SE 30.12   54
19   52.4  65.8   4:05pm  43.7   5:18am   13    0  0.00   0   7   4:10pm SSW 30.26   56
20   56.0  72.1   4:03pm  45.4   6:45am   10    1  0.00   0   5  11:50pm SSW 30.16   50
21   60.6  73.1   2:53pm  50.1   8:05am    5    1  0.00   1  18   4:11pm  SE 29.95   45
22   56.1  69.7   2:06pm  49.7   8:02am    9    0  0.07   0   9  10:16am   S 29.89   65
23   56.3  66.1   4:04pm  48.3   1:06am    9    0  0.00   1  16   1:05pm SSE 29.91   61
24   56.1  69.0   3:43pm  46.2   8:23am    9    1  0.00   0   7   2:13pm  SW 29.92   48
25   52.0  56.1   1:55am  46.6   9:52pm   13    0  0.00   0   8   3:04am  SW 30.02   63
26   52.1  65.8   5:05pm  42.7   6:33am   13    0  0.00   1  10   9:07pm SSW 30.16   53
27   59.0  72.1   4:35pm  49.0   6:20am    7    1  0.00   0   7   4:15pm   S 30.01   43
28   62.8  73.7   3:12pm  53.4   8:28am    4    2  0.00   2  26  12:12pm SSE 29.89   34
29   56.2  67.4  12:02am  44.2  11:57pm    9    0  0.00   3  27   1:03am WNW 29.82   40
30   41.5  49.2   2:06pm  36.0   8:04am   24    0  0.00   0  12   3:37pm  NW 30.08   52
31   40.6  46.9   3:18pm  32.9   6:36am   24    0  0.00   0   7   1:51am  SW 30.21   44
---------------------------------------------------------------------------------------
TOT  52.0  78.4  10/1/18  27.9 10/15/18  418   16  4.02   1  26  10/2/18 SSE 29.96   56

HEAT BASE: 65.0
COOL BASE: 65.0