NOAA-Style Climate Reports


Report for 2018 December
                  MONTHLY CLIMATOLOGICAL SUMMARY FOR 12/2018
                                        HEAT  COOL        
     MEAN                               DEG   DEG       WIND SPEED       DOM MEAN  MEAN
DAY  TEMP  HIGH   TIME     LOW   TIME   DAYS  DAYS RAIN AVG  HI  TIME    DIR BAROM HUM
---------------------------------------------------------------------------------------
1    32.8  39.1  11:14am  27.9   8:58pm   32    0  0.14   1  14  11:35am SSE 29.87   69
2    29.1  31.5  12:00am  26.2   7:38am   36    0  0.00   0   4  12:00am   W 29.94   88
3    26.3  36.9   1:20pm  21.1  11:52pm   39    0  0.01   0   3  12:08pm   W 30.36   84
4    23.2  34.7   2:55pm  17.7   8:15am   42    0  0.07   0   4   3:56pm   W 30.52   73
5    24.3  29.8   2:14pm  18.5  12:04am   41    0  0.00   0   9   3:06am SSE 30.27   86
6    27.3  32.3   2:27pm  23.8  10:34pm   38    0  0.04   0   5  11:28am SSE 30.28   88
7    30.1  39.8   1:15pm  25.7   4:15am   35    0  0.47   0   4   1:02pm SSE 30.35   87
8    32.5  37.3  12:01pm  29.9   5:42am   32    0  0.05   0   5   7:11am SSE 30.45   89
9    31.2  37.5   1:28pm  25.0  11:53pm   34    0  0.01   0   5   5:32am SSE 30.57   88
10   29.7  37.3  12:58pm  24.8   7:39am   35    0  0.00   0   5   2:43am SSE 30.37   87
11   28.3  30.7   2:32pm  24.2   8:33am   37    0  0.00   0   7   7:52pm SSE 30.37   89
12   28.4  32.7   3:10pm  25.7  10:51pm   37    0  0.01   0  12   5:35am   W 30.26   89
13   28.8  38.0   1:21pm  22.8   2:22am   36    0  0.08   0   4   1:26pm   N 30.58   68
14   30.8  48.3  10:08pm  23.5   7:52am   34    0  0.00   0  33  10:04pm   N 30.42   61
15   37.1  45.7   2:58pm  31.2   8:03am   27    0  0.00   0  25   1:01am SSE 30.26   62
16   39.8  49.6  11:56pm  32.1   4:46am   25    0  0.00   0   8  11:40pm SSW 30.27   56
17   43.5  52.1   7:52am  37.9  10:51pm   22    0  0.02   1  26   6:04am SSE 30.09   54
18   41.7  46.6   2:39pm  36.6  10:16am   23    0  0.00   0  13   9:02pm  SE 30.15   67
19   41.1  47.9   1:22am  37.4  11:58pm   24    0  0.02   1  16  12:11am WSW 30.28   63
20   41.1  51.7   4:03pm  33.2   8:03am   24    0  0.00   0   4   4:05pm  SW 30.22   59
21   41.2  49.0   5:53am  31.4  11:48pm   24    0  0.04   1  21   4:49am ESE 29.94   71
22   29.6  35.6  11:31am  25.8   8:18am   35    0  0.14   0   6   6:15pm   W 30.30   74
23   32.2  38.4   7:46pm  26.8   3:00am   33    0  0.00   0   6   6:22pm WSW 30.32   59
24   35.1  43.9   3:19pm  28.0   3:09am   30    0  0.11   0   4  10:53am  SW 30.09   81
25   35.2  40.4  11:26am  29.8  11:35pm   30    0  0.86   0   6   1:51am  SW 29.81   88
26   27.8  33.7  12:45pm  18.5  11:19pm   37    0  0.58   0   4   4:52pm  SW 30.06   89
27   23.7  28.0  11:53am  18.7   8:52pm   41    0  0.00   0  12  10:29pm  SW 30.06   87
28   23.2  31.7   1:06pm  13.8  11:32pm   42    0  0.07   1  24   7:10am WNW 30.26   59
29   22.3  31.4   1:14pm  14.6  12:25am   43    0  0.02   0   6   2:29am   W 30.53   72
30   27.7  38.5   2:39pm  22.7   6:32am   37    0  0.01   0  12   2:58pm  SW 30.09   83
31   21.1  28.4  11:46am  15.3  10:13pm   42    0  0.00   3  38   3:46pm ENE 30.06   70
---------------------------------------------------------------------------------------
TOT  31.2  52.1 12/17/18  13.8 12/28/18 1045    0  2.75   0  38 12/31/18 SSE 30.24   76

HEAT BASE: 65.0
COOL BASE: 65.0