NOAA-Style Climate Reports


Report for 2019 February
                  MONTHLY CLIMATOLOGICAL SUMMARY FOR 2/2019
                                        HEAT  COOL        
     MEAN                               DEG   DEG       WIND SPEED       DOM MEAN  MEAN
DAY  TEMP  HIGH   TIME     LOW   TIME   DAYS  DAYS RAIN AVG  HI  TIME    DIR BAROM HUM
---------------------------------------------------------------------------------------
1    41.1  53.3   3:38pm  31.1   5:08am   24    0  0.00   0  13   3:04pm   S 30.03   53
2    49.2  51.5   2:55pm  45.4   2:21am   16    0  0.03   0  11   2:25am  SE 29.69   50
3    42.0  49.3  12:00am  36.2   8:09am   23    0  0.77   1  24   8:06am   S 29.50   70
4    43.5  45.6   3:20pm  37.0  11:55pm   22    0  0.03   0   0  12:00am   N 29.51   56
5    32.3  39.3  12:59am  25.3  11:52pm   33    0  0.02   1  24  11:49am   S 29.53   78
6    22.8  27.4  12:54am  17.5  10:44pm   42    0  0.00   1  13   5:16am  NW 29.88   91
7    19.3  25.7   3:46pm  14.1   7:26pm   46    0  0.09   0  10   6:59am WSW 30.43   79
8    22.7  33.9   3:23pm  13.7   3:00am   42    0  0.05   0   7  10:36pm  SW 30.29   63
9    32.0  37.0  10:37am  24.5  12:36am   33    0  0.00   0  11  12:41am ESE 29.93   57
10   33.2  41.5   2:13pm  20.8  11:42pm   32    0  0.01   0  16   9:27pm  NW 29.73   61
11   23.1  29.3   4:06pm  15.8   8:55am   42    0  0.00   0   9  12:01pm SSW 30.16   68
12   32.7  42.6   2:46pm  23.0  12:43am   32    0  0.02   0  12   4:28am SSE 30.24   46
13   39.9  44.3   9:41am  34.3  11:27pm   25    0  0.84   0  18  11:10pm SSE 29.77   56
14   44.7  49.5   1:15pm  37.0  12:00am   20    0  0.20   0  20   8:40pm   N 29.58   68
15   38.4  49.8   4:05pm  25.1  11:17pm   27    0  0.01   0   8   6:37am SSE 29.68   72
16   29.7  37.1   1:04pm  24.8  10:02pm   35    0  0.25   0   6   8:15pm WNW 29.87   75
17   28.6  36.9  12:18pm  23.2   7:08am   36    0  0.04   0   8   1:32am SSE 29.90   73
18   24.8  30.8  10:51am  18.2  11:30pm   40    0  0.06   0  10   5:14pm WSW 30.05   73
19   19.9  23.5  11:53am  16.0   7:40am   45    0  0.00   1  12   4:30pm WSW 30.13   81
20   23.4  32.0   3:32pm  16.3   4:05am   42    0  0.01   4  23   5:43am  SE 29.89   67
21   25.8  33.3   2:25pm  17.1   7:48am   39    0  0.01   0  13   9:15pm  SW 29.77   62
22   24.0  31.3  11:41am  16.8  10:49pm   41    0  0.02   0   7  12:38am  NE 30.05   70
23   27.3  36.0   4:39pm  16.8   2:43am   38    0  0.01   0   7   7:15am ESE 30.33   54
24   37.9  43.2   4:06pm  32.4  12:15am   27    0  0.00   0   0  12:00am   N 30.14   37
25   44.3  50.0   3:53pm  36.7   6:01am   21    0  0.00   0  26   2:21pm   S 29.88   43
26   48.7  54.2   3:53pm  45.3   5:36am   37    0  0.00   0   0  12:00am   S 29.84   36
27   48.1  50.3  12:25am  40.0   1:12pm   17    0  0.08   0   0  12:00am   N 29.87   46
28   47.9  53.6   3:40pm  39.7  10:52pm   17    0  0.08   0  10   2:45pm  SE 29.81   52
---------------------------------------------------------------------------------------
TOT  33.8  54.2  2/26/19  13.7   2/8/19  893    0  2.63   0  26  2/25/19 WSW 29.91   62

HEAT BASE: 65.0
COOL BASE: 65.0