NOAA-Style Climate Reports


Report for 2019 March
                  MONTHLY CLIMATOLOGICAL SUMMARY FOR 3/2019
                                        HEAT  COOL        
     MEAN                               DEG   DEG       WIND SPEED       DOM MEAN  MEAN
DAY  TEMP  HIGH   TIME     LOW   TIME   DAYS  DAYS RAIN AVG  HI  TIME    DIR BAROM HUM
---------------------------------------------------------------------------------------
1    39.6  46.6  12:23pm  31.4   8:13am   25    0  0.02   0   7  12:24pm   W 29.95   63
2    32.3  37.3  10:27am  28.6   8:54pm   33    0  0.23   0   6   1:18am  NW 29.96   90
3    32.4  41.4   2:21pm  27.8   6:28am   32    0  0.35   0   1   1:48am NNE 30.07   86
4    33.2  41.5   1:31pm  25.0   7:16am   32    0  0.80   0   5  12:23pm ESE 30.18   64
5    40.9  50.0  12:38pm  31.3  12:22am   24    0  0.00   0  20   9:14pm   E 30.08   62
6    46.5  51.0   2:54am  40.0   5:26pm   19    0  0.41   0  23   5:11pm   S 29.70   69
7    41.8  49.5   4:14pm  34.3   7:19am   23    0  0.66   0   9  12:00am WNW 29.81   77
8    34.1  40.3   2:41am  27.9  10:26pm   31    0  0.11   0  19  12:15pm SSW 29.65   89
9    34.2  43.5   3:53pm  25.8   5:44am   31    0  0.41   0   7   2:16pm WNW 29.95   73
10   35.5  40.7   3:29pm  31.4   7:22am   28    0  0.02   0   2   9:04pm  SW 29.98   81
11   38.0  49.0   4:39pm  28.7   8:35am   27    0  0.00   0   7   1:21pm  SW 30.13   74
12   41.0  53.2   2:41pm  31.6   8:23am   24    0  0.13   0   8   2:56pm   W 29.73   70
13   29.0  38.4  12:00am  26.4   7:58pm   35    0  0.08   0  11   7:21am  NW 29.80   91
14   32.1  41.2   2:36pm  24.0   8:07am   33    0  0.52   0   6   2:53pm NNW 30.38   81
15   35.4  46.3   3:51pm  26.2   5:18am   30    0  0.02   0   6  12:22pm   W 30.45   61
16   39.3  51.7   4:29pm  29.2   6:33am   26    0  0.00   0   5   1:14pm NNW 30.35   64
17   44.3  57.4   4:05pm  34.0   7:34am   21    0  0.00   0   7   4:21pm  NW 30.23   57
18   46.1  57.9   4:15pm  37.0   6:27am   19    0  0.00   0   8   4:30pm  NW 30.12   50
19   45.9  58.2   4:30pm  35.7   7:56am   19    0  0.00   0  12   7:52pm  NW 30.14   45
20   50.1  61.9   2:13pm  37.0   5:19am   15    0  0.00   0  10  12:16pm WNW 30.06   23
21   48.3  54.5   1:26am  41.4  11:43am   31    0  0.04   0  12   7:36am WNW 29.82   55
22   42.1  48.9  11:47am  37.4   8:34pm   23    0  0.21   0  10  10:54am   S 29.93   75
23   45.5  54.5   2:40pm  39.7   5:52am   19    0  0.12   0   6   2:41pm   W 30.02   74
24   39.5  45.0   5:34pm  32.9  11:58am   25    0  1.03   0  10   9:02am  SE 30.09   84
25   48.5  62.9   4:28pm  35.7   7:21am   16    0  0.00   1   9   8:21am WNW 30.24   44
26   56.9  64.2   3:17pm  47.7   1:56am    8    0  0.00   1  21   2:16pm   S 29.88   30
27   58.9  64.0   2:26pm  54.2   3:41am    6    0  0.00   0   0  12:00am   N 29.74   22
28   48.9  58.6  12:00am  33.4  11:56pm   16    0  0.22   0  13   6:48am WNW 29.85   53
29   36.8  46.7   1:25pm  30.7   4:21am   28    0  1.13   0  10   6:10pm  NW 30.14   84
30   41.1  49.6   2:04pm  34.5   7:21am   24    0  0.23   0  11  10:37am ESE 30.29   61
31   43.1  53.6   3:41pm  32.6   7:10am   22    0  0.00   0   7  12:15pm  SW 30.21   46
---------------------------------------------------------------------------------------
TOT  41.3  64.2  3/26/19  24.0  3/14/19  745    0  6.74   0  21  3/26/19  NW 30.03   64

HEAT BASE: 65.0
COOL BASE: 65.0