NOAA-Style Climate Reports


Report for 2019 April
                  MONTHLY CLIMATOLOGICAL SUMMARY FOR 4/2019
                                        HEAT  COOL        
     MEAN                               DEG   DEG       WIND SPEED       DOM MEAN  MEAN
DAY  TEMP  HIGH   TIME     LOW   TIME   DAYS  DAYS RAIN AVG  HI  TIME    DIR BAROM HUM
---------------------------------------------------------------------------------------
1    49.0  58.3   1:51pm  40.6   6:04am   16    0  0.00   0  10   1:38pm WSW 30.03   44
2    47.7  53.3  10:37am  43.8  11:57pm   17    0  0.34   0  17   1:08pm SSE 29.76   65
3    46.6  57.1   5:39pm  38.7   9:37am   18    0  1.70   1  15  11:54pm ESE 29.85   79
4    54.4  64.8   2:41pm  44.7   5:31am   11    0  0.00   1  14  12:00am ESE 29.90   50
5    56.7  64.9   1:58pm  52.0  11:57pm    8    0  0.00   0   0  12:00am   N 29.69   41
6    47.9  56.9   4:07pm  40.3   7:46am   17    0  0.54   0  11   5:02pm ESE 29.90   70
7    56.0  66.0   3:23pm  47.7   1:13am    9    0  0.00   1  14  11:13am ESE 30.08   40
8    61.3  69.8   1:49pm  50.1   7:11am    5    1  0.00   2  22  11:51pm  SE 29.97   39
9    51.1  65.2  12:54am  38.1   6:36pm   14    0  0.48   3  30   4:11am  SE 29.63   63
10   36.2  40.7   6:36pm  33.0   7:39am   29    0  0.44   1  20   2:14pm  NW 29.83   88
11   39.4  48.0   5:24pm  34.9   7:57am   26    0  0.16   1  13   5:00pm WNW 29.93   74
12   38.1  46.2   3:36pm  30.0   7:46am   27    0  1.21   0  10   5:51pm  NW 29.86   79
13   41.6  50.7   4:36pm  34.2   3:37am   23    0  0.37   1  12   9:20pm   E 30.02   69
14   53.4  60.7   2:59pm  42.7  12:19am   12    0  0.00   0  13   2:13pm   S 29.74   45
15   47.4  57.2  11:56pm  43.8  10:46am   18    0  0.72   0   9   3:32am ESE 29.64   85
16   44.2  57.4  12:16am  40.0  10:53am   21    0  0.69   0   7   5:54am WSW 29.78   85
17   46.9  56.9   2:40pm  37.8   3:10am   18    0  0.01   0  11   2:33pm WNW 30.14   66
18   53.8  63.4   5:59pm  41.8   7:03am   11    0  0.00   0   8   2:01pm WSW 30.22   51
19   62.5  76.0   3:29pm  48.1   5:58am    5    3  0.00   2  21  11:34pm ESE 29.94   38
20   66.7  74.9   2:10pm  51.2  11:57pm    1    3  0.06   6  26   7:22am  SE 29.52   28
21   50.6  57.8   1:35pm  45.3  10:03pm   14    0  0.56   1  21   1:56pm ESE 29.67   80
22   51.3  60.1   5:19pm  42.5   5:35am   14    0  0.01   1  12  10:27pm WNW 30.01   70
23   56.5  66.3   4:11pm  45.6   6:13am    9    0  0.00   1  11   3:05pm   W 30.00   54
24   60.2  72.0   3:40pm  50.9   6:32am    6    1  0.00   1  18   6:34pm   W 29.89   48
25   62.1  72.8   4:06pm  50.5   7:21am    5    2  0.00   1  16  11:55pm WNW 29.91   52
26   63.4  74.4   2:49pm  52.5  11:58pm    3    1  0.01   2  31  12:24am  SE 29.74   44
27   58.4  70.1   4:52pm  44.9   6:35am    7    1  0.00   0  11  12:46pm   W 29.77   35
28   53.6  63.6  12:00am  42.7  10:17pm   11    0  0.00   1  15   1:47pm WNW 29.69   36
29   49.4  61.8   3:13pm  38.9   4:01am   16    0  0.00   1  19   3:16pm WSW 29.74   43
30   41.4  53.0  11:09am  32.5  10:24pm   24    0  1.57   0  14  12:29pm   W 29.71   69
---------------------------------------------------------------------------------------
TOT  51.6  76.0  4/19/19  30.0  4/12/19  414   12  8.87   1  30   4/9/19 ESE 29.85   58

HEAT BASE: 65.0
COOL BASE: 65.0