NOAA-Style Climate Reports


Report for 2019 May
                  MONTHLY CLIMATOLOGICAL SUMMARY FOR 5/2019
                                        HEAT  COOL        
     MEAN                               DEG   DEG       WIND SPEED       DOM MEAN  MEAN
DAY  TEMP  HIGH   TIME     LOW   TIME   DAYS  DAYS RAIN AVG  HI  TIME    DIR BAROM HUM
---------------------------------------------------------------------------------------
1    41.5  52.4   3:48pm  31.3   2:32am   24    0  0.12   1  13  11:56pm ESE 30.09   64
2    52.1  62.6   4:09pm  39.4   4:09am   13    0  0.00   1  14   1:00am  SE 29.99   34
3    57.0  67.2   4:30pm  44.9   6:21am    8    0  0.00   0  12   1:38pm WNW 29.90   32
4    62.3  73.6   4:56pm  49.2   4:04am    5    2  0.00   1  13   2:10pm ESE 29.74   28
5    65.8  76.9   3:25pm  56.1  11:58pm    2    3  0.00   2  28   7:30pm  SE 29.57   31
6    62.0  77.2   2:30pm  52.0   6:06am    5    2  0.00   1  24   5:22pm ESE 29.60   39
7    54.5  65.8   5:03pm  45.2   2:15pm   11    0  0.54   1  16   9:57pm ESE 29.68   59
8    51.8  63.3   4:44pm  45.9   6:21am   13    0  0.03   1  20   8:23pm ESE 29.79   66
9    49.3  55.7   5:12pm  44.1   5:45am   16    0  0.00   1  19  12:14am ENE 29.81   52
10   53.7  65.4   2:36pm  38.8   6:53am   11    0  0.00   0  11   3:34pm WNW 29.86   44
11   59.4  71.0   5:05pm  46.4   5:56am    7    1  0.00   0   9   1:43pm   W 29.84   41
12   66.1  77.5   4:55pm  51.8   6:47am    3    5  0.00   0  13   3:25pm WSW 29.76   31
13   71.3  83.3   3:56pm  59.5   1:51am    1    7  0.00   1  17   2:41am ESE 29.68   27
14   71.4  82.5   1:37pm  60.7   5:22am    0    7  0.00   2  24   2:15pm ESE 29.68   32
15   71.5  78.5   3:02pm  66.4   6:29am    0    7  0.00   5  25   1:34pm  SE 29.56   28
16   64.0  73.8   2:34pm  44.3  11:59pm    4    3  0.57   4  33   5:37pm  SE 29.40   44
17   45.8  58.9   4:59pm  38.0   9:50am   19    0  0.34   1  26  12:02am  SE 29.65   75
18   46.0  57.6   5:54pm  34.9   4:35am   19    0  1.49   0  12   9:34pm ESE 29.85   76
19   50.2  61.3  11:56am  42.3  11:06pm   15    0  0.04   3  33   2:37pm  SE 29.56   60
20   47.7  56.1   6:26pm  38.5   6:52am   17    0  0.00   1  12  11:26am   W 29.59   67
21   44.2  53.3  11:09am  37.9  10:19pm   21    0  1.18   0  15   1:22pm  SE 29.54   83
22   45.4  53.8   5:47pm  40.1   5:59am   20    0  0.18   2  20   5:44pm ESE 29.63   81
23   46.6  55.3   1:18pm  42.0   3:23pm   18    0  0.11   2  29   4:24am ESE 29.67   67
24   51.0  59.7   4:10pm  43.8  12:17am   14    0  0.04   0  20   7:48pm SSE 29.87   68
25   58.9  69.0   4:13pm  50.7   5:25am    7    0  0.08   2  30   5:24pm   S 29.72   50
26   60.3  74.1   2:22pm  46.9   2:13am    6    2  0.00   1  23   2:57pm ESE 29.58   45
27   51.2  59.4   3:57pm  41.3   6:48am   14    0  0.57   0   6   3:05am  SW 29.60   72
28   52.1  64.1   5:32pm  45.6   6:54am   13    0  0.32   0   9   6:08pm  SE 29.74   77
29   56.3  68.4   1:41pm  45.8   1:41am    9    0  0.00   0  11  11:32pm SSW 29.83   65
30   62.5  76.8   3:38pm  50.0   6:11am    5    3  0.27   1  33   9:35pm   W 29.82   50
31   63.1  76.4   4:16pm  51.5   2:53am    5    3  0.01   0  13   1:13am ESE 29.84   56
---------------------------------------------------------------------------------------
TOT  56.0  83.3  5/13/19  31.3   5/1/19  325   45  5.89   1  32  5/16/19 ESE 29.73   53

HEAT BASE: 65.0
COOL BASE: 65.0