NOAA-Style Climate Reports


Report for 2019 June
                  MONTHLY CLIMATOLOGICAL SUMMARY FOR 6/2019
                                        HEAT  COOL        
     MEAN                               DEG   DEG       WIND SPEED       DOM MEAN  MEAN
DAY  TEMP  HIGH   TIME     LOW   TIME   DAYS  DAYS RAIN AVG  HI  TIME    DIR BAROM HUM
---------------------------------------------------------------------------------------
1    65.1  80.2   5:20pm  55.8   3:38am    3    3  0.06   2  25   9:21pm ESE 29.76   52
2    64.9  76.6   5:04pm  56.6   6:04am    3    3  0.02   2  38   8:01pm ESE 29.70   52
3    68.1  79.8   3:50pm  55.2   5:18am    3    6  0.00   0   8   1:57pm   W 29.74   40
4    70.9  81.7   5:04pm  58.5   6:50am    1    7  0.00   0  17  10:24pm   W 29.76   41
5    73.1  83.8   2:43pm  59.7   6:53am    1    9  0.00   0  10   3:55pm ESE 29.74   38
6    71.9  82.0   4:16pm  64.8   8:11am    0    7  0.06   5  30  10:41am ESE 29.59   38
7    67.6  80.0   1:45pm  45.9  11:59pm    3    5  0.04   2  26  12:03pm  SE 29.52   50
8    51.6  62.0   4:38pm  42.8   6:24am   13    0  0.00   0  11   2:27pm   W 30.06   48
9    57.3  69.4   5:32pm  40.3   5:08am    8    1  0.00   0  12  10:20am   W 30.31   36
10   65.3  79.3   4:03pm  49.7   5:36am    4    5  0.00   0   7   1:49pm NNW 30.12   33
11   70.2  81.7   3:18pm  57.3   6:33am    2    7  0.00   0   9   2:04pm   W 30.00   30
12   74.0  85.9   2:53pm  61.0   6:33am    0    9  0.00   0   6   3:45pm WSW 29.85   36
13   75.4  88.9   3:29pm  63.8   6:40am    0   10  0.02   1  24  10:27pm ESE 29.65   37
14   70.6  83.2   4:24pm  60.2   5:51am    1    6  0.00   1  15   2:13am  SE 29.63   46
15   74.4  85.6   2:56pm  63.3   6:53am    0   10  0.00   0  10   1:46pm WNW 29.67   37
16   73.6  84.2   4:01pm  62.1   6:40am    0    9  0.00   2  13   9:43pm ESE 29.62   36
17   71.0  84.5   2:51pm  60.0  11:58pm    0    6  0.00   1  21   6:02pm ESE 29.68   45
18   71.0  82.7   3:54pm  57.1   6:04am    2    8  0.00   1  14   2:50pm ESE 29.77   45
19   74.6  86.6   5:42pm  63.1   6:41am    0   10  0.00   0  16  10:10pm   W 29.64   35
20   65.1  79.8   1:17pm  51.4  11:57pm    3    3  0.00   0  16   3:31pm  NW 29.53   36
21   55.8  66.1   3:37pm  44.9   5:28am    9    0  0.00   0  10   1:56pm   W 29.79   37
22   57.9  66.7   7:00pm  48.4   5:36am    7    0  0.00   1  16   6:20am   W 29.93   40
23   65.7  78.1   5:56pm  54.9   4:47am    3    4  0.00   2  20  11:09pm ESE 29.88   32
24   72.3  84.2   3:39pm  56.6   6:33am    1    8  0.00   1  24   1:09am  SE 29.67   31
25   76.0  88.1   3:46pm  65.6   6:05am    0   11  0.00   2  17  10:27am  SE 29.55   26
26   77.8  86.2   5:33pm  66.4   2:14am    0   13  0.00   6  26  11:28pm  SE 29.56   18
27   78.6  86.7   6:03pm  72.8   6:38am    0   14  0.00   4  27   6:59am  SE 29.62   17
28   80.9  89.8   6:44pm  73.0   7:13am    0   16  0.00   1  19   4:10pm   S 29.64   14
29   78.7  92.2   6:09pm  59.5   6:26am    1   14  0.00   0  11  12:05am  NW 29.72   26
30   75.5  79.3   4:36pm  69.8   9:23pm    0   11  0.00   0  13   4:29pm  SE 29.69   37
---------------------------------------------------------------------------------------
TOT  69.8  92.2  6/29/19  40.3   6/9/19   69  214  0.20   1  35   6/2/19 ESE 29.75   36

HEAT BASE: 65.0
COOL BASE: 65.0