NOAA-Style Climate Reports


Report for 2019 July
                  MONTHLY CLIMATOLOGICAL SUMMARY FOR 7/2019
                                        HEAT  COOL        
     MEAN                               DEG   DEG       WIND SPEED       DOM MEAN  MEAN
DAY  TEMP  HIGH   TIME     LOW   TIME   DAYS  DAYS RAIN AVG  HI  TIME    DIR BAROM HUM
---------------------------------------------------------------------------------------
1    79.6  92.9   6:23pm  62.0   6:04am    0   15  0.00   0  12   2:46pm  SW 29.69   33
2    82.8  94.3   5:30pm  73.0   1:26am    0   18  0.00   1  16   1:12pm  SE 29.48   21
3    77.0  88.7   4:34pm  64.8   6:41am    0   12  0.00   0   9  11:50am SSW 29.46   37
4    66.6  81.6   1:23pm  56.3   7:15pm    2    4  0.11   0  15   6:04pm ESE 29.68   55
5    71.0  86.5   6:16pm  54.6   6:37am    2    8  0.00   0   7  12:28pm   W 29.90   43
6    78.8  91.6   4:39pm  65.1   6:13am    0   14  0.00   0  27   2:17pm WSW 29.75   29
7    81.3  87.7   4:02pm  75.7   6:56am    0   16  0.00   1  23   4:10pm   S 29.56   16
8    74.1  85.9   4:23pm  62.1   4:23am    0    9  0.00   1  15   9:52am  SE 29.58   34
9    75.0  88.2   4:34pm  61.5   3:29am    0   10  0.00   0   6  12:58pm SSW 29.77   34
10   82.1  94.9   7:07pm  68.1   7:10am    0   17  0.00   1  17  12:34pm SSW 29.79   24
11   87.0  98.2   5:54pm  77.8  11:50pm    0   22  0.00   1  18   6:49pm SSE 29.69   19
12   85.6  98.0   4:54pm  71.3   6:48am    0   21  0.00   1  13  12:27pm   S 29.63   23
13   80.2  91.9   5:13pm  70.7   9:58am    0   15  0.03   0  15   1:09pm  SE 29.64   33
14   82.0  96.7   2:36pm  67.1   5:33am    0   17  0.00   0  15  11:23am ESE 29.70   33
15   85.5  95.9   4:38pm  73.7   4:33am    0   21  0.00   0  11   3:15am WSW 29.58   26
16   82.6  97.1   3:00pm  67.8   5:22am    0   18  0.00   0  12   1:53pm WSW 29.50   27
17   79.9  92.4   4:04pm  66.8   6:25am    0   15  0.00   0  11   1:02pm WSW 29.56   33
18   85.5  97.0   6:15pm  77.5   7:15am    0   21  0.00   1  16   8:48am   S 29.53   17
19   85.6  97.4   3:08pm  74.2   7:13am    0   21  0.00   0  23  12:49am WSW 29.47   18
20   80.2  95.5   5:48pm  65.7   3:35am    0   36  0.00   0  10   1:03pm   W 29.57   35
21   84.3  98.7   3:46pm  68.8   6:15am    0   19  0.00   0   9   2:34pm WNW 29.64   31
22   87.9 101.6   4:20pm  72.9   6:18am    0   23  0.00   0   7   1:04pm   S 29.65   25
23   86.6  98.8   3:26pm  76.4   6:15am    0   22  0.00   0  13  11:55am  SE 29.67   27
24   82.4  92.7   4:29pm  72.4   5:11am    0   17  0.00   0   9   5:14am NNW 29.74   40
25   82.4  94.3   3:12pm  69.7   7:12am    0   17  0.00   0  13  10:42pm SSW 29.73   40
26   75.7  89.7   5:51pm  68.8  11:03pm    0   11  0.01   0  15   7:02pm ESE 29.77   51
27   75.4  87.0   5:15pm  66.6   3:07am    0   10  0.00   0   7   4:47am   W 29.86   55
28   81.5  93.8   5:24pm  68.3   4:34am    0   16  0.00   0  10   9:00pm ESE 29.81   35
29   85.1 100.4   3:49pm  71.4   7:53am    0   20  0.00   0  19  11:46pm   W 29.60   27
30   88.3  99.5   4:44pm  73.4   6:01am    0   23  0.00   2  19   1:37am  SE 29.54   22
31   78.1  86.0  12:00am  65.4  10:58pm    0   13  0.06   3  29   6:37pm  SE 29.64   39
---------------------------------------------------------------------------------------
TOT  81.0 101.6  7/22/19  54.6   7/5/19    5  520  0.21   0  27   7/6/19  SE 29.65   32

HEAT BASE: 65.0
COOL BASE: 65.0