NOAA-Style Climate Reports


Report for 2019 August
                  MONTHLY CLIMATOLOGICAL SUMMARY FOR 8/2019
                                        HEAT  COOL        
     MEAN                               DEG   DEG       WIND SPEED       DOM MEAN  MEAN
DAY  TEMP  HIGH   TIME     LOW   TIME   DAYS  DAYS RAIN AVG  HI  TIME    DIR BAROM HUM
---------------------------------------------------------------------------------------
1    76.3  90.1   5:46pm  62.3   4:12am    0   12  0.00   0   8   2:11pm WSW 29.81   50
2    83.1  95.3   4:22pm  67.9   7:19am    0   18  0.00   0  10   2:09pm   W 29.74   36
3    82.2  93.8  12:50pm  74.2   7:46am    0   17  0.00   1  15   1:20am ESE 29.68   32
4    82.8  96.4   5:20pm  69.7   6:03am    0   18  0.01   0  12   1:14pm ESE 29.69   34
5    85.2  99.7   3:52pm  70.5   7:15am    0   20  0.00   0  16   1:51am ESE 29.68   31
6    89.0 101.7   4:08pm  77.8   5:40am    0   24  0.00   1  21   3:37am  SE 29.57   24
7    79.7  86.6  12:00am  70.6  11:58pm    0   15  0.00   1  15   2:24am  SE 29.60   36
8    69.1  79.3   5:45pm  60.0  11:55pm    0    5  0.43   0  20   7:56pm ESE 29.74   64
9    73.2  90.2   5:46pm  57.5   6:43am    2   10  0.01   0   9   8:58pm  SE 29.76   53
10   81.8  90.1   4:31pm  75.2   8:28am    0   17  0.00   3  23  11:16am  SE 29.58   24
11   78.9  86.0   3:46pm  69.9  11:59pm    0   14  0.00   0  15  10:21am  SE 29.63   28
12   71.9  84.4   3:34pm  58.3   6:13am    1    8  0.00   0   9   1:45pm   W 29.82   36
13   77.5  92.2   4:45pm  63.5   5:36am    0   13  0.00   0   8  10:20pm ESE 29.83   29
14   80.5  94.7   4:18pm  66.7   6:49am    0   16  0.00   0  12  12:38pm  SW 29.78   25
15   81.9  96.1   4:27pm  67.4   7:13am    0   17  0.00   0  10   9:50pm  SW 29.70   24
16   78.6  89.9   3:09pm  65.8   7:31am    0   13  0.00   0   7   1:04pm   S 29.61   28
17   77.9  90.0   4:30pm  64.6   6:19am    0   13  0.00   0   7   9:19pm   S 29.56   29
18   80.3  94.8   4:51pm  65.2   5:41am    0   15  0.00   1  15  11:04pm ESE 29.60   27
19   84.0  91.0   3:36pm  78.3   7:29am    0   19  0.00   3  26   1:41am  SE 29.61   14
20   84.3  94.0   7:02pm  72.6   1:54am    0   19  0.00   1  18   1:04pm   S 29.65   14
21   83.3  97.6   4:27pm  69.7   7:20am    0   18  0.00   1  17  11:28pm  SE 29.59   20
22   82.2  91.9   3:31pm  70.0  11:59pm    0   17  0.00   2  23   4:49am  SE 29.43   20
23   73.6  86.3   3:43pm  61.1   5:32am    0    9  0.00   0   8   1:29am   W 29.63   35
24   78.5  93.3   4:12pm  64.4   5:44am    0   13  0.00   1  12   1:05pm  SE 29.68   28
25   83.2  93.1   4:38pm  73.2  11:59pm    0   18  0.00   1  16   3:17am SSE 29.61   24
26   72.1  81.9   3:43pm  62.2   7:33am    0    7  0.00   0   8   4:03am   W 29.78   27
27   72.8  88.3   4:47pm  58.8   7:21am    1    8  0.00   0   7   4:55pm   W 29.85   27
28   78.0  96.7   4:14pm  61.5   7:20am    0   13  0.00   0  10   2:39pm   W 29.77   23
29   81.1  94.1   5:07pm  68.5   6:42am    0   16  0.00   1  24  10:00pm ESE 29.70   30
30   82.5  95.9   5:17pm  70.2   6:50am    0   18  0.00   1  29   1:06am ESE 29.66   31
31   80.6  94.6   5:27pm  67.5   7:56am    0   16  0.00   0   9   1:17pm WSW 29.68   34
---------------------------------------------------------------------------------------
TOT  79.6 101.7   8/6/19  57.5   8/9/19    6  456  0.45   1  29  8/30/19  SE 29.68   30

HEAT BASE: 65.0
COOL BASE: 65.0